This is the mail archive of the gcc-testresults@gcc.gnu.org mailing list for the GCC project.


Index Nav: [Date Index] [Subject Index] [Author Index] [Thread Index]
Message Nav: [Date Prev] [Date Next] [Thread Prev] [Thread Next]
Other format: [Raw text]

Results for 4.1.0-dfp-branch 20050902 (merged 20050818) testsuite on powerpc64-unknown-linux-gnu


Linux 2.4.21-17.EL ppc64
GNU C Library stable release version 2.3.2
GNU ld version 2.16
GNU assembler 2.16
GNU Make version 3.79.1

DejaGnu:
	Expect version is	5.40.0
	Tcl version is		8.4
	Framework version is	1.4.4

32-bit biarch default32

LAST_UPDATED: Fri Sep  2 09:39:59 UTC 2005

Native configuration is powerpc64-unknown-linux-gnu

		=== g++ tests ===


Running target unix/-m32

		=== g++ Summary for unix/-m32 ===

# of expected passes		11343
# of expected failures		67
# of unsupported tests		84

Running target unix/-m64

		=== g++ Summary for unix/-m64 ===

# of expected passes		11305
# of expected failures		67
# of unsupported tests		87

		=== g++ Summary ===

# of expected passes		22648
# of expected failures		134
# of unsupported tests		171
/home/gccbuild/build/nightly/build-gcc-dfp/gcc/testsuite/../g++  version 4.1.0-dfp-branch 20050902 (merged 20050818)

		=== gcc tests ===


Running target unix/-m32
FAIL: gcc.c-torture/execute/va-arg-22.c execution,  -O0 
FAIL: gcc.c-torture/execute/va-arg-22.c execution,  -O1 
FAIL: gcc.c-torture/execute/va-arg-22.c execution,  -O2 
FAIL: gcc.c-torture/execute/va-arg-22.c execution,  -O3 -fomit-frame-pointer 
FAIL: gcc.c-torture/execute/va-arg-22.c execution,  -O3 -fomit-frame-pointer -funroll-loops 
FAIL: gcc.c-torture/execute/va-arg-22.c execution,  -O3 -fomit-frame-pointer -funroll-all-loops -finline-functions 
FAIL: gcc.c-torture/execute/va-arg-22.c execution,  -O3 -g 
FAIL: gcc.c-torture/execute/va-arg-22.c execution,  -Os 
FAIL: gcc.dg/compat/scalar-by-value-dfp c_compat_x_tst.o-c_compat_y_tst.o execute 
FAIL: gcc.dg/compat/scalar-return-dfp c_compat_x_tst.o-c_compat_y_tst.o execute 
FAIL: gcc.dg/dfp/varargs-1.c execution test

		=== gcc Summary for unix/-m32 ===

# of expected passes		38788
# of unexpected failures	11
# of expected failures		100
# of untested testcases		28
# of unsupported tests		462

Running target unix/-m64
FAIL: gcc.dg/ppc-and-1.c scan-assembler rlwinm [0-9]+,[0-9]+,0,0,30
FAIL: gcc.dg/rs6000-fpint.c scan-assembler-not stfiwx
XPASS: gcc.dg/tree-ssa/sra-2.c scan-tree-dump-times link_error 0

		=== gcc Summary for unix/-m64 ===

# of expected passes		38806
# of unexpected failures	2
# of unexpected successes	1
# of expected failures		101
# of untested testcases		28
# of unsupported tests		459

		=== gcc Summary ===

# of expected passes		77594
# of unexpected failures	13
# of unexpected successes	1
# of expected failures		201
# of untested testcases		56
# of unsupported tests		921
/home/gccbuild/build/nightly/build-gcc-dfp/gcc/xgcc  version 4.1.0-dfp-branch 20050902 (merged 20050818)

		=== gfortran tests ===


Running target unix/-m32

		=== gfortran Summary for unix/-m32 ===

# of expected passes		8367
# of expected failures		2
# of unsupported tests		34

Running target unix/-m64
FAIL: gfortran.dg/f2c_2.f90  -O0  execution test
FAIL: gfortran.dg/f2c_2.f90  -O1  execution test
FAIL: gfortran.dg/f2c_2.f90  -O2  execution test
FAIL: gfortran.dg/f2c_2.f90  -O3 -fomit-frame-pointer  execution test
FAIL: gfortran.dg/f2c_2.f90  -O3 -fomit-frame-pointer -funroll-loops  execution test
FAIL: gfortran.dg/f2c_2.f90  -O3 -fomit-frame-pointer -funroll-all-loops -finline-functions  execution test
FAIL: gfortran.dg/f2c_2.f90  -O3 -g  execution test
FAIL: gfortran.dg/f2c_2.f90  -Os  execution test
FAIL: gfortran.dg/namelist_14.f90  -O0  (test for excess errors)
WARNING: gfortran.dg/namelist_14.f90  -O0  compilation failed to produce executable
FAIL: gfortran.dg/g77/cabs.f  -O0  execution test
FAIL: gfortran.dg/g77/cabs.f  -O1  execution test
FAIL: gfortran.dg/g77/cabs.f  -O2  execution test
FAIL: gfortran.dg/g77/cabs.f  -O3 -fomit-frame-pointer  execution test
FAIL: gfortran.dg/g77/cabs.f  -O3 -fomit-frame-pointer -funroll-loops  execution test
FAIL: gfortran.dg/g77/cabs.f  -O3 -fomit-frame-pointer -funroll-all-loops -finline-functions  execution test
FAIL: gfortran.dg/g77/cabs.f  -O3 -g  execution test
FAIL: gfortran.dg/g77/cabs.f  -Os  execution test
FAIL: gfortran.fortran-torture/execute/intrinsic_abs.f90 execution,  -O0 
FAIL: gfortran.fortran-torture/execute/intrinsic_abs.f90 execution,  -O1 
FAIL: gfortran.fortran-torture/execute/intrinsic_abs.f90 execution,  -O2 
FAIL: gfortran.fortran-torture/execute/intrinsic_abs.f90 execution,  -O3 -fomit-frame-pointer 
FAIL: gfortran.fortran-torture/execute/intrinsic_abs.f90 execution,  -O3 -fomit-frame-pointer -funroll-loops 
FAIL: gfortran.fortran-torture/execute/intrinsic_abs.f90 execution,  -O3 -fomit-frame-pointer -funroll-all-loops -finline-functions 
FAIL: gfortran.fortran-torture/execute/intrinsic_abs.f90 execution,  -O3 -g 
FAIL: gfortran.fortran-torture/execute/intrinsic_abs.f90 execution,  -Os 
FAIL: gfortran.fortran-torture/execute/power.f90 execution,  -O0 
FAIL: gfortran.fortran-torture/execute/power.f90 execution,  -O1 
FAIL: gfortran.fortran-torture/execute/power.f90 execution,  -O2 
FAIL: gfortran.fortran-torture/execute/power.f90 execution,  -O3 -fomit-frame-pointer 
FAIL: gfortran.fortran-torture/execute/power.f90 execution,  -O3 -fomit-frame-pointer -funroll-loops 
FAIL: gfortran.fortran-torture/execute/power.f90 execution,  -O3 -fomit-frame-pointer -funroll-all-loops -finline-functions 
FAIL: gfortran.fortran-torture/execute/power.f90 execution,  -O3 -g 
FAIL: gfortran.fortran-torture/execute/power.f90 execution,  -Os 

		=== gfortran Summary for unix/-m64 ===

# of expected passes		8333
# of unexpected failures	33
# of expected failures		2
# of unsupported tests		34

		=== gfortran Summary ===

# of expected passes		16700
# of unexpected failures	33
# of expected failures		4
# of unsupported tests		68
/home/gccbuild/build/nightly/build-gcc-dfp/gcc/testsuite/../gfortran  version 4.1.0-dfp-branch 20050902 (merged 20050818)

		=== objc tests ===


Running target unix/-m32
FAIL: objc/execute/exceptions/local-variables-1.m compilation,  -O1  -fgnu-runtime
UNRESOLVED: objc/execute/exceptions/local-variables-1.m execution,  -O1  -fgnu-runtime
FAIL: objc/execute/exceptions/local-variables-1.m compilation,  -O2  -fgnu-runtime
UNRESOLVED: objc/execute/exceptions/local-variables-1.m execution,  -O2  -fgnu-runtime
FAIL: objc/execute/exceptions/local-variables-1.m compilation,  -O3 -fomit-frame-pointer  -fgnu-runtime
UNRESOLVED: objc/execute/exceptions/local-variables-1.m execution,  -O3 -fomit-frame-pointer  -fgnu-runtime
FAIL: objc/execute/exceptions/local-variables-1.m compilation,  -O3 -g  -fgnu-runtime
UNRESOLVED: objc/execute/exceptions/local-variables-1.m execution,  -O3 -g  -fgnu-runtime
FAIL: objc/execute/exceptions/local-variables-1.m compilation,  -Os  -fgnu-runtime
UNRESOLVED: objc/execute/exceptions/local-variables-1.m execution,  -Os  -fgnu-runtime

		=== objc Summary for unix/-m32 ===

# of expected passes		1658
# of unexpected failures	5
# of unresolved testcases	5
# of unsupported tests		22

Running target unix/-m64
FAIL: objc/execute/exceptions/foward-1.m execution,  -O3 -fomit-frame-pointer -funroll-loops 
FAIL: objc/execute/exceptions/foward-1.m execution,  -O3 -fomit-frame-pointer -funroll-all-loops -finline-functions 
FAIL: objc/execute/exceptions/local-variables-1.m compilation,  -O1 
UNRESOLVED: objc/execute/exceptions/local-variables-1.m execution,  -O1 
FAIL: objc/execute/exceptions/local-variables-1.m compilation,  -O2 
UNRESOLVED: objc/execute/exceptions/local-variables-1.m execution,  -O2 
FAIL: objc/execute/exceptions/local-variables-1.m compilation,  -O3 -fomit-frame-pointer 
UNRESOLVED: objc/execute/exceptions/local-variables-1.m execution,  -O3 -fomit-frame-pointer 
FAIL: objc/execute/exceptions/local-variables-1.m compilation,  -O3 -g 
UNRESOLVED: objc/execute/exceptions/local-variables-1.m execution,  -O3 -g 
FAIL: objc/execute/exceptions/local-variables-1.m compilation,  -Os 
UNRESOLVED: objc/execute/exceptions/local-variables-1.m execution,  -Os 

		=== objc Summary for unix/-m64 ===

# of expected passes		1656
# of unexpected failures	7
# of unresolved testcases	5
# of unsupported tests		22

		=== objc Summary ===

# of expected passes		3314
# of unexpected failures	12
# of unresolved testcases	10
# of unsupported tests		44
/home/gccbuild/build/nightly/build-gcc-dfp/gcc/xgcc  version 4.1.0-dfp-branch 20050902 (merged 20050818)

		=== libffi tests ===


Running target unix/-m32

		=== libffi Summary for unix/-m32 ===

# of expected passes		228
# of unsupported tests		2

Running target unix/-m64
FAIL: libffi.call/float3.c execution test

		=== libffi Summary for unix/-m64 ===

# of expected passes		227
# of unexpected failures	1
# of unsupported tests		2

		=== libffi Summary ===

# of expected passes		455
# of unexpected failures	1
# of unsupported tests		4
		=== libjava tests ===


Running target unix/-m32

		=== libjava Summary for unix/-m32 ===

# of expected passes		3953
# of expected failures		10
# of untested testcases		8

Running target unix/-m64
FAIL: PR16923.c compilation
FAIL: Array_3 -O3 execution - bytecode->native test

		=== libjava Summary for unix/-m64 ===

# of expected passes		3949
# of unexpected failures	2
# of expected failures		10
# of untested testcases		9

		=== libjava Summary ===

# of expected passes		7902
# of unexpected failures	2
# of expected failures		20
# of untested testcases		17
		=== libmudflap tests ===


Running target unix/-m32

		=== libmudflap Summary for unix/-m32 ===

# of expected passes		1771

Running target unix/-m64
FAIL: libmudflap.c/fail27-frag.c output pattern test
FAIL: libmudflap.c/fail27-frag.c (-O2) output pattern test
FAIL: libmudflap.c/fail27-frag.c (-O3) output pattern test

		=== libmudflap Summary for unix/-m64 ===

# of expected passes		1768
# of unexpected failures	3

		=== libmudflap Summary ===

# of expected passes		3539
# of unexpected failures	3
		=== libstdc++ tests ===


Running target unix/-m32
FAIL: abi_check
FAIL: 23_containers/set/explicit_instantiation/2.cc (test for excess errors)
FAIL: 23_containers/set/explicit_instantiation/3.cc (test for excess errors)
XPASS: 26_numerics/cmath/c99_classification_macros_c.cc (test for excess errors)
FAIL: 27_io/basic_filebuf/sgetn/char/1-in.cc execution test
FAIL: 27_io/basic_filebuf/sgetn/char/1-io.cc execution test
FAIL: 27_io/basic_filebuf/sgetn/char/2-in.cc execution test
FAIL: 27_io/basic_filebuf/sgetn/char/2-io.cc execution test
XPASS: ext/array_allocator/2.cc execution test

		=== libstdc++ Summary for unix/-m32 ===

# of expected passes		3860
# of unexpected failures	7
# of unexpected successes	2
# of expected failures		13

Running target unix/-m64
FAIL: abi_check
FAIL: 22_locale/messages/members/char/1.cc execution test
FAIL: 22_locale/messages/members/char/2.cc execution test
FAIL: 22_locale/messages/members/char/wrapped_env.cc execution test
FAIL: 22_locale/messages/members/char/wrapped_locale.cc execution test
FAIL: 22_locale/messages_byname/named_equivalence.cc execution test
FAIL: 23_containers/set/explicit_instantiation/1.cc (test for excess errors)
XPASS: 26_numerics/cmath/c99_classification_macros_c.cc (test for excess errors)
FAIL: 27_io/basic_filebuf/sgetn/char/1-in.cc execution test
FAIL: 27_io/basic_filebuf/sgetn/char/1-io.cc execution test
FAIL: 27_io/basic_filebuf/sgetn/char/2-in.cc execution test
FAIL: 27_io/basic_filebuf/sgetn/char/2-io.cc execution test
XPASS: 27_io/fpos/14320-1.cc execution test
XPASS: ext/array_allocator/2.cc execution test

		=== libstdc++ Summary for unix/-m64 ===

# of expected passes		3853
# of unexpected failures	11
# of unexpected successes	3
# of expected failures		15

		=== libstdc++ Summary ===

# of expected passes		7713
# of unexpected failures	18
# of unexpected successes	5
# of expected failures		28

Compiler version: 4.1.0-dfp-branch 20050902 (merged 20050818) 
Platform: powerpc64-unknown-linux-gnu
configure flags: --prefix=/opt/gcc-nightly/dfp-20050902 --build=powerpc64-linux --host=powerpc64-linux --target=powerpc64-linux --with-cpu=default32 --with-as=/opt/gcc-nightly/dfp-20050902/bin/as --with-ld=/opt/gcc-nightly/dfp-20050902/bin/ld --enable-threads=posix --enable-shared --enable-__cxa_atexit --enable-checking --with-mpfr=/opt/gcc-nightly/dfp-20050902 --enable-languages=c,c++,f95,java,objc


Index Nav: [Date Index] [Subject Index] [Author Index] [Thread Index]
Message Nav: [Date Prev] [Date Next] [Thread Prev] [Thread Next]