This is the mail archive of the gcc-testresults@gcc.gnu.org mailing list for the GCC project.


Index Nav: [Date Index] [Subject Index] [Author Index] [Thread Index]
Message Nav: [Date Prev] [Date Next] [Thread Prev] [Thread Next]
Other format: [Raw text]

Results for 3.4.5 20050902 (prerelease) testsuite on i686-pc-linux-gnu


LAST_UPDATED: 
Native configuration is i686-pc-linux-gnu

		=== g++ tests ===


Running target unix/-fPIC
XPASS: g++.dg/rtti/tinfo1.C scan-assembler _ZTIP9CTemplateIhE:
XPASS: g++.dg/rtti/tinfo1.C scan-assembler-not .globl[ \\t]+_ZTIP9CTemplateIhE
WARNING: g++.old-deja/g++.mike/p10769a.C compilation failed to produce executable
WARNING: g++.old-deja/g++.other/enum5.C compilation failed to produce executable
FAIL: g++.old-deja/g++.pt/asm1.C (test for excess errors)
FAIL: g++.old-deja/g++.pt/asm2.C (test for excess errors)
WARNING: g++.old-deja/g++.pt/friend44.C compilation failed to produce executable

		=== g++ Summary for unix/-fPIC ===

# of expected passes		9911
# of unexpected failures	2
# of unexpected successes	2
# of expected failures		72
# of unsupported tests		43

Running target unix/-fpic
XPASS: g++.dg/rtti/tinfo1.C scan-assembler _ZTIP9CTemplateIhE:
XPASS: g++.dg/rtti/tinfo1.C scan-assembler-not .globl[ \\t]+_ZTIP9CTemplateIhE
WARNING: g++.old-deja/g++.mike/p10769a.C compilation failed to produce executable
WARNING: g++.old-deja/g++.other/enum5.C compilation failed to produce executable
FAIL: g++.old-deja/g++.pt/asm1.C (test for excess errors)
FAIL: g++.old-deja/g++.pt/asm2.C (test for excess errors)
WARNING: g++.old-deja/g++.pt/friend44.C compilation failed to produce executable

		=== g++ Summary for unix/-fpic ===

# of expected passes		9911
# of unexpected failures	2
# of unexpected successes	2
# of expected failures		72
# of unsupported tests		43

Running target unix
XPASS: g++.dg/rtti/tinfo1.C scan-assembler _ZTIP9CTemplateIhE:
XPASS: g++.dg/rtti/tinfo1.C scan-assembler-not .globl[ \\t]+_ZTIP9CTemplateIhE
WARNING: g++.old-deja/g++.mike/p10769a.C compilation failed to produce executable
WARNING: g++.old-deja/g++.other/enum5.C compilation failed to produce executable
WARNING: g++.old-deja/g++.pt/friend44.C compilation failed to produce executable

		=== g++ Summary for unix ===

# of expected passes		9913
# of unexpected successes	2
# of expected failures		72
# of unsupported tests		43

		=== g++ Summary ===

# of expected passes		29735
# of unexpected failures	4
# of unexpected successes	6
# of expected failures		216
# of unsupported tests		129
/share/home/ghazi/gcc-testing/gcc-testing/34/build/gcc/testsuite/../g++  version 3.4.5 20050902 (prerelease)

		=== g77 tests ===


Running target unix/-fPIC

		=== g77 Summary for unix/-fPIC ===

# of expected passes		1824

Running target unix/-fpic

		=== g77 Summary for unix/-fpic ===

# of expected passes		1824

Running target unix

		=== g77 Summary for unix ===

# of expected passes		1824

		=== g77 Summary ===

# of expected passes		5472
/share/home/ghazi/gcc-testing/gcc-testing/34/build/gcc/testsuite/../g77  version 3.4.5 20050902 (prerelease)

		=== gcc tests ===


Running target unix/-fPIC
FAIL: gcc.c-torture/compile/20000804-1.c  -O0  (test for excess errors)
FAIL: gcc.c-torture/compile/20000804-1.c  -O1  (test for excess errors)
FAIL: gcc.c-torture/execute/va-arg-25.c execution,  -Os 
FAIL: gcc.dg/20011119-1.c (test for excess errors)
WARNING: gcc.dg/20011119-1.c compilation failed to produce executable
FAIL: gcc.dg/20020919-1.c  (test for errors, line 132)
FAIL: gcc.dg/20020919-1.c  (test for errors, line 177)
FAIL: gcc.dg/20020919-1.c  (test for errors, line 231)
FAIL: gcc.dg/20020919-1.c  (test for errors, line 244)
FAIL: gcc.dg/20020919-1.c (test for excess errors)
FAIL: gcc.dg/clobbers.c (test for excess errors)
WARNING: gcc.dg/clobbers.c compilation failed to produce executable
FAIL: gcc.dg/i386-387-3.c scan-assembler fldpi
FAIL: gcc.dg/i386-387-4.c scan-assembler fldpi
FAIL: gcc.dg/i386-cmov1.c scan-assembler sar[^\\\\n]*magic_namea
FAIL: gcc.dg/i386-cmov1.c scan-assembler sar[^\\\\n]*magic_nameb
FAIL: gcc.dg/i386-cmov1.c scan-assembler sar[^\\\\n]*magic_namec
FAIL: gcc.dg/i386-cmov1.c scan-assembler shr[^\\\\n]*magic_named
FAIL: gcc.dg/i386-cmov1.c scan-assembler shr[^\\\\n]*magic_namee
FAIL: gcc.dg/i386-cmov1.c scan-assembler shr[^\\\\n]*magic_namef
FAIL: gcc.dg/i386-local2.c scan-assembler-not sub[^\\\\n]*sp
FAIL: gcc.dg/i386-mul.c scan-assembler and[^\\\\n]*magic
FAIL: gcc.dg/i386-ssetype-1.c scan-assembler andpd[^\\\\n]*magic
FAIL: gcc.dg/i386-ssetype-1.c scan-assembler andnpd[^\\\\n]*magic
FAIL: gcc.dg/i386-ssetype-1.c scan-assembler xorpd[^\\\\n]*magic
FAIL: gcc.dg/i386-ssetype-1.c scan-assembler orpd[^\\\\n]*magic
FAIL: gcc.dg/i386-ssetype-1.c scan-assembler movapd[^\\\\n]*magic
FAIL: gcc.dg/i386-ssetype-3.c scan-assembler andps[^\\\\n]*magic
FAIL: gcc.dg/i386-ssetype-3.c scan-assembler andnps[^\\\\n]*magic
FAIL: gcc.dg/i386-ssetype-3.c scan-assembler xorps[^\\\\n]*magic
FAIL: gcc.dg/i386-ssetype-3.c scan-assembler orps[^\\\\n]*magic
FAIL: gcc.dg/i386-ssetype-3.c scan-assembler movaps[^\\\\n]*magic
FAIL: gcc.dg/i386-ssetype-5.c scan-assembler pand[^\\\\n]*magic
FAIL: gcc.dg/i386-ssetype-5.c scan-assembler pandn[^\\\\n]*magic
FAIL: gcc.dg/i386-ssetype-5.c scan-assembler pxor[^\\\\n]*magic
FAIL: gcc.dg/i386-ssetype-5.c scan-assembler por[^\\\\n]*magic
FAIL: gcc.dg/sibcall-6.c execution test

		=== gcc Summary for unix/-fPIC ===

# of expected passes		25245
# of unexpected failures	35
# of expected failures		70
# of untested testcases		7
# of unsupported tests		211

Running target unix/-fpic
FAIL: gcc.c-torture/compile/20000804-1.c  -O0  (test for excess errors)
FAIL: gcc.c-torture/compile/20000804-1.c  -O1  (test for excess errors)
FAIL: gcc.c-torture/execute/va-arg-25.c execution,  -Os 
FAIL: gcc.dg/20011119-1.c (test for excess errors)
WARNING: gcc.dg/20011119-1.c compilation failed to produce executable
FAIL: gcc.dg/20020919-1.c  (test for errors, line 132)
FAIL: gcc.dg/20020919-1.c  (test for errors, line 177)
FAIL: gcc.dg/20020919-1.c  (test for errors, line 231)
FAIL: gcc.dg/20020919-1.c  (test for errors, line 244)
FAIL: gcc.dg/20020919-1.c (test for excess errors)
FAIL: gcc.dg/clobbers.c (test for excess errors)
WARNING: gcc.dg/clobbers.c compilation failed to produce executable
FAIL: gcc.dg/i386-387-3.c scan-assembler fldpi
FAIL: gcc.dg/i386-387-4.c scan-assembler fldpi
FAIL: gcc.dg/i386-cmov1.c scan-assembler sar[^\\\\n]*magic_namea
FAIL: gcc.dg/i386-cmov1.c scan-assembler sar[^\\\\n]*magic_nameb
FAIL: gcc.dg/i386-cmov1.c scan-assembler sar[^\\\\n]*magic_namec
FAIL: gcc.dg/i386-cmov1.c scan-assembler shr[^\\\\n]*magic_named
FAIL: gcc.dg/i386-cmov1.c scan-assembler shr[^\\\\n]*magic_namee
FAIL: gcc.dg/i386-cmov1.c scan-assembler shr[^\\\\n]*magic_namef
FAIL: gcc.dg/i386-local2.c scan-assembler-not sub[^\\\\n]*sp
FAIL: gcc.dg/i386-mul.c scan-assembler and[^\\\\n]*magic
FAIL: gcc.dg/i386-ssetype-1.c scan-assembler andpd[^\\\\n]*magic
FAIL: gcc.dg/i386-ssetype-1.c scan-assembler andnpd[^\\\\n]*magic
FAIL: gcc.dg/i386-ssetype-1.c scan-assembler xorpd[^\\\\n]*magic
FAIL: gcc.dg/i386-ssetype-1.c scan-assembler orpd[^\\\\n]*magic
FAIL: gcc.dg/i386-ssetype-1.c scan-assembler movapd[^\\\\n]*magic
FAIL: gcc.dg/i386-ssetype-3.c scan-assembler andps[^\\\\n]*magic
FAIL: gcc.dg/i386-ssetype-3.c scan-assembler andnps[^\\\\n]*magic
FAIL: gcc.dg/i386-ssetype-3.c scan-assembler xorps[^\\\\n]*magic
FAIL: gcc.dg/i386-ssetype-3.c scan-assembler orps[^\\\\n]*magic
FAIL: gcc.dg/i386-ssetype-3.c scan-assembler movaps[^\\\\n]*magic
FAIL: gcc.dg/i386-ssetype-5.c scan-assembler pand[^\\\\n]*magic
FAIL: gcc.dg/i386-ssetype-5.c scan-assembler pandn[^\\\\n]*magic
FAIL: gcc.dg/i386-ssetype-5.c scan-assembler pxor[^\\\\n]*magic
FAIL: gcc.dg/i386-ssetype-5.c scan-assembler por[^\\\\n]*magic
FAIL: gcc.dg/sibcall-6.c execution test

		=== gcc Summary for unix/-fpic ===

# of expected passes		25245
# of unexpected failures	35
# of expected failures		70
# of untested testcases		7
# of unsupported tests		211

Running target unix
FAIL: gcc.c-torture/execute/va-arg-25.c execution,  -Os 

		=== gcc Summary for unix ===

# of expected passes		25281
# of unexpected failures	1
# of expected failures		70
# of untested testcases		7
# of unsupported tests		211

		=== gcc Summary ===

# of expected passes		75771
# of unexpected failures	71
# of expected failures		210
# of untested testcases		21
# of unsupported tests		633
/share/home/ghazi/gcc-testing/gcc-testing/34/build/gcc/xgcc version 3.4.5 20050902 (prerelease)

		=== objc tests ===


Running target unix/-fPIC

		=== objc Summary for unix/-fPIC ===

# of expected passes		1352
# of unsupported tests		8

Running target unix/-fpic

		=== objc Summary for unix/-fpic ===

# of expected passes		1352
# of unsupported tests		8

Running target unix

		=== objc Summary for unix ===

# of expected passes		1352
# of unsupported tests		8

		=== objc Summary ===

# of expected passes		4056
# of unsupported tests		24
/share/home/ghazi/gcc-testing/gcc-testing/34/build/gcc/xgcc  version 3.4.5 20050902 (prerelease)

		=== libffi tests ===


Running target unix/-fPIC

		=== libffi Summary for unix/-fPIC ===

# of expected passes		212
# of unsupported tests		2

Running target unix/-fpic

		=== libffi Summary for unix/-fpic ===

# of expected passes		212
# of unsupported tests		2

Running target unix

		=== libffi Summary for unix ===

# of expected passes		212
# of unsupported tests		2

		=== libffi Summary ===

# of expected passes		636
# of unsupported tests		6
		=== libjava tests ===


Running target unix/-fPIC

		=== libjava Summary for unix/-fPIC ===

# of expected passes		3271
# of expected failures		10
# of untested testcases		8

Running target unix/-fpic

		=== libjava Summary for unix/-fpic ===

# of expected passes		3271
# of expected failures		10
# of untested testcases		8

Running target unix

		=== libjava Summary for unix ===

# of expected passes		3271
# of expected failures		10
# of untested testcases		8

		=== libjava Summary ===

# of expected passes		9813
# of expected failures		30
# of untested testcases		24
		=== libstdc++ tests ===


Running target unix/-fPIC
XPASS: 22_locale/locale/cons/12658_thread.cc execution test

		=== libstdc++ Summary for unix/-fPIC ===

# of expected passes		2737
# of unexpected successes	1
# of expected failures		6

Running target unix/-fpic
XPASS: 22_locale/locale/cons/12658_thread.cc execution test

		=== libstdc++ Summary for unix/-fpic ===

# of expected passes		2737
# of unexpected successes	1
# of expected failures		6

Running target unix
XPASS: 22_locale/locale/cons/12658_thread.cc execution test
XPASS: 26_numerics/c99_classification_macros_c.cc (test for excess errors)

		=== libstdc++ Summary for unix ===

# of expected passes		2737
# of unexpected successes	2
# of expected failures		5

		=== libstdc++ Summary ===

# of expected passes		8211
# of unexpected successes	4
# of expected failures		17

Compiler version: 3.4.5 20050902 (prerelease) 
Platform: i686-pc-linux-gnu
configure flags: --verbose --enable-checking=misc,tree,rtl,rtlflag,gc --enable-languages=c,c++,objc,f77,java


Index Nav: [Date Index] [Subject Index] [Author Index] [Thread Index]
Message Nav: [Date Prev] [Date Next] [Thread Prev] [Thread Next]