This is the mail archive of the gcc-testresults@gcc.gnu.org mailing list for the GCC project.


Index Nav: [Date Index] [Subject Index] [Author Index] [Thread Index]
Message Nav: [Date Prev] [Date Next] [Thread Prev] [Thread Next]
Other format: [Raw text]

Results for 4.0.2 20050901 (prerelease) testsuite on hppa64-hp-hpux11.11


LAST_UPDATED: Thu Sep  1 09:29:05 UTC 2005

Native configuration is hppa64-hp-hpux11.11

		=== g++ tests ===


Running target unix

		=== g++ Summary ===

# of expected passes		10539
# of expected failures		69
# of unsupported tests		106
/scratch/gcc/nightly-2005-09-01-4.0/hppa64-hp-hpux11.11/build_gcc/install/bin/c++  version 4.0.2 20050901 (prerelease)

		=== gcc tests ===


Running target unix
FAIL: gcc.dg/20020425-1.c (test for excess errors)
XPASS: gcc.dg/funcorder.c scan-assembler-not link_error,%r
FAIL: gcc.dg/torture/asm-subreg-1.c  -O1  (test for excess errors)
FAIL: gcc.dg/torture/asm-subreg-1.c  -O2  (test for excess errors)
FAIL: gcc.dg/torture/asm-subreg-1.c  -O3 -fomit-frame-pointer  (test for excess errors)
FAIL: gcc.dg/torture/asm-subreg-1.c  -O3 -g  (test for excess errors)
FAIL: gcc.dg/torture/asm-subreg-1.c  -Os  (test for excess errors)

		=== gcc Summary ===

# of expected passes		33623
# of unexpected failures	6
# of unexpected successes	1
# of expected failures		71
# of untested testcases		28
# of unsupported tests		528
/scratch/gcc/nightly-2005-09-01-4.0/hppa64-hp-hpux11.11/build_gcc/install/bin/gcc  version 4.0.2 20050901 (prerelease)

		=== libstdc++ tests ===


Running target unix
FAIL: ext/array_allocator/2.cc execution test
WARNING: program timed out.
FAIL: tr1/6_containers/unordered/hashtable/23465.cc execution test

		=== libstdc++ Summary ===

# of expected passes		3624
# of unexpected failures	2
# of expected failures		12
# of unsupported tests		19

Compiler version: 4.0.2 20050901 (prerelease) 
Platform: hppa64-hp-hpux11.11
configure flags: --disable-nls --build=hppa64-hp-hpux11.11 --host=hppa64-hp-hpux11.11 --target=hppa64-hp-hpux11.11 --enable-threads=posix --disable-libmudflap --disable-libssp --with-gnu-as --with-as=/scratch/gcc/nightly-2005-09-01-4.0/hppa64-hp-hpux11.11/build_gcc/install/bin/as --without-gnu-ld --with-ld=/usr/ccs/bin/ld --prefix=/scratch/gcc/nightly-2005-09-01-4.0/hppa64-hp-hpux11.11/build_gcc/install --enable-languages=c,c++


Index Nav: [Date Index] [Subject Index] [Author Index] [Thread Index]
Message Nav: [Date Prev] [Date Next] [Thread Prev] [Thread Next]