This is the mail archive of the gcc-testresults@gcc.gnu.org mailing list for the GCC project.


Index Nav: [Date Index] [Subject Index] [Author Index] [Thread Index]
Message Nav: [Date Prev] [Date Next] [Thread Prev] [Thread Next]
Other format: [Raw text]

Results for 3.4.5 20050901 (prerelease) testsuite on x86_64-unknown-linux-gnu


LAST_UPDATED: Wed Jul 27 06:49:32 UTC 2005

Native configuration is x86_64-unknown-linux-gnu

		=== g++ tests ===


Running target unix
WARNING: program timed out.
FAIL: g++.dg/debug/debug1.C -gstabs3 -O2 (test for excess errors)
XPASS: g++.dg/rtti/tinfo1.C scan-assembler _ZTIP9CTemplateIhE:
XPASS: g++.dg/rtti/tinfo1.C scan-assembler-not .globl[ \\t]+_ZTIP9CTemplateIhE
WARNING: g++.old-deja/g++.mike/p10769a.C compilation failed to produce executable
WARNING: g++.old-deja/g++.other/enum5.C compilation failed to produce executable
WARNING: g++.old-deja/g++.pt/friend44.C compilation failed to produce executable

		=== g++ Summary ===

# of expected passes		9821
# of unexpected failures	1
# of unexpected successes	2
# of expected failures		72
# of unsupported tests		80
/home/builder/nightly-build/build/amd64/obj/upstream/gcc-3.4/gcc/testsuite/../g++  version 3.4.5 20050901 (prerelease)

		=== gcc tests ===


Running target unix
WARNING: program timed out.
FAIL: gcc.c-torture/execute/920711-1.c compilation,  -O2 
UNRESOLVED: gcc.c-torture/execute/920711-1.c execution,  -O2 
WARNING: program timed out.
FAIL: gcc.c-torture/execute/990106-2.c compilation,  -Os 
UNRESOLVED: gcc.c-torture/execute/990106-2.c execution,  -Os 
FAIL: gcc.dg/compat/vector-1 c_compat_x_tst.o compile
FAIL: gcc.dg/compat/vector-1 c_compat_y_tst.o compile
UNRESOLVED: gcc.dg/compat/vector-1 c_compat_x_tst.o-c_compat_y_tst.o link 
UNRESOLVED: gcc.dg/compat/vector-1 c_compat_x_tst.o-c_compat_y_tst.o execute 
FAIL: gcc.dg/compat/vector-2 c_compat_x_tst.o compile
FAIL: gcc.dg/compat/vector-2 c_compat_y_tst.o compile
UNRESOLVED: gcc.dg/compat/vector-2 c_compat_x_tst.o-c_compat_y_tst.o link 
UNRESOLVED: gcc.dg/compat/vector-2 c_compat_x_tst.o-c_compat_y_tst.o execute 
FAIL: gcc.dg/20020103-1.c scan-assembler-not LC
FAIL: gcc.dg/i386-local.c scan-assembler magic[^\\\\n]*eax
FAIL: gcc.dg/i386-sse-2.c (test for excess errors)
FAIL: gcc.dg/i386-sse-8.c (test for excess errors)
FAIL: gcc.dg/loop-3.c (test for excess errors)
FAIL: gcc.dg/setjmp-2.c (test for excess errors)
WARNING: gcc.dg/setjmp-2.c compilation failed to produce executable
FAIL: gcc.dg/short-compare-1.c (test for excess errors)
WARNING: gcc.dg/short-compare-1.c compilation failed to produce executable
FAIL: gcc.dg/short-compare-2.c (test for excess errors)
WARNING: gcc.dg/short-compare-2.c compilation failed to produce executable
FAIL: gcc.dg/titype-1.c (test for excess errors)
WARNING: gcc.dg/titype-1.c compilation failed to produce executable

		=== gcc Summary ===

# of expected passes		24967
# of unexpected failures	15
# of expected failures		69
# of unresolved testcases	6
# of untested testcases		7
# of unsupported tests		322
/home/builder/nightly-build/build/amd64/obj/upstream/gcc-3.4/gcc/xgcc version 3.4.5 20050901 (prerelease)

		=== libstdc++ tests ===


Running target unix
FAIL: abi_check
XPASS: 22_locale/locale/cons/12658_thread.cc execution test
XPASS: 26_numerics/c99_classification_macros_c.cc (test for excess errors)
XPASS: 27_io/fpos/14320-1.cc execution test
FAIL: demangle/abi_examples/10.cc (test for excess errors)
WARNING: demangle/abi_examples/10.cc compilation failed to produce executable
FAIL: demangle/regression/7986-03.cc (test for excess errors)
WARNING: demangle/regression/7986-03.cc compilation failed to produce executable
FAIL: demangle/regression/7986-07.cc (test for excess errors)
WARNING: demangle/regression/7986-07.cc compilation failed to produce executable
FAIL: demangle/regression/7986-09.cc (test for excess errors)
WARNING: demangle/regression/7986-09.cc compilation failed to produce executable
FAIL: demangle/regression/7986-11.cc (test for excess errors)
WARNING: demangle/regression/7986-11.cc compilation failed to produce executable
FAIL: demangle/regression/7986.cc (test for excess errors)
WARNING: demangle/regression/7986.cc compilation failed to produce executable
FAIL: demangle/regression/cw-01.cc (test for excess errors)
WARNING: demangle/regression/cw-01.cc compilation failed to produce executable
FAIL: demangle/regression/cw-03.cc (test for excess errors)
WARNING: demangle/regression/cw-03.cc compilation failed to produce executable
FAIL: demangle/regression/cw-05.cc (test for excess errors)
WARNING: demangle/regression/cw-05.cc compilation failed to produce executable
FAIL: demangle/regression/cw-11.cc (test for excess errors)
WARNING: demangle/regression/cw-11.cc compilation failed to produce executable
FAIL: demangle/regression/cw-13.cc (test for excess errors)
WARNING: demangle/regression/cw-13.cc compilation failed to produce executable
FAIL: demangle/regression/cw-15.cc (test for excess errors)
WARNING: demangle/regression/cw-15.cc compilation failed to produce executable
FAIL: demangle/regression/old.cc (test for excess errors)
WARNING: demangle/regression/old.cc compilation failed to produce executable
FAIL: ext/14648.cc (test for excess errors)
WARNING: ext/14648.cc compilation failed to produce executable
FAIL: ext/allocators.cc (test for excess errors)
WARNING: ext/allocators.cc compilation failed to produce executable
FAIL: ext/concept_checks.cc (test for excess errors)
WARNING: ext/concept_checks.cc compilation failed to produce executable
FAIL: ext/enc_filebuf/char/13189.cc (test for excess errors)
WARNING: ext/enc_filebuf/char/13189.cc compilation failed to produce executable
FAIL: ext/enc_filebuf/wchar_t/13189.cc (test for excess errors)
WARNING: ext/enc_filebuf/wchar_t/13189.cc compilation failed to produce executable
FAIL: ext/hash_map.cc (test for excess errors)
WARNING: ext/hash_map.cc compilation failed to produce executable
FAIL: ext/hash_set.cc (test for excess errors)
WARNING: ext/hash_set.cc compilation failed to produce executable
FAIL: ext/headers.cc (test for excess errors)
WARNING: ext/headers.cc compilation failed to produce executable
FAIL: ext/pod_char_traits.cc (test for excess errors)
WARNING: ext/pod_char_traits.cc compilation failed to produce executable
FAIL: ext/rope/1.cc (test for excess errors)
WARNING: ext/rope/1.cc compilation failed to produce executable
FAIL: ext/rope/2.cc (test for excess errors)
WARNING: ext/rope/2.cc compilation failed to produce executable
FAIL: ext/rope/3.cc (test for excess errors)
WARNING: ext/rope/3.cc compilation failed to produce executable
FAIL: ext/rope/4.cc (test for excess errors)
WARNING: ext/rope/4.cc compilation failed to produce executable
FAIL: ext/stdio_filebuf/char/1.cc (test for excess errors)
FAIL: ext/stdio_filebuf/char/10063-1.cc (test for excess errors)
WARNING: ext/stdio_filebuf/char/10063-1.cc compilation failed to produce executable
FAIL: ext/stdio_filebuf/char/10063-2.cc (test for excess errors)
WARNING: ext/stdio_filebuf/char/10063-2.cc compilation failed to produce executable
FAIL: ext/stdio_filebuf/char/10063-3.cc (test for excess errors)
WARNING: ext/stdio_filebuf/char/10063-3.cc compilation failed to produce executable
FAIL: ext/stdio_filebuf/char/2.cc (test for excess errors)
WARNING: ext/stdio_filebuf/char/2.cc compilation failed to produce executable
FAIL: ext/stdio_sync_filebuf/char/1.cc (test for excess errors)
WARNING: ext/stdio_sync_filebuf/char/1.cc compilation failed to produce executable
FAIL: ext/stdio_sync_filebuf/char/12048-1.cc (test for excess errors)
WARNING: ext/stdio_sync_filebuf/char/12048-1.cc compilation failed to produce executable
FAIL: ext/stdio_sync_filebuf/char/12048-2.cc (test for excess errors)
WARNING: ext/stdio_sync_filebuf/char/12048-2.cc compilation failed to produce executable
FAIL: ext/stdio_sync_filebuf/char/12048-3.cc (test for excess errors)
WARNING: ext/stdio_sync_filebuf/char/12048-3.cc compilation failed to produce executable
FAIL: ext/stdio_sync_filebuf/char/12048-4.cc (test for excess errors)
WARNING: ext/stdio_sync_filebuf/char/12048-4.cc compilation failed to produce executable
FAIL: ext/stdio_sync_filebuf/wchar_t/1.cc (test for excess errors)
WARNING: ext/stdio_sync_filebuf/wchar_t/1.cc compilation failed to produce executable
FAIL: ext/stdio_sync_filebuf/wchar_t/12077.cc (test for excess errors)
WARNING: ext/stdio_sync_filebuf/wchar_t/12077.cc compilation failed to produce executable
FAIL: ext/stdio_sync_filebuf/wchar_t/12948-1.cc (test for excess errors)
WARNING: ext/stdio_sync_filebuf/wchar_t/12948-1.cc compilation failed to produce executable
FAIL: ext/stdio_sync_filebuf/wchar_t/12948-2.cc (test for excess errors)
WARNING: ext/stdio_sync_filebuf/wchar_t/12948-2.cc compilation failed to produce executable
FAIL: ext/stdio_sync_filebuf/wchar_t/12948-3.cc (test for excess errors)
WARNING: ext/stdio_sync_filebuf/wchar_t/12948-3.cc compilation failed to produce executable
FAIL: ext/stdio_sync_filebuf/wchar_t/12948-4.cc (test for excess errors)
WARNING: ext/stdio_sync_filebuf/wchar_t/12948-4.cc compilation failed to produce executable
FAIL: thread/18185.cc (test for excess errors)
WARNING: thread/18185.cc compilation failed to produce executable
FAIL: thread/pthread2.cc (test for excess errors)
WARNING: thread/pthread2.cc compilation failed to produce executable
FAIL: thread/pthread3.cc (test for excess errors)
WARNING: thread/pthread3.cc compilation failed to produce executable
FAIL: thread/pthread4.cc (test for excess errors)
WARNING: thread/pthread4.cc compilation failed to produce executable
FAIL: thread/pthread5.cc (test for excess errors)
WARNING: thread/pthread5.cc compilation failed to produce executable
FAIL: thread/pthread6.cc (test for excess errors)
WARNING: thread/pthread6.cc compilation failed to produce executable
FAIL: thread/pthread7-rope.cc (test for excess errors)
WARNING: thread/pthread7-rope.cc compilation failed to produce executable

		=== libstdc++ Summary ===

# of expected passes		2639
# of unexpected failures	50
# of unexpected successes	3
# of expected failures		4

Compiler version: 3.4.5 20050901 (prerelease) 
Platform: x86_64-unknown-linux-gnu
configure flags: --prefix=/opt/toolchain/tot-20050901 --program-suffix=-3.4 --enable-languages=c,c++ --with-system-zlib --enable-nls --without-included-gettext --disable-multilib
Counting all warnings,
there are 0 warnings in stage3 of this bootstrap.

Number of warnings per file:

Number of warning types:


Index Nav: [Date Index] [Subject Index] [Author Index] [Thread Index]
Message Nav: [Date Prev] [Date Next] [Thread Prev] [Thread Next]