This is the mail archive of the gcc-testresults@gcc.gnu.org mailing list for the GCC project.


Index Nav: [Date Index] [Subject Index] [Author Index] [Thread Index]
Message Nav: [Date Prev] [Date Next] [Thread Prev] [Thread Next]
Other format: [Raw text]

Results for 4.1.0 20050901 (experimental) testsuite on i686-pc-linux-gnu


LAST_UPDATED: 
Native configuration is i686-pc-linux-gnu

		=== g++ tests ===


Running target unix
FAIL: g++.dg/other/i386-1.C execution test

		=== g++ Summary ===

# of expected passes		11345
# of unexpected failures	1
# of expected failures		67
# of unsupported tests		62
/notnfs/dnovillo/sbox/gcc/bld.toribio/gcc/testsuite/../g++  version 4.1.0 20050901 (experimental)

		=== gcc tests ===


Running target unix
FAIL: gcc.c-torture/execute/950612-1.c execution,  -O3 -fomit-frame-pointer 
FAIL: gcc.c-torture/execute/950612-1.c execution,  -O3 -fomit-frame-pointer -funroll-loops 
FAIL: gcc.c-torture/execute/950612-1.c execution,  -O3 -fomit-frame-pointer -funroll-all-loops -finline-functions 
FAIL: gcc.c-torture/execute/950612-1.c execution,  -O3 -g 
FAIL: gcc.c-torture/execute/950612-1.c execution,  -Os 
FAIL: gcc.dg/i386-sse-11.c (test for excess errors)
WARNING: gcc.dg/i386-sse-11.c compilation failed to produce executable
FAIL: gcc.dg/tree-ssa/loop-2.c scan-tree-dump-times 1700 1
FAIL: gcc.target/i386/pr13366.c (test for excess errors)

		=== gcc Summary ===

# of expected passes		37216
# of unexpected failures	8
# of expected failures		100
# of untested testcases		28
# of unsupported tests		343
/notnfs/dnovillo/sbox/gcc/bld.toribio/gcc/xgcc  version 4.1.0 20050901 (experimental)

		=== gfortran tests ===


Running target unix
FAIL: gfortran.fortran-torture/execute/elemental.f90 execution,  -O3 -fomit-frame-pointer -funroll-loops 
FAIL: gfortran.fortran-torture/execute/elemental.f90 execution,  -O3 -fomit-frame-pointer -funroll-all-loops -finline-functions 

		=== gfortran Summary ===

# of expected passes		8464
# of unexpected failures	2
# of expected failures		5
# of unsupported tests		8
/notnfs/dnovillo/sbox/gcc/bld.toribio/gcc/testsuite/../gfortran  version 4.1.0 20050901 (experimental)

		=== objc tests ===


Running target unix

		=== objc Summary ===

# of expected passes		1668
# of unsupported tests		22
/notnfs/dnovillo/sbox/gcc/bld.toribio/gcc/xgcc  version 4.1.0 20050901 (experimental)

		=== libffi tests ===


Running target unix

		=== libffi Summary ===

# of expected passes		228
# of unsupported tests		2
		=== libjava tests ===


Running target unix
WARNING: program timed out.
FAIL: Divide_1 execution - source compiled test
WARNING: program timed out.
FAIL: Divide_1 execution - bytecode->native test
FAIL: LargeFile execution - source compiled test
FAIL: LargeFile execution - gij test
FAIL: LargeFile execution - bytecode->native test
FAIL: LargeFile -O3 execution - source compiled test
FAIL: LargeFile execution - gij test
FAIL: LargeFile -O3 execution - bytecode->native test

		=== libjava Summary ===

# of expected passes		3937
# of unexpected failures	8
# of expected failures		10
# of untested testcases		16
		=== libmudflap tests ===


Running target unix

		=== libmudflap Summary ===

# of expected passes		1779
		=== libstdc++ tests ===


Running target unix
FAIL: 23_containers/set/explicit_instantiation/2.cc (test for excess errors)
FAIL: 23_containers/set/explicit_instantiation/3.cc (test for excess errors)
XPASS: 26_numerics/cmath/c99_classification_macros_c.cc (test for excess errors)

		=== libstdc++ Summary ===

# of expected passes		1552
# of unexpected failures	2
# of unexpected successes	1
# of expected failures		6

Compiler version: 4.1.0 20050901 (experimental) 
Platform: i686-pc-linux-gnu
configure flags: --prefix=/home/cygnus/dnovillo/perf/sbox/gcc/local.i686/inst.toribio --srcdir=/home/cygnus/dnovillo/perf/sbox/gcc/local.i686/src --enable-mpfr --with-gmp=/home/cygnus/dnovillo/i686 --disable-checking --enable-languages=c,c++,f95,java,objc


Index Nav: [Date Index] [Subject Index] [Author Index] [Thread Index]
Message Nav: [Date Prev] [Date Next] [Thread Prev] [Thread Next]