This is the mail archive of the gcc-testresults@gcc.gnu.org mailing list for the GCC project.


Index Nav: [Date Index] [Subject Index] [Author Index] [Thread Index]
Message Nav: [Date Prev] [Date Next] [Thread Prev] [Thread Next]
Other format: [Raw text]

Results for 4.1.0 20050901 (experimental) testsuite on powerpc64-unknown-linux-gnu


Linux 2.4.21-17.EL ppc64
GNU C Library stable release version 2.3.2
GNU ld version 2.16
GNU assembler 2.16
GNU Make version 3.79.1

DejaGnu:
	Expect version is	5.40.0
	Tcl version is		8.4
	Framework version is	1.4.4

32-bit biarch default32

CVS branch:  mainline

This hardware does not support VMX instructions.

LAST_UPDATED: Thu Sep  1 01:43:41 UTC 2005

Native configuration is powerpc64-unknown-linux-gnu

		=== g++ tests ===


Running target unix/-m32
FAIL: g++.dg/opt/cfg3.C (test for excess errors)
FAIL: g++.dg/other/profile1.C (test for excess errors)
WARNING: g++.dg/other/profile1.C compilation failed to produce executable

		=== g++ Summary for unix/-m32 ===

# of expected passes		11366
# of unexpected failures	2
# of expected failures		66
# of unsupported tests		85

Running target unix/-m64
FAIL: g++.dg/opt/cfg3.C (test for excess errors)
FAIL: g++.dg/other/profile1.C (test for excess errors)
WARNING: g++.dg/other/profile1.C compilation failed to produce executable

		=== g++ Summary for unix/-m64 ===

# of expected passes		11328
# of unexpected failures	2
# of expected failures		66
# of unsupported tests		88

		=== g++ Summary ===

# of expected passes		22694
# of unexpected failures	4
# of expected failures		132
# of unsupported tests		173
/home/gccbuild/build/nightly/build-gcc-mline/gcc/testsuite/../g++  version 4.1.0 20050901 (experimental)

		=== gcc tests ===


Running target unix/-m32
FAIL: gcc.dg/cleanup-10.c (test for excess errors)
WARNING: gcc.dg/cleanup-10.c compilation failed to produce executable
FAIL: gcc.dg/cleanup-11.c (test for excess errors)
WARNING: gcc.dg/cleanup-11.c compilation failed to produce executable
FAIL: gcc.dg/cleanup-8.c (test for excess errors)
WARNING: gcc.dg/cleanup-8.c compilation failed to produce executable
FAIL: gcc.dg/cleanup-9.c (test for excess errors)
WARNING: gcc.dg/cleanup-9.c compilation failed to produce executable

		=== gcc Summary for unix/-m32 ===

# of expected passes		38280
# of unexpected failures	4
# of expected failures		99
# of untested testcases		28
# of unsupported tests		475

Running target unix/-m64
FAIL: gcc.c-torture/execute/frame-address.c execution,  -O2 
FAIL: gcc.c-torture/execute/frame-address.c execution,  -O3 -fomit-frame-pointer 
FAIL: gcc.c-torture/execute/frame-address.c execution,  -O3 -g 
FAIL: gcc.c-torture/execute/frame-address.c execution,  -Os 
FAIL: gcc.dg/cleanup-10.c (test for excess errors)
WARNING: gcc.dg/cleanup-10.c compilation failed to produce executable
FAIL: gcc.dg/cleanup-11.c (test for excess errors)
WARNING: gcc.dg/cleanup-11.c compilation failed to produce executable
FAIL: gcc.dg/cleanup-8.c (test for excess errors)
WARNING: gcc.dg/cleanup-8.c compilation failed to produce executable
FAIL: gcc.dg/cleanup-9.c (test for excess errors)
WARNING: gcc.dg/cleanup-9.c compilation failed to produce executable
FAIL: gcc.dg/ppc-and-1.c scan-assembler rlwinm [0-9]+,[0-9]+,0,0,30
FAIL: gcc.dg/rs6000-fpint.c scan-assembler-not stfiwx
XPASS: gcc.dg/tree-ssa/sra-2.c scan-tree-dump-times link_error 0

		=== gcc Summary for unix/-m64 ===

# of expected passes		38283
# of unexpected failures	10
# of unexpected successes	1
# of expected failures		100
# of untested testcases		28
# of unsupported tests		472

		=== gcc Summary ===

# of expected passes		76563
# of unexpected failures	14
# of unexpected successes	1
# of expected failures		199
# of untested testcases		56
# of unsupported tests		947
/home/gccbuild/build/nightly/build-gcc-mline/gcc/xgcc  version 4.1.0 20050901 (experimental)

		=== gfortran tests ===


Running target unix/-m32

		=== gfortran Summary for unix/-m32 ===

# of expected passes		8411
# of expected failures		5
# of unsupported tests		34

Running target unix/-m64
FAIL: gfortran.dg/f2c_2.f90  -O0  execution test
FAIL: gfortran.dg/f2c_2.f90  -O1  execution test
FAIL: gfortran.dg/f2c_2.f90  -O2  execution test
FAIL: gfortran.dg/f2c_2.f90  -O3 -fomit-frame-pointer  execution test
FAIL: gfortran.dg/f2c_2.f90  -O3 -fomit-frame-pointer -funroll-loops  execution test
FAIL: gfortran.dg/f2c_2.f90  -O3 -fomit-frame-pointer -funroll-all-loops -finline-functions  execution test
FAIL: gfortran.dg/f2c_2.f90  -O3 -g  execution test
FAIL: gfortran.dg/f2c_2.f90  -Os  execution test
FAIL: gfortran.dg/namelist_14.f90  -O0  (test for excess errors)
WARNING: gfortran.dg/namelist_14.f90  -O0  compilation failed to produce executable
FAIL: gfortran.dg/g77/cabs.f  -O0  execution test
FAIL: gfortran.dg/g77/cabs.f  -O1  execution test
FAIL: gfortran.dg/g77/cabs.f  -O2  execution test
FAIL: gfortran.dg/g77/cabs.f  -O3 -fomit-frame-pointer  execution test
FAIL: gfortran.dg/g77/cabs.f  -O3 -fomit-frame-pointer -funroll-loops  execution test
FAIL: gfortran.dg/g77/cabs.f  -O3 -fomit-frame-pointer -funroll-all-loops -finline-functions  execution test
FAIL: gfortran.dg/g77/cabs.f  -O3 -g  execution test
FAIL: gfortran.dg/g77/cabs.f  -Os  execution test
FAIL: gfortran.fortran-torture/execute/intrinsic_abs.f90 execution,  -O0 
FAIL: gfortran.fortran-torture/execute/intrinsic_abs.f90 execution,  -O1 
FAIL: gfortran.fortran-torture/execute/intrinsic_abs.f90 execution,  -O2 
FAIL: gfortran.fortran-torture/execute/intrinsic_abs.f90 execution,  -O3 -fomit-frame-pointer 
FAIL: gfortran.fortran-torture/execute/intrinsic_abs.f90 execution,  -O3 -fomit-frame-pointer -funroll-loops 
FAIL: gfortran.fortran-torture/execute/intrinsic_abs.f90 execution,  -O3 -fomit-frame-pointer -funroll-all-loops -finline-functions 
FAIL: gfortran.fortran-torture/execute/intrinsic_abs.f90 execution,  -O3 -g 
FAIL: gfortran.fortran-torture/execute/intrinsic_abs.f90 execution,  -Os 
FAIL: gfortran.fortran-torture/execute/power.f90 execution,  -O0 
FAIL: gfortran.fortran-torture/execute/power.f90 execution,  -O1 
FAIL: gfortran.fortran-torture/execute/power.f90 execution,  -O2 
FAIL: gfortran.fortran-torture/execute/power.f90 execution,  -O3 -fomit-frame-pointer 
FAIL: gfortran.fortran-torture/execute/power.f90 execution,  -O3 -fomit-frame-pointer -funroll-loops 
FAIL: gfortran.fortran-torture/execute/power.f90 execution,  -O3 -fomit-frame-pointer -funroll-all-loops -finline-functions 
FAIL: gfortran.fortran-torture/execute/power.f90 execution,  -O3 -g 
FAIL: gfortran.fortran-torture/execute/power.f90 execution,  -Os 

		=== gfortran Summary for unix/-m64 ===

# of expected passes		8374
# of unexpected failures	33
# of expected failures		8
# of unsupported tests		34

		=== gfortran Summary ===

# of expected passes		16785
# of unexpected failures	33
# of expected failures		13
# of unsupported tests		68
/home/gccbuild/build/nightly/build-gcc-mline/gcc/testsuite/../gfortran  version 4.1.0 20050901 (experimental)

		=== objc tests ===


Running target unix/-m32
FAIL: objc/execute/exceptions/local-variables-1.m compilation,  -O1  -fgnu-runtime
UNRESOLVED: objc/execute/exceptions/local-variables-1.m execution,  -O1  -fgnu-runtime
FAIL: objc/execute/exceptions/local-variables-1.m compilation,  -O2  -fgnu-runtime
UNRESOLVED: objc/execute/exceptions/local-variables-1.m execution,  -O2  -fgnu-runtime
FAIL: objc/execute/exceptions/local-variables-1.m compilation,  -O3 -fomit-frame-pointer  -fgnu-runtime
UNRESOLVED: objc/execute/exceptions/local-variables-1.m execution,  -O3 -fomit-frame-pointer  -fgnu-runtime
FAIL: objc/execute/exceptions/local-variables-1.m compilation,  -O3 -g  -fgnu-runtime
UNRESOLVED: objc/execute/exceptions/local-variables-1.m execution,  -O3 -g  -fgnu-runtime
FAIL: objc/execute/exceptions/local-variables-1.m compilation,  -Os  -fgnu-runtime
UNRESOLVED: objc/execute/exceptions/local-variables-1.m execution,  -Os  -fgnu-runtime

		=== objc Summary for unix/-m32 ===

# of expected passes		1658
# of unexpected failures	5
# of unresolved testcases	5
# of unsupported tests		22

Running target unix/-m64
FAIL: objc/execute/exceptions/foward-1.m execution,  -O3 -fomit-frame-pointer -funroll-loops 
FAIL: objc/execute/exceptions/foward-1.m execution,  -O3 -fomit-frame-pointer -funroll-all-loops -finline-functions 
FAIL: objc/execute/exceptions/local-variables-1.m compilation,  -O1 
UNRESOLVED: objc/execute/exceptions/local-variables-1.m execution,  -O1 
FAIL: objc/execute/exceptions/local-variables-1.m compilation,  -O2 
UNRESOLVED: objc/execute/exceptions/local-variables-1.m execution,  -O2 
FAIL: objc/execute/exceptions/local-variables-1.m compilation,  -O3 -fomit-frame-pointer 
UNRESOLVED: objc/execute/exceptions/local-variables-1.m execution,  -O3 -fomit-frame-pointer 
FAIL: objc/execute/exceptions/local-variables-1.m compilation,  -O3 -g 
UNRESOLVED: objc/execute/exceptions/local-variables-1.m execution,  -O3 -g 
FAIL: objc/execute/exceptions/local-variables-1.m compilation,  -Os 
UNRESOLVED: objc/execute/exceptions/local-variables-1.m execution,  -Os 

		=== objc Summary for unix/-m64 ===

# of expected passes		1656
# of unexpected failures	7
# of unresolved testcases	5
# of unsupported tests		22

		=== objc Summary ===

# of expected passes		3314
# of unexpected failures	12
# of unresolved testcases	10
# of unsupported tests		44
/home/gccbuild/build/nightly/build-gcc-mline/gcc/xgcc  version 4.1.0 20050901 (experimental)

		=== libmudflap tests ===


Running target unix/-m32

		=== libmudflap Summary for unix/-m32 ===

# of expected passes		1779

Running target unix/-m64
FAIL: libmudflap.c/fail27-frag.c output pattern test
FAIL: libmudflap.c/fail27-frag.c (-O2) output pattern test
FAIL: libmudflap.c/fail27-frag.c (-O3) output pattern test

		=== libmudflap Summary for unix/-m64 ===

# of expected passes		1776
# of unexpected failures	3

		=== libmudflap Summary ===

# of expected passes		3555
# of unexpected failures	3
		=== libstdc++ tests ===


Running target unix/-m32
FAIL: abi_check
FAIL: 23_containers/set/explicit_instantiation/1.cc (test for excess errors)
XPASS: 26_numerics/cmath/c99_classification_macros_c.cc (test for excess errors)
XPASS: ext/array_allocator/2.cc execution test

		=== libstdc++ Summary for unix/-m32 ===

# of expected passes		3885
# of unexpected failures	2
# of unexpected successes	2
# of expected failures		13

Running target unix/-m64
FAIL: abi_check
FAIL: 22_locale/messages/members/char/1.cc execution test
FAIL: 22_locale/messages/members/char/2.cc execution test
FAIL: 22_locale/messages/members/char/wrapped_env.cc execution test
FAIL: 22_locale/messages/members/char/wrapped_locale.cc execution test
FAIL: 22_locale/messages_byname/named_equivalence.cc execution test
FAIL: 23_containers/set/explicit_instantiation/1.cc (test for excess errors)
XPASS: 26_numerics/cmath/c99_classification_macros_c.cc (test for excess errors)
XPASS: 27_io/fpos/14320-1.cc execution test
XPASS: ext/array_allocator/2.cc execution test

		=== libstdc++ Summary for unix/-m64 ===

# of expected passes		3877
# of unexpected failures	7
# of unexpected successes	3
# of expected failures		15

		=== libstdc++ Summary ===

# of expected passes		7762
# of unexpected failures	9
# of unexpected successes	5
# of expected failures		28

Compiler version: 4.1.0 20050901 (experimental) 
Platform: powerpc64-unknown-linux-gnu
configure flags: --prefix=/opt/gcc-nightly/mline-20050901 --build=powerpc64-linux --host=powerpc64-linux --target=powerpc64-linux --with-cpu=default32 --with-as=/opt/gcc-nightly/mline-20050901/bin/as --with-ld=/opt/gcc-nightly/mline-20050901/bin/ld --enable-threads=posix --enable-shared --enable-__cxa_atexit --enable-checking --with-mpfr=/opt/gcc-nightly/mline-20050901 --enable-languages=c,c++,f95,objc

		=== Test Framework Summary ===

# of expected passes		2486


Index Nav: [Date Index] [Subject Index] [Author Index] [Thread Index]
Message Nav: [Date Prev] [Date Next] [Thread Prev] [Thread Next]