This is the mail archive of the gcc-testresults@gcc.gnu.org mailing list for the GCC project.


Index Nav: [Date Index] [Subject Index] [Author Index] [Thread Index]
Message Nav: [Date Prev] [Date Next] [Thread Prev] [Thread Next]
Other format: [Raw text]

Results for 4.0.1 testsuite on i586-pc-linux-gnu


Native configuration is i586-pc-linux-gnu

		=== gcc tests ===

Schedule of variations:
    unix

Running target unix

FAIL: gcc.c-torture/compile/20001226-1.c  -O2  (test for excess errors)
FAIL: gcc.dg/i386-sse-9.c execution test
XPASS: gcc.dg/tree-ssa/20040204-1.c scan-tree-dump-times link_error 0
XPASS: gcc.dg/vect/vect-22.c scan-tree-dump-times vectorized 3 loops 1
skipping test framework tests, CHECK_TEST_FRAMEWORK is not defined

		=== gcc Summary ===

# of expected passes		34850
# of unexpected failures	2
# of unexpected successes	2
# of expected failures		100
# of untested testcases		28
# of unsupported tests		328

		=== g++ tests ===

Schedule of variations:
    unix

		=== g++ Summary ===

# of expected passes		10991
# of expected failures		70
# of unsupported tests		56

		=== gfortran Summary ===

# of expected passes		6924
# of expected failures		10
# of unsupported tests		8

		=== objc Summary ===

# of expected passes		1534
# of unsupported tests		10

		=== libstdc++ tests ===

XPASS: 22_locale/locale/cons/12658_thread-1.cc execution test
FAIL: 22_locale/locale/cons/12658_thread-2.cc execution test
XPASS: 26_numerics/cmath/c99_classification_macros_c.cc (test for excess 
errors)

		=== libstdc++ Summary ===

# of expected passes		3642
# of unexpected failures	1
# of unexpected successes	2
# of expected failures		12

		=== libmudflap tests ===

FAIL: libmudflap.cth/pass40-frag.c execution test
FAIL: libmudflap.cth/pass40-frag.c output pattern test
FAIL: libmudflap.cth/pass40-frag.c (-O2) execution test
FAIL: libmudflap.cth/pass40-frag.c (-O2) output pattern test
FAIL: libmudflap.cth/pass40-frag.c (-O3) execution test
FAIL: libmudflap.cth/pass40-frag.c (-O3) output pattern test

		=== libmudflap Summary ===

# of expected passes		1282
# of unexpected failures	6

		=== libffi Summary ===

# of expected passes		219
# of unsupported tests		2

		=== libjava Summary ===

# of expected passes		3796
# of expected failures		14
# of untested testcases		16

creating gctest
Switched to incremental mode
Emulating dirty bits with mprotect/signals
Completed 3 tests
Allocated 5717053 collectable objects
Allocated 306 uncollectable objects
Allocated 3750000 atomic objects
Allocated 34440 stubborn objects
Finalized 6607/6607 objects - finalization is probably ok
Total number of bytes allocated is 295164400
Final heap size is 12562432 bytes
Collector appears to work
Completed 429 collections
PASS: gctest
==================
All 1 tests passed
==================

Compiler version:  4.0.1
Platform:  i586-pc-linux-gnu
Configure flags: --program-suffix=4 --with-gnu-as --with-gnu-ld 
-enable-version-specific-runtime-libs --with-cpu=k6
Distribution:  SuSE 9.3


Index Nav: [Date Index] [Subject Index] [Author Index] [Thread Index]
Message Nav: [Date Prev] [Date Next] [Thread Prev] [Thread Next]