This is the mail archive of the
gcc-testresults@gcc.gnu.org
mailing list for the GCC project.
Results for 4.1.0 20050819 (experimental) testsuite on i686-pc-cygwin
- From: Tim Prince <tprince at myrealbox dot com>
- To: gcc-testresults at gcc dot gnu dot org
- Date: Sun, 21 Aug 2005 19:28:13 -0700
- Subject: Results for 4.1.0 20050819 (experimental) testsuite on i686-pc-cygwin
- Reply-to: tprince at computer dot org
Final builds of libiberty, libstdc++ fail
LAST_UPDATED: Obtained from CVS: -D2005-08-19 10:43 UTC
Native configuration is i686-pc-cygwin
=== g++ tests ===
Running target unix
FAIL: g++.dg/abi/local1.C execution test
FAIL: g++.dg/abi/rtti1.C scan-assembler-dem-not \\ntypeinfo for A[: \\t\\n]
FAIL: g++.dg/ext/dllexport-MI1.C scan-assembler-not -export:_ZN2D1C2ERKS_
FAIL: g++.dg/ext/dllexport-MI1.C scan-assembler-not -export:_ZN2D1D2Ev
FAIL: g++.dg/ext/dllimport2.C (test for warnings, line 18)
FAIL: g++.dg/ext/dllimport2.C (test for warnings, line 22)
FAIL: g++.dg/ext/dllimport2.C (test for warnings, line 23)
FAIL: g++.dg/ext/dllimport2.C (test for warnings, line 24)
FAIL: g++.dg/ext/dllimport3.C (test for warnings, line 18)
FAIL: g++.dg/init/array15.C execution test
FAIL: g++.dg/opt/complex3.C (test for excess errors)
FAIL: g++.dg/opt/vt1.C scan-assembler-not
section[^\\n\\r]*_ZTV1S[^\\n\\r]*"[^w"\\n\\r]*"
FAIL: g++.dg/pch/externc-1.C -g assembly comparison
FAIL: g++.dg/pch/externc-1.C -O2 -g assembly comparison
FAIL: g++.dg/pch/static-1.C -g assembly comparison
FAIL: g++.dg/pch/static-1.C -O2 -g assembly comparison
FAIL: g++.dg/pch/system-1.C -g assembly comparison
FAIL: g++.dg/pch/system-1.C -O2 -g assembly comparison
FAIL: g++.dg/pch/system-2.C -g assembly comparison
FAIL: g++.dg/pch/system-2.C -O2 -g assembly comparison
FAIL: g++.dg/pch/uninst.C -g assembly comparison
FAIL: g++.dg/pch/uninst.C -O2 -g assembly comparison
FAIL: g++.dg/pch/wchar-1.C -g assembly comparison
FAIL: g++.dg/pch/wchar-1.C -O2 -g assembly comparison
FAIL: g++.old-deja/g++.eh/badalloc1.C execution test
XPASS: g++.old-deja/g++.ext/attrib5.C execution test
=== g++ Summary ===
# of expected passes 11485
# of unexpected failures 25
# of unexpected successes 1
# of expected failures 68
# of unsupported tests 114
/cygdrive/c/gnu/gcc-4.1-20050819/xp/gcc/testsuite/../g++ version 4.1.0
20050819 (experimental)
=== gcc tests ===
Running target unix
FAIL: gcc.c-torture/compile/20001226-1.c (test for excess errors)
FAIL: gcc.c-torture/compile/20020926-1.c (test for excess errors)
FAIL: gcc.c-torture/compile/20020926-1.c (test for excess errors)
FAIL: gcc.c-torture/compile/20020926-1.c (test for excess errors)
FAIL: gcc.c-torture/execute/950612-1.c execution, -O3 -fomit-frame-pointer
FAIL: gcc.c-torture/execute/950612-1.c execution, -O3
-fomit-frame-pointer -funroll-loops
FAIL: gcc.c-torture/execute/950612-1.c execution, -O3
-fomit-frame-pointer -funroll-all-loops -finline-functions
FAIL: gcc.c-torture/execute/950612-1.c execution, -O3 -g
FAIL: gcc.c-torture/execute/950612-1.c execution, -Os
FAIL: gcc.dg/20021014-1.c (test for excess errors)
WARNING: gcc.dg/20021014-1.c compilation failed to produce executable
FAIL: gcc.dg/i386-pic-1.c (test for errors, line 10)
FAIL: gcc.dg/pr17957.c (test for excess errors)
FAIL: gcc.dg/tree-ssa/loop-1.c scan-assembler-times foo 5
XPASS: gcc.dg/vect/vect-22.c scan-tree-dump-times vectorized 3 loops 1
FAIL: compiler driver --coverage option(s) (compiler options)
=== gcc Summary ===
# of expected passes 38589
# of unexpected failures 14
# of unexpected successes 1
# of expected failures 99
# of untested testcases 28
# of unsupported tests 358
/cygdrive/c/gnu/gcc-4.1-20050819/xp/gcc/xgcc version 4.1.0 20050819
(experimental)
=== gfortran tests ===
Running target unix
FAIL: gfortran.dg/large_real_kind_1.f90 execution test
FAIL: gfortran.dg/large_real_kind_1.f90 execution test
FAIL: gfortran.dg/large_real_kind_1.f90 execution test
FAIL: gfortran.dg/large_real_kind_1.f90 execution test
FAIL: gfortran.dg/large_real_kind_1.f90 (test for excess errors)
WARNING: gfortran.dg/large_real_kind_1.f90 compilation failed to produce
executable
FAIL: gfortran.dg/large_real_kind_1.f90 execution test
FAIL: gfortran.dg/large_real_kind_1.f90 (test for excess errors)
FAIL: gfortran.dg/large_real_kind_1.f90 execution test
FAIL: gfortran.dg/large_real_kind_1.f90 execution test
FAIL: gfortran.fortran-torture/execute/elemental.f90 execution, -O3
-fomit-frame-pointer -funroll-loops
FAIL: gfortran.fortran-torture/execute/elemental.f90 execution, -O3
-fomit-frame-pointer -funroll-all-loops -finline-functions
=== gfortran Summary ===
# of expected passes 8429
# of unexpected failures 11
# of expected failures 5
# of unsupported tests 8
/cygdrive/c/gnu/gcc-4.1-20050819/xp/gcc/testsuite/../gfortran version
4.1.0 20050819 (experimental)
=== objc tests ===
Running target unix
FAIL: objc/execute/exceptions/local-variables-1.m compilation, -O1
-fgnu-runtime
UNRESOLVED: objc/execute/exceptions/local-variables-1.m execution, -O1
-fgnu-runtime
FAIL: objc/execute/exceptions/local-variables-1.m compilation, -O2
-fgnu-runtime
UNRESOLVED: objc/execute/exceptions/local-variables-1.m execution, -O2
-fgnu-runtime
FAIL: objc/execute/exceptions/local-variables-1.m compilation, -O3
-fomit-frame-pointer -fgnu-runtime
UNRESOLVED: objc/execute/exceptions/local-variables-1.m execution, -O3
-fomit-frame-pointer -fgnu-runtime
FAIL: objc/execute/exceptions/local-variables-1.m compilation, -O3 -g
-fgnu-runtime
UNRESOLVED: objc/execute/exceptions/local-variables-1.m execution, -O3
-g -fgnu-runtime
FAIL: objc/execute/exceptions/local-variables-1.m compilation, -Os
-fgnu-runtime
UNRESOLVED: objc/execute/exceptions/local-variables-1.m execution, -Os
-fgnu-runtime
FAIL: objc/execute/exceptions/local-variables-1.m compilation, -O1
-fgnu-runtime
UNRESOLVED: objc/execute/exceptions/local-variables-1.m execution, -O1
-fgnu-runtime
FAIL: objc/execute/exceptions/local-variables-1.m compilation, -O2
-fgnu-runtime
UNRESOLVED: objc/execute/exceptions/local-variables-1.m execution, -O2
-fgnu-runtime
FAIL: objc/execute/exceptions/local-variables-1.m compilation, -O3
-fomit-frame-pointer -fgnu-runtime
UNRESOLVED: objc/execute/exceptions/local-variables-1.m execution, -O3
-fomit-frame-pointer -fgnu-runtime
FAIL: objc/execute/exceptions/local-variables-1.m compilation, -O3 -g
-fgnu-runtime
UNRESOLVED: objc/execute/exceptions/local-variables-1.m execution, -O3
-g -fgnu-runtime
FAIL: objc/execute/exceptions/local-variables-1.m compilation, -Os
-fgnu-runtime
UNRESOLVED: objc/execute/exceptions/local-variables-1.m execution, -Os
-fgnu-runtime
=== objc Summary ===
# of expected passes 1712
# of unexpected failures 10
# of unresolved testcases 10
# of unsupported tests 22
/cygdrive/c/gnu/gcc-4.1-20050819/xp/gcc/xgcc version 4.1.0 20050819
(experimental)
=== treelang tests ===
Running target unix
ERROR: tcl error sourcing
/cygdrive/c/gnu/gcc-4.1-20050819/gcc/testsuite/treelang/output/output.exp.
ERROR: rm: cannot remove \`treelang/output-1': No such file or directory
=== treelang Summary ===
# of expected passes 50
=== libstdc++ tests ===
Running target unix
FAIL: 22_locale/money_get/get/char/22131.cc execution test
FAIL: 22_locale/money_get/get/char/22131.cc execution test
ERROR: tcl error sourcing
/cygdrive/c/gnu/gcc-4.1-20050819/libstdc++-v3/testsuite/libstdc++-dg/normal.exp.
ERROR: rm: cannot remove \`./22131.exe': Permission denied
=== libstdc++ Summary ===
# of expected passes 673
# of unexpected failures 2
# of unsupported tests 190
Compiler version: 4.1.0 20050819 (experimental)
Platform: i686-pc-cygwin
configure flags: '--enable-languages=c++ f95 objc treelang'
--enable-threads=posix --enable-sjlj-exceptions --disable-libmudflap
--disable-shared --enable-languages=c,c++,f95,objc,treelang
BOOT_CFLAGS=-O2 -march=pentium-m -pipe