This is the mail archive of the
gcc-testresults@gcc.gnu.org
mailing list for the GCC project.
Results for 4.1.0 20050812 (experimental) testsuite on hppa64-hp-hpux11.11
- From: CodeSourcery Automatic Testing System <gcc at codesourcery dot com>
- To: gcc-testresults at gcc dot gnu dot org
- Date: Fri, 12 Aug 2005 11:58:54 -0700
- Subject: Results for 4.1.0 20050812 (experimental) testsuite on hppa64-hp-hpux11.11
LAST_UPDATED: Fri Aug 12 09:36:03 UTC 2005
Native configuration is hppa64-hp-hpux11.11
=== g++ tests ===
Running target unix
WARNING: program timed out.
FAIL: g++.dg/eh/cleanup1.C (test for excess errors)
FAIL: g++.dg/opt/inline4.C (test for excess errors)
=== g++ Summary ===
# of expected passes 10661
# of unexpected failures 2
# of expected failures 68
# of unsupported tests 114
/scratch/gcc/nightly-2005-08-12-mainline/hppa64-hp-hpux11.11/build_gcc/install/bin/c++ version 4.1.0 20050812 (experimental)
=== gcc tests ===
Running target unix
FAIL: gcc.dg/20020425-1.c (test for excess errors)
XPASS: gcc.dg/funcorder.c scan-assembler-not link_error,%r
FAIL: gcc.dg/torture/asm-subreg-1.c -O1 (test for excess errors)
FAIL: gcc.dg/torture/asm-subreg-1.c -O2 (test for excess errors)
FAIL: gcc.dg/torture/asm-subreg-1.c -O3 -fomit-frame-pointer (test for excess errors)
FAIL: gcc.dg/torture/asm-subreg-1.c -O3 -g (test for excess errors)
FAIL: gcc.dg/torture/asm-subreg-1.c -Os (test for excess errors)
FAIL: gcc.dg/tree-prof/val-prof-5.c scan-tree-dump Div.mod by constant b..=997 transformation on insn
FAIL: gcc.dg/tree-ssa/loop-4.c scan-tree-dump-times iter 0
=== gcc Summary ===
# of expected passes 35289
# of unexpected failures 8
# of unexpected successes 1
# of expected failures 78
# of untested testcases 28
# of unsupported tests 541
/scratch/gcc/nightly-2005-08-12-mainline/hppa64-hp-hpux11.11/build_gcc/install/bin/gcc version 4.1.0 20050812 (experimental)
=== libstdc++ tests ===
Running target unix
FAIL: ext/array_allocator/2.cc execution test
=== libstdc++ Summary ===
# of expected passes 2475
# of unexpected failures 1
# of expected failures 12
# of unsupported tests 153
Compiler version: 4.1.0 20050812 (experimental)
Platform: hppa64-hp-hpux11.11
configure flags: --disable-nls --build=hppa64-hp-hpux11.11 --host=hppa64-hp-hpux11.11 --target=hppa64-hp-hpux11.11 --enable-threads=posix --disable-libmudflap --disable-libssp --with-gnu-as --with-as=/scratch/gcc/nightly-2005-08-12-mainline/hppa64-hp-hpux11.11/build_gcc/install/bin/as --without-gnu-ld --with-ld=/usr/ccs/bin/ld --prefix=/scratch/gcc/nightly-2005-08-12-mainline/hppa64-hp-hpux11.11/build_gcc/install --enable-languages=c,c++