This is the mail archive of the
gcc-testresults@gcc.gnu.org
mailing list for the GCC project.
Results for 4.1.0 20050811 (experimental) testsuite on i686-pc-linux-gnu
- From: Diego Novillo <dnovillo at redhat dot com>
- To: gcc-testresults at gcc dot gnu dot org
- Date: Thu, 11 Aug 2005 05:24:31 -0400
- Subject: Results for 4.1.0 20050811 (experimental) testsuite on i686-pc-linux-gnu
LAST_UPDATED:
Native configuration is i686-pc-linux-gnu
=== g++ tests ===
Running target unix
=== g++ Summary ===
# of expected passes 11199
# of expected failures 68
# of unsupported tests 62
/notnfs/dnovillo/sbox/gcc/bld.toribio/gcc/testsuite/../g++ version 4.1.0 20050811 (experimental)
=== gcc tests ===
Running target unix
FAIL: gcc.dg/20000609-1.c execution test
FAIL: gcc.dg/20020523-1.c execution test
FAIL: gcc.dg/20020523-2.c execution test
FAIL: gcc.dg/20020607-2.c execution test
FAIL: gcc.dg/20030414-2.c execution test
FAIL: gcc.dg/20030826-1.c execution test
FAIL: gcc.dg/991230-1.c execution test
FAIL: gcc.dg/builtins-24.c execution test
FAIL: gcc.dg/builtins-47.c execution test
FAIL: gcc.dg/builtins-51.c execution test
FAIL: gcc.dg/builtins-6.c execution test
FAIL: gcc.dg/builtins-8.c execution test
FAIL: gcc.dg/fastmath-1.c execution test
FAIL: gcc.dg/fnegate-1.c execution test
FAIL: gcc.dg/i386-loop-3.c execution test
XPASS: gcc.dg/vect/vect-22.c scan-tree-dump-times vectorized 3 loops 1
XPASS: gcc.dg/vect/vect-67.c scan-tree-dump-times vectorized 1 loops 1
FAIL: gcc.dg/vect/fast-math-vect-reduc-5.c execution test
FAIL: gcc.dg/vect/fast-math-vect-reduc-7.c execution test
=== gcc Summary ===
# of expected passes 37022
# of unexpected failures 17
# of unexpected successes 2
# of expected failures 99
# of untested testcases 28
# of unsupported tests 335
/notnfs/dnovillo/sbox/gcc/bld.toribio/gcc/xgcc version 4.1.0 20050811 (experimental)
=== gfortran tests ===
Running target unix
FAIL: gfortran.dg/g77/20010216-1.f execution test
FAIL: gfortran.dg/g77/20010216-1.f execution test
FAIL: gfortran.dg/g77/20010216-1.f execution test
FAIL: gfortran.dg/g77/20010216-1.f execution test
FAIL: gfortran.dg/g77/20010216-1.f execution test
FAIL: gfortran.dg/g77/20010216-1.f execution test
FAIL: gfortran.dg/g77/20010216-1.f execution test
FAIL: gfortran.dg/g77/20010216-1.f execution test
FAIL: gfortran.fortran-torture/execute/elemental.f90 execution, -O3 -fomit-frame-pointer -funroll-loops
FAIL: gfortran.fortran-torture/execute/elemental.f90 execution, -O3 -fomit-frame-pointer -funroll-all-loops -finline-functions
=== gfortran Summary ===
# of expected passes 8349
# of unexpected failures 10
# of expected failures 5
# of unsupported tests 8
/notnfs/dnovillo/sbox/gcc/bld.toribio/gcc/testsuite/../gfortran version 4.1.0 20050811 (experimental)
=== objc tests ===
Running target unix
FAIL: objc.dg/try-catch-8.m (test for excess errors)
WARNING: objc.dg/try-catch-8.m compilation failed to produce executable
=== objc Summary ===
# of expected passes 1592
# of unexpected failures 1
# of unsupported tests 22
/notnfs/dnovillo/sbox/gcc/bld.toribio/gcc/xgcc version 4.1.0 20050811 (experimental)
=== libffi tests ===
Running target unix
=== libffi Summary ===
# of expected passes 228
# of unsupported tests 2
=== libjava tests ===
Running target unix
FAIL: Divide_1 execution - source compiled test
FAIL: Divide_1 execution - bytecode->native test
FAIL: LargeFile execution - source compiled test
FAIL: LargeFile execution - gij test
FAIL: LargeFile execution - bytecode->native test
FAIL: LargeFile -O3 execution - source compiled test
FAIL: LargeFile execution - gij test
FAIL: LargeFile -O3 execution - bytecode->native test
=== libjava Summary ===
# of expected passes 3901
# of unexpected failures 8
# of expected failures 10
# of untested testcases 16
=== libmudflap tests ===
Running target unix
=== libmudflap Summary ===
# of expected passes 1771
=== libstdc++ tests ===
Running target unix
FAIL: 23_containers/set/explicit_instantiation/1.cc (test for excess errors)
XPASS: 26_numerics/cmath/c99_classification_macros_c.cc (test for excess errors)
=== libstdc++ Summary ===
# of expected passes 1533
# of unexpected failures 1
# of unexpected successes 1
# of expected failures 6
Compiler version: 4.1.0 20050811 (experimental)
Platform: i686-pc-linux-gnu
configure flags: --prefix=/home/cygnus/dnovillo/perf/sbox/gcc/local.i686/inst.toribio --srcdir=/home/cygnus/dnovillo/perf/sbox/gcc/local.i686/src --enable-mpfr --with-gmp=/home/cygnus/dnovillo/i686 --disable-checking --enable-languages=c,c++,f95,java,objc