This is the mail archive of the
gcc-testresults@gcc.gnu.org
mailing list for the GCC project.
Results for 4.1.0 20050810 (experimental) testsuite on i686-pc-linux-gnu
- From: Christian Joensson <chj at j-son dot org>
- To: gcc-testresults at gcc dot gnu dot org
- Date: Thu, 11 Aug 2005 10:10:37 +0200
- Subject: Results for 4.1.0 20050810 (experimental) testsuite on i686-pc-linux-gnu
Fedora Core release 4 (Stentz) ia32 pentium III dual i686:
binutils-2.15.94.0.2.2-2.1.i386
bison-2.0-6.i386
dejagnu-1.4.4-4.noarch
expect-5.43.0-1.i386
gcc-4.0.1-4.fc4.i386
package gcc4 is not installed
glibc-2.3.5-10.i686
glibc-devel-2.3.5-10.i386
glibc-headers-2.3.5-10.i386
glibc-kernheaders-2.4-9.1.94.i386
gmp-4.1.4-6.i386
gmp-devel-4.1.4-6.i386
package kernel is not installed
package kernel-devel is not installed
kernel-smp-2.6.12-1.1398_FC4.i686
kernel-smp-2.6.12-1.1456_FC5.i686
libgcc-4.0.1-4.fc4.i386
libstdc++-4.0.1-4.fc4.i386
libstdc++-devel-4.0.1-4.fc4.i386
make-3.80-7.i386
package nptl-devel is not installed
tcl-8.4.9-3.i386
LAST_UPDATED: Wed Aug 10 20:39:00 UTC 2005
Native configuration is i686-pc-linux-gnu
=== binutils tests ===
Running target unix/-fPIC
FAIL: strip
=== binutils Summary for unix/-fPIC ===
# of expected passes 32
# of unexpected failures 1
Running target unix
=== binutils Summary for unix ===
# of expected passes 33
=== binutils Summary ===
# of expected passes 65
# of unexpected failures 1
=== gas tests ===
Running target unix/-fPIC
=== gas Summary for unix/-fPIC ===
# of expected passes 117
Running target unix
=== gas Summary for unix ===
# of expected passes 117
=== gas Summary ===
# of expected passes 234
=== acats tests ===
FAIL: a54b02a
FAIL: c32001a
FAIL: c32001e
FAIL: c34001a
FAIL: c34001c
FAIL: c34001d
FAIL: c34001f
FAIL: c34007p
FAIL: c34007r
FAIL: c34011b
FAIL: c35003a
FAIL: c35003b
FAIL: c35502b
FAIL: c35502p
FAIL: c35508a
FAIL: c35508b
FAIL: c35508e
FAIL: c35508g
FAIL: c35508l
FAIL: c35508o
FAIL: c35508p
FAIL: c36104b
FAIL: c37005a
FAIL: c43215a
FAIL: c43215b
FAIL: c433001
FAIL: c45242b
FAIL: c45282b
FAIL: c45651a
FAIL: c55b15a
FAIL: c64104k
FAIL: c64105b
FAIL: c64105c
FAIL: c95008a
FAIL: c95085k
FAIL: c95086b
FAIL: c95086c
FAIL: ca11c01
FAIL: cc3601a
FAIL: cd10002
FAIL: cdd2a02
FAIL: cxaa017
FAIL: cxacb01
=== acats Summary ===
# of expected passes 2276
# of unexpected failures 43
=== gcc tests ===
Running target unix/-fPIC
FAIL: gcc.c-torture/compile/20000804-1.c -O0 (test for excess errors)
FAIL: gcc.c-torture/execute/builtins/sprintf-chk.c execution, -O1
FAIL: gcc.c-torture/execute/builtins/sprintf-chk.c execution, -O2
FAIL: gcc.c-torture/execute/builtins/sprintf-chk.c execution, -O3 -fomit-frame-pointer
FAIL: gcc.c-torture/execute/builtins/sprintf-chk.c execution, -O3 -fomit-frame-pointer -funroll-loops
FAIL: gcc.c-torture/execute/builtins/sprintf-chk.c execution, -O3 -fomit-frame-pointer -funroll-all-loops -finline-functions
FAIL: gcc.c-torture/execute/builtins/sprintf-chk.c execution, -O3 -g
FAIL: gcc.c-torture/execute/builtins/sprintf-chk.c execution, -Os
FAIL: gcc.c-torture/execute/builtins/stpcpy-chk.c execution, -O1
FAIL: gcc.c-torture/execute/builtins/stpcpy-chk.c execution, -O2
FAIL: gcc.c-torture/execute/builtins/stpcpy-chk.c execution, -O3 -fomit-frame-pointer
FAIL: gcc.c-torture/execute/builtins/stpcpy-chk.c execution, -O3 -fomit-frame-pointer -funroll-loops
FAIL: gcc.c-torture/execute/builtins/stpcpy-chk.c execution, -O3 -fomit-frame-pointer -funroll-all-loops -finline-functions
FAIL: gcc.c-torture/execute/builtins/stpcpy-chk.c execution, -O3 -g
FAIL: gcc.c-torture/execute/builtins/stpcpy-chk.c execution, -Os
FAIL: gcc.c-torture/execute/builtins/strcpy-chk.c execution, -O1
FAIL: gcc.c-torture/execute/builtins/strcpy-chk.c execution, -O2
FAIL: gcc.c-torture/execute/builtins/strcpy-chk.c execution, -O3 -fomit-frame-pointer
FAIL: gcc.c-torture/execute/builtins/strcpy-chk.c execution, -O3 -fomit-frame-pointer -funroll-loops
FAIL: gcc.c-torture/execute/builtins/strcpy-chk.c execution, -O3 -fomit-frame-pointer -funroll-all-loops -finline-functions
FAIL: gcc.c-torture/execute/builtins/strcpy-chk.c execution, -O3 -g
FAIL: gcc.c-torture/execute/builtins/strcpy-chk.c execution, -Os
FAIL: gcc.c-torture/execute/builtins/strlen-3.c execution, -O2
FAIL: gcc.c-torture/execute/builtins/strlen-3.c execution, -O3 -fomit-frame-pointer
FAIL: gcc.c-torture/execute/builtins/strlen-3.c execution, -O3 -fomit-frame-pointer -funroll-loops
FAIL: gcc.c-torture/execute/builtins/strlen-3.c execution, -O3 -fomit-frame-pointer -funroll-all-loops -finline-functions
FAIL: gcc.c-torture/execute/builtins/strlen-3.c execution, -O3 -g
FAIL: gcc.dg/20000609-1.c execution test
FAIL: gcc.dg/20020523-1.c (test for excess errors)
WARNING: gcc.dg/20020523-1.c compilation failed to produce executable
FAIL: gcc.dg/20020523-2.c execution test
FAIL: gcc.dg/20020607-2.c execution test
FAIL: gcc.dg/20030414-2.c execution test
FAIL: gcc.dg/20030826-1.c execution test
FAIL: gcc.dg/20050503-1.c scan-assembler-not call
FAIL: gcc.dg/991230-1.c execution test
FAIL: gcc.dg/assign-warn-3.c (test for warnings, line 9)
FAIL: gcc.dg/assign-warn-3.c (test for warnings, line 13)
FAIL: gcc.dg/builtins-24.c execution test
FAIL: gcc.dg/builtins-47.c execution test
FAIL: gcc.dg/builtins-51.c execution test
FAIL: gcc.dg/builtins-6.c execution test
FAIL: gcc.dg/builtins-8.c execution test
FAIL: gcc.dg/clobbers.c (test for excess errors)
WARNING: gcc.dg/clobbers.c compilation failed to produce executable
FAIL: gcc.dg/fastmath-1.c execution test
FAIL: gcc.dg/fnegate-1.c execution test
FAIL: gcc.dg/i386-387-3.c scan-assembler fldpi
FAIL: gcc.dg/i386-387-4.c scan-assembler fldpi
FAIL: gcc.dg/i386-asm-3.c (test for excess errors)
WARNING: gcc.dg/i386-asm-3.c compilation failed to produce executable
FAIL: gcc.dg/i386-cmov1.c scan-assembler sar[^\\\\n]*magic_namea
FAIL: gcc.dg/i386-cmov1.c scan-assembler sar[^\\\\n]*magic_nameb
FAIL: gcc.dg/i386-cmov1.c scan-assembler sar[^\\\\n]*magic_namec
FAIL: gcc.dg/i386-cmov1.c scan-assembler shr[^\\\\n]*magic_named
FAIL: gcc.dg/i386-cmov1.c scan-assembler shr[^\\\\n]*magic_namee
FAIL: gcc.dg/i386-cmov1.c scan-assembler shr[^\\\\n]*magic_namef
FAIL: gcc.dg/i386-local2.c scan-assembler-not sub[^\\\\n]*sp
FAIL: gcc.dg/i386-loop-3.c execution test
FAIL: gcc.dg/i386-mul.c scan-assembler and[^\\\\n]*magic
FAIL: gcc.dg/i386-ssetype-1.c scan-assembler andpd[^\\\\n]*magic
FAIL: gcc.dg/i386-ssetype-1.c scan-assembler andnpd[^\\\\n]*magic
FAIL: gcc.dg/i386-ssetype-1.c scan-assembler xorpd[^\\\\n]*magic
FAIL: gcc.dg/i386-ssetype-1.c scan-assembler orpd[^\\\\n]*magic
FAIL: gcc.dg/i386-ssetype-1.c scan-assembler movapd[^\\\\n]*magic
FAIL: gcc.dg/i386-ssetype-3.c scan-assembler andps[^\\\\n]*magic
FAIL: gcc.dg/i386-ssetype-3.c scan-assembler andnps[^\\\\n]*magic
FAIL: gcc.dg/i386-ssetype-3.c scan-assembler xorps[^\\\\n]*magic
FAIL: gcc.dg/i386-ssetype-3.c scan-assembler orps[^\\\\n]*magic
FAIL: gcc.dg/i386-ssetype-3.c scan-assembler movaps[^\\\\n]*magic
FAIL: gcc.dg/i386-ssetype-5.c scan-assembler pand[^\\\\n]*magic
FAIL: gcc.dg/i386-ssetype-5.c scan-assembler pandn[^\\\\n]*magic
FAIL: gcc.dg/i386-ssetype-5.c scan-assembler pxor[^\\\\n]*magic
FAIL: gcc.dg/i386-ssetype-5.c scan-assembler por[^\\\\n]*magic
FAIL: gcc.dg/sibcall-6.c execution test
FAIL: gcc.dg/tree-ssa/loop-3.c scan-tree-dump-times step: 1
FAIL: gcc.dg/tree-ssa/pr14841.c scan-tree-dump-times Folded statement: if 1
FAIL: gcc.dg/tree-ssa/wholeprogram-1.c scan-tree-dump-not large_function
XPASS: gcc.dg/vect/vect-22.c scan-tree-dump-times vectorized 3 loops 1
XPASS: gcc.dg/vect/vect-67.c scan-tree-dump-times vectorized 1 loops 1
FAIL: gcc.dg/vect/vect-ifcvt-9.c scan-tree-dump-times vectorized 1 loops 2
FAIL: gcc.dg/vect/fast-math-vect-reduc-5.c execution test
FAIL: gcc.dg/vect/fast-math-vect-reduc-7.c execution test
FAIL: gcc.target/i386/pr21291.c (test for excess errors)
=== gcc Summary for unix/-fPIC ===
# of expected passes 36955
# of unexpected failures 79
# of unexpected successes 2
# of expected failures 99
# of untested testcases 28
# of unsupported tests 336
Running target unix
FAIL: gcc.dg/20000609-1.c execution test
FAIL: gcc.dg/20020523-1.c execution test
FAIL: gcc.dg/20020523-2.c execution test
FAIL: gcc.dg/20020607-2.c execution test
FAIL: gcc.dg/20030414-2.c execution test
FAIL: gcc.dg/20030826-1.c execution test
FAIL: gcc.dg/991230-1.c execution test
FAIL: gcc.dg/builtins-24.c execution test
FAIL: gcc.dg/builtins-47.c execution test
FAIL: gcc.dg/builtins-51.c execution test
FAIL: gcc.dg/builtins-6.c execution test
FAIL: gcc.dg/builtins-8.c execution test
FAIL: gcc.dg/fastmath-1.c execution test
FAIL: gcc.dg/fnegate-1.c execution test
FAIL: gcc.dg/i386-loop-3.c execution test
XPASS: gcc.dg/vect/vect-22.c scan-tree-dump-times vectorized 3 loops 1
XPASS: gcc.dg/vect/vect-67.c scan-tree-dump-times vectorized 1 loops 1
FAIL: gcc.dg/vect/fast-math-vect-reduc-5.c execution test
FAIL: gcc.dg/vect/fast-math-vect-reduc-7.c execution test
=== gcc Summary for unix ===
# of expected passes 37022
# of unexpected failures 17
# of unexpected successes 2
# of expected failures 99
# of untested testcases 28
# of unsupported tests 335
=== gcc Summary ===
# of expected passes 73977
# of unexpected failures 96
# of unexpected successes 4
# of expected failures 198
# of untested testcases 56
# of unsupported tests 671
/usr/local/src/trunk/objdir/gcc/xgcc version 4.1.0 20050810 (experimental)
=== gfortran tests ===
Running target unix/-fPIC
FAIL: gfortran.dg/g77/20010216-1.f -O0 execution test
FAIL: gfortran.dg/g77/20010216-1.f -O1 execution test
FAIL: gfortran.dg/g77/20010216-1.f -O2 execution test
FAIL: gfortran.dg/g77/20010216-1.f -O3 -fomit-frame-pointer execution test
FAIL: gfortran.dg/g77/20010216-1.f -O3 -fomit-frame-pointer -funroll-loops execution test
FAIL: gfortran.dg/g77/20010216-1.f -O3 -fomit-frame-pointer -funroll-all-loops -finline-functions execution test
FAIL: gfortran.dg/g77/20010216-1.f -O3 -g execution test
FAIL: gfortran.dg/g77/20010216-1.f -Os execution test
FAIL: gfortran.fortran-torture/execute/elemental.f90 execution, -O3 -fomit-frame-pointer -funroll-loops
FAIL: gfortran.fortran-torture/execute/elemental.f90 execution, -O3 -fomit-frame-pointer -funroll-all-loops -finline-functions
=== gfortran Summary for unix/-fPIC ===
# of expected passes 8349
# of unexpected failures 10
# of expected failures 5
# of unsupported tests 8
Running target unix
FAIL: gfortran.dg/g77/20010216-1.f -O0 execution test
FAIL: gfortran.dg/g77/20010216-1.f -O1 execution test
FAIL: gfortran.dg/g77/20010216-1.f -O2 execution test
FAIL: gfortran.dg/g77/20010216-1.f -O3 -fomit-frame-pointer execution test
FAIL: gfortran.dg/g77/20010216-1.f -O3 -fomit-frame-pointer -funroll-loops execution test
FAIL: gfortran.dg/g77/20010216-1.f -O3 -fomit-frame-pointer -funroll-all-loops -finline-functions execution test
FAIL: gfortran.dg/g77/20010216-1.f -O3 -g execution test
FAIL: gfortran.dg/g77/20010216-1.f -Os execution test
FAIL: gfortran.fortran-torture/execute/elemental.f90 execution, -O3 -fomit-frame-pointer -funroll-loops
FAIL: gfortran.fortran-torture/execute/elemental.f90 execution, -O3 -fomit-frame-pointer -funroll-all-loops -finline-functions
=== gfortran Summary for unix ===
# of expected passes 8349
# of unexpected failures 10
# of expected failures 5
# of unsupported tests 8
=== gfortran Summary ===
# of expected passes 16698
# of unexpected failures 20
# of expected failures 10
# of unsupported tests 16
/usr/local/src/trunk/objdir/gcc/testsuite/../gfortran version 4.1.0 20050810 (experimental)
=== g++ tests ===
Running target unix/-fPIC
XPASS: g++.old-deja/g++.other/init5.C execution test
=== g++ Summary for unix/-fPIC ===
# of expected passes 11197
# of unexpected successes 1
# of expected failures 67
# of unsupported tests 64
Running target unix
XPASS: g++.old-deja/g++.other/init5.C execution test
=== g++ Summary for unix ===
# of expected passes 11199
# of unexpected successes 1
# of expected failures 67
# of unsupported tests 62
=== g++ Summary ===
# of expected passes 22396
# of unexpected successes 2
# of expected failures 134
# of unsupported tests 126
/usr/local/src/trunk/objdir/gcc/testsuite/../g++ version 4.1.0 20050810 (experimental)
=== obj-c++ tests ===
Running target unix/-fPIC
FAIL: obj-c++.dg/bitfield-2.mm execution test
FAIL: obj-c++.dg/cxx-ivars-1.mm execution test
FAIL: obj-c++.dg/cxx-ivars-2.mm execution test
FAIL: obj-c++.dg/cxx-scope-1.mm execution test
FAIL: obj-c++.dg/defs.mm execution test
FAIL: obj-c++.dg/encode-4.mm (test for excess errors)
WARNING: obj-c++.dg/encode-4.mm compilation failed to produce executable
FAIL: obj-c++.dg/encode-5.mm (test for excess errors)
WARNING: obj-c++.dg/encode-5.mm compilation failed to produce executable
FAIL: obj-c++.dg/encode-6.mm (test for excess errors)
WARNING: obj-c++.dg/encode-6.mm compilation failed to produce executable
FAIL: obj-c++.dg/encode-8.mm execution test
FAIL: obj-c++.dg/isa-field-1.mm (test for excess errors)
FAIL: obj-c++.dg/lookup-2.mm (test for excess errors)
WARNING: obj-c++.dg/lookup-2.mm compilation failed to produce executable
FAIL: obj-c++.dg/method-10.mm execution test
FAIL: obj-c++.dg/method-17.mm execution test
FAIL: obj-c++.dg/method-19.mm (test for excess errors)
WARNING: obj-c++.dg/method-19.mm compilation failed to produce executable
FAIL: obj-c++.dg/proto-lossage-3.mm execution test
FAIL: obj-c++.dg/proto-qual-1.mm execution test
FAIL: obj-c++.dg/qual-types-1.mm execution test
FAIL: obj-c++.dg/template-1.mm execution test
FAIL: obj-c++.dg/template-4.mm execution test
FAIL: obj-c++.dg/try-catch-2.mm (test for excess errors)
WARNING: obj-c++.dg/try-catch-2.mm compilation failed to produce executable
FAIL: obj-c++.dg/try-catch-9.mm (test for excess errors)
WARNING: obj-c++.dg/try-catch-9.mm compilation failed to produce executable
FAIL: obj-c++.dg/va-meth-1.mm execution test
=== obj-c++ Summary for unix/-fPIC ===
# of expected passes 395
# of unexpected failures 22
# of unsupported tests 13
Running target unix
FAIL: obj-c++.dg/bitfield-2.mm execution test
FAIL: obj-c++.dg/cxx-ivars-1.mm execution test
FAIL: obj-c++.dg/cxx-ivars-2.mm execution test
FAIL: obj-c++.dg/cxx-scope-1.mm execution test
FAIL: obj-c++.dg/defs.mm execution test
FAIL: obj-c++.dg/encode-4.mm (test for excess errors)
WARNING: obj-c++.dg/encode-4.mm compilation failed to produce executable
FAIL: obj-c++.dg/encode-5.mm (test for excess errors)
WARNING: obj-c++.dg/encode-5.mm compilation failed to produce executable
FAIL: obj-c++.dg/encode-6.mm (test for excess errors)
WARNING: obj-c++.dg/encode-6.mm compilation failed to produce executable
FAIL: obj-c++.dg/encode-8.mm execution test
FAIL: obj-c++.dg/isa-field-1.mm (test for excess errors)
FAIL: obj-c++.dg/lookup-2.mm (test for excess errors)
WARNING: obj-c++.dg/lookup-2.mm compilation failed to produce executable
FAIL: obj-c++.dg/method-10.mm execution test
FAIL: obj-c++.dg/method-17.mm execution test
FAIL: obj-c++.dg/method-19.mm (test for excess errors)
WARNING: obj-c++.dg/method-19.mm compilation failed to produce executable
FAIL: obj-c++.dg/proto-lossage-3.mm execution test
FAIL: obj-c++.dg/proto-qual-1.mm execution test
FAIL: obj-c++.dg/qual-types-1.mm execution test
FAIL: obj-c++.dg/template-1.mm execution test
FAIL: obj-c++.dg/template-4.mm execution test
FAIL: obj-c++.dg/try-catch-2.mm (test for excess errors)
WARNING: obj-c++.dg/try-catch-2.mm compilation failed to produce executable
FAIL: obj-c++.dg/try-catch-9.mm (test for excess errors)
WARNING: obj-c++.dg/try-catch-9.mm compilation failed to produce executable
FAIL: obj-c++.dg/va-meth-1.mm execution test
=== obj-c++ Summary for unix ===
# of expected passes 395
# of unexpected failures 22
# of unsupported tests 13
=== obj-c++ Summary ===
# of expected passes 790
# of unexpected failures 44
# of unsupported tests 26
/usr/local/src/trunk/objdir/gcc/testsuite/../g++ version 4.1.0 20050810 (experimental)
=== objc tests ===
Running target unix/-fPIC
FAIL: objc.dg/try-catch-8.m (test for excess errors)
WARNING: objc.dg/try-catch-8.m compilation failed to produce executable
=== objc Summary for unix/-fPIC ===
# of expected passes 1592
# of unexpected failures 1
# of unsupported tests 22
Running target unix
FAIL: objc.dg/try-catch-8.m (test for excess errors)
WARNING: objc.dg/try-catch-8.m compilation failed to produce executable
=== objc Summary for unix ===
# of expected passes 1592
# of unexpected failures 1
# of unsupported tests 22
=== objc Summary ===
# of expected passes 3184
# of unexpected failures 2
# of unsupported tests 44
/usr/local/src/trunk/objdir/gcc/xgcc version 4.1.0 20050810 (experimental)
=== treelang tests ===
Running target unix/-fPIC
=== treelang Summary for unix/-fPIC ===
# of expected passes 50
Running target unix
=== treelang Summary for unix ===
# of expected passes 50
=== treelang Summary ===
# of expected passes 100
=== libffi tests ===
Running target unix/-fPIC
=== libffi Summary for unix/-fPIC ===
# of expected passes 228
# of unsupported tests 2
Running target unix
=== libffi Summary for unix ===
# of expected passes 228
# of unsupported tests 2
=== libffi Summary ===
# of expected passes 456
# of unsupported tests 4
=== libjava tests ===
Running target unix/-fPIC
WARNING: program timed out.
FAIL: Divide_1 execution - source compiled test
WARNING: program timed out.
FAIL: Divide_1 execution - bytecode->native test
=== libjava Summary for unix/-fPIC ===
# of expected passes 3913
# of unexpected failures 2
# of expected failures 10
# of untested testcases 10
Running target unix
WARNING: program timed out.
FAIL: Divide_1 execution - source compiled test
WARNING: program timed out.
FAIL: Divide_1 execution - bytecode->native test
=== libjava Summary for unix ===
# of expected passes 3913
# of unexpected failures 2
# of expected failures 10
# of untested testcases 10
=== libjava Summary ===
# of expected passes 7826
# of unexpected failures 4
# of expected failures 20
# of untested testcases 20
=== libmudflap tests ===
Running target unix/-fPIC
WARNING: program timed out.
FAIL: libmudflap.cth/pass37-frag.c (rerun 4) execution test
WARNING: program timed out.
FAIL: libmudflap.cth/pass37-frag.c (rerun 14) execution test
WARNING: program timed out.
FAIL: libmudflap.cth/pass39-frag.c (rerun 3) execution test
WARNING: program timed out.
FAIL: libmudflap.cth/pass39-frag.c (rerun 10) execution test
WARNING: program timed out.
FAIL: libmudflap.cth/pass39-frag.c (rerun 17) execution test
WARNING: program timed out.
FAIL: libmudflap.cth/pass37-frag.c (-O2) (rerun 7) execution test
WARNING: program timed out.
FAIL: libmudflap.cth/pass37-frag.c (-O2) (rerun 13) execution test
WARNING: program timed out.
FAIL: libmudflap.cth/pass37-frag.c (-O2) (rerun 18) execution test
WARNING: program timed out.
FAIL: libmudflap.cth/pass39-frag.c (-O2) (rerun 3) execution test
WARNING: program timed out.
FAIL: libmudflap.cth/pass39-frag.c (-O2) (rerun 12) execution test
WARNING: program timed out.
FAIL: libmudflap.cth/pass37-frag.c (-O3) (rerun 10) execution test
WARNING: program timed out.
FAIL: libmudflap.cth/pass37-frag.c (-O3) (rerun 17) execution test
WARNING: program timed out.
FAIL: libmudflap.cth/pass39-frag.c (-O3) (rerun 2) execution test
=== libmudflap Summary for unix/-fPIC ===
# of expected passes 1758
# of unexpected failures 13
Running target unix
WARNING: program timed out.
FAIL: libmudflap.cth/pass37-frag.c (rerun 14) execution test
WARNING: program timed out.
FAIL: libmudflap.cth/pass39-frag.c (rerun 2) execution test
WARNING: program timed out.
FAIL: libmudflap.cth/pass39-frag.c (rerun 6) execution test
WARNING: program timed out.
FAIL: libmudflap.cth/pass39-frag.c (rerun 10) execution test
WARNING: program timed out.
FAIL: libmudflap.cth/pass39-frag.c (rerun 13) execution test
WARNING: program timed out.
FAIL: libmudflap.cth/pass39-frag.c (rerun 15) execution test
WARNING: program timed out.
FAIL: libmudflap.cth/pass37-frag.c (-O2) (rerun 7) execution test
WARNING: program timed out.
FAIL: libmudflap.cth/pass37-frag.c (-O2) (rerun 16) execution test
WARNING: program timed out.
FAIL: libmudflap.cth/pass39-frag.c (-O2) (rerun 3) execution test
WARNING: program timed out.
FAIL: libmudflap.cth/pass39-frag.c (-O2) (rerun 4) execution test
WARNING: program timed out.
FAIL: libmudflap.cth/pass39-frag.c (-O2) (rerun 8) execution test
WARNING: program timed out.
FAIL: libmudflap.cth/pass39-frag.c (-O2) (rerun 10) execution test
WARNING: program timed out.
FAIL: libmudflap.cth/pass39-frag.c (-O2) (rerun 12) execution test
FAIL: libmudflap.cth/pass39-frag.c (-O2) (rerun 12) output pattern test
WARNING: program timed out.
FAIL: libmudflap.cth/pass39-frag.c (-O2) (rerun 16) execution test
WARNING: program timed out.
FAIL: libmudflap.cth/pass39-frag.c (-O2) (rerun 18) execution test
WARNING: program timed out.
FAIL: libmudflap.cth/pass37-frag.c (-O3) (rerun 2) execution test
WARNING: program timed out.
FAIL: libmudflap.cth/pass37-frag.c (-O3) (rerun 3) execution test
WARNING: program timed out.
FAIL: libmudflap.cth/pass37-frag.c (-O3) (rerun 8) execution test
WARNING: program timed out.
FAIL: libmudflap.cth/pass37-frag.c (-O3) (rerun 10) execution test
WARNING: program timed out.
FAIL: libmudflap.cth/pass37-frag.c (-O3) (rerun 14) execution test
WARNING: program timed out.
FAIL: libmudflap.cth/pass37-frag.c (-O3) (rerun 17) execution test
WARNING: program timed out.
FAIL: libmudflap.cth/pass37-frag.c (-O3) (rerun 19) execution test
WARNING: program timed out.
FAIL: libmudflap.cth/pass39-frag.c (-O3) (rerun 8) execution test
WARNING: program timed out.
FAIL: libmudflap.cth/pass39-frag.c (-O3) (rerun 15) execution test
WARNING: program timed out.
FAIL: libmudflap.cth/pass39-frag.c (-O3) (rerun 17) execution test
WARNING: program timed out.
FAIL: libmudflap.cth/pass39-frag.c (-O3) (rerun 19) execution test
=== libmudflap Summary for unix ===
# of expected passes 1744
# of unexpected failures 27
=== libmudflap Summary ===
# of expected passes 3502
# of unexpected failures 40
=== libstdc++ tests ===
Running target unix/-fPIC
FAIL: 23_containers/set/explicit_instantiation/1.cc (test for excess errors)
=== libstdc++ Summary for unix/-fPIC ===
# of expected passes 3867
# of unexpected failures 1
# of expected failures 14
Running target unix
FAIL: 23_containers/set/explicit_instantiation/1.cc (test for excess errors)
XPASS: 26_numerics/cmath/c99_classification_macros_c.cc (test for excess errors)
=== libstdc++ Summary for unix ===
# of expected passes 3867
# of unexpected failures 1
# of unexpected successes 1
# of expected failures 13
=== libstdc++ Summary ===
# of expected passes 7734
# of unexpected failures 2
# of unexpected successes 1
# of expected failures 27
=== ld tests ===
Running target unix/-fPIC
FAIL: S-records
FAIL: S-records with constructors
=== ld Summary for unix/-fPIC ===
# of expected passes 253
# of unexpected failures 2
# of expected failures 4
Running target unix
=== ld Summary for unix ===
# of expected passes 255
# of expected failures 4
=== ld Summary ===
# of expected passes 508
# of unexpected failures 2
# of expected failures 8
Compiler version: 4.1.0 20050810 (experimental)
Platform: i686-pc-linux-gnu
configure flags: --enable-__cxa_atexit --enable-shared --enable-languages=c,ada,c++,f95,java,objc,obj-c++,treelang
Counting all warnings,
there are 104 warnings in stage0 of this bootstrap.
Number of warnings per file:
10 libstdc++-v3/src/mt_allocator.cc
10 ../../gcc-binutils/binutils/bucomm.c
7 ../../../gcc-binutils/fixincludes/fixincl.x
6 ../../gcc-binutils/fixincludes/fixincl.x
5 libsupc++/eh_alloc.cc
5 libstdc++-v3/src/pool_allocator.cc
5 libstdc++-v3/src/locale_init.cc
5 libstdc++-v3/src/debug.cc
5 include/ext/rope
5 include/ext/bitmap_allocator.h
4 include/gc_config.h
4 include/config.h
3 include/java-signal.h
2 raise.c
2 libtool
2 libsupc++/guard.cc
2 ../../gcc-binutils/etc/standards.texi
2 ../../../gcc-binutils/boehm-gc/os_dep.c
2 gcc/ada/prj-nmsc.adb
2 fastjar/shift.c
2 cc1
1 make[5]
1 libobjc/thr.c
1 libobjc/sendmsg.c
1 libobjc/Object.m
1 libjava/gnu/gcj/io/shs.cc
1 libgfortran/io/read.c
1 libgfortran/io/list_read.c
1 java/net/natVMNetworkInterface.cc
1 gcc/unwind-pe.h
1 gcc/coretypes.h
1 ../../../gcc-binutils/boehm-gc/mark_rts.c
1 fastjar/jartool.c
1 fastjar/compress.c
1 checking values.h presence... ../../gcc-binutils/fixincludes/fixincl.x
Number of warning types:
42 missing initializer for member \`???'
15 string length \`???' is greater than the length \`???' ISO C89 compilers are required to support
10 the use of \`???' is dangerous, better use \`???'
5 this is the location of the previous definition
4 \`???' declared \`???' but never defined
2 @strong{Note...} produces a spurious cross-reference in Info; reword to avoid that.
2 pointer targets in assignment differ in signedness
2 ' is used uninitialized in this function
2 \`???' is ignored for convenience libraries
2 \`???' is deprecated (declared at /usr/include/signal.h:184)
2 comparison between signed and unsigned
1 value computed is not used
1 unused parameter \`???'
1 \`rtx' redefined
1 \`PACKAGE_VERSION' redefined
1 \`PACKAGE_TARNAME' redefined
1 \`PACKAGE_STRING' redefined
1 \`PACKAGE_NAME' redefined
1 jobserver unavailable: using -j1. Add \`???' to parent make rule.
1 function returns address of local variable
1 \`???' function does return
1 \`???' defined but not used
1 comparison of distinct pointer types lacks a cast
1 comparison between signed and unsigned integer expressions
1 command line option \`-fno-underscoring' is valid for F95 but not for C
1 command line option \`-fno-repack-arrays' is valid for F95 but not for C
1 argument \`???' might be clobbered by \`???' or \`???'
Counting all warnings,
there are 22 warnings in stage3 of this bootstrap.
Number of warnings per file:
4 gcc/unwind-dw2-fde.c
4 gcc/gcc.c
3 treelang/lex.c
3 gengtype-lex.c
2 gcc/treelang/parse.y
2 gcc/objc/lang-specs.h
2 gcc/config/i386/i386.md
1 gcc/java/jvspec.c
1 gcc/ada/tracebak.c
Number of warning types:
8 string length \`???' is greater than the length \`???' ISO C89 compilers are required to support
6 old-style function definition
2 (near initialization for \`???')
2 missing initializer
1 too many arguments for format
1 operand 1 missing mode?
1 conversion lacks type at end of format
1 comparison of unsigned expression < 0 is always false