This is the mail archive of the
gcc-testresults@gcc.gnu.org
mailing list for the GCC project.
Results for 4.0.2 20050810 (prerelease) testsuite on sparc64-unknown-linux-gnu
- From: Christian Joensson <chj at j-son dot org>
- To: gcc-testresults at gcc dot gnu dot org
- Date: Thu, 11 Aug 2005 06:29:48 +0200
- Subject: Results for 4.0.2 20050810 (prerelease) testsuite on sparc64-unknown-linux-gnu
Aurora SPARC Linux release 2.0 (Kashmir FC3) UltraSparc IIi (Sabre) sun4u:
(auroralinux corona + rathann's and rzm's FC3 updates)
autogen 5.6.4 (local build)
binutils 2.16.1 (local build)
bison-1.875c-2.sparc
dejagnu-1.4.4-2.noarch
expect-5.42.1-1.sparc
gcc-3.4.3-22.sparc.sparc
gcc4-4.0.0-0.41.sparc.sparc
glibc-2.3.5-0.fc3.1.sparcv9
glibc-2.3.5-0.fc3.1.sparc64
glibc-devel-2.3.5-0.fc3.1.sparc
glibc-devel-2.3.5-0.fc3.1.sparc64
glibc-headers-2.3.5-0.fc3.1.sparc
glibc-kernheaders-2.6-20sparc.sparc
gmp-4.1.4-3sparc.sparc
gmp-4.1.4-3sparc.sparc64
gmp-devel-4.1.4-3sparc.sparc
gmp-devel-4.1.4-3sparc.sparc64
kernel-2.6.11-1.1305sp1.sparc64
package kernel-devel is not installed
package kernel-smp is not installed
libgcc-3.4.3-22.sparc.sparc
libgcc-3.4.3-22.sparc.sparc64
libstdc++-3.4.3-22.sparc.sparc
libstdc++-3.4.3-22.sparc.sparc64
libstdc++-devel-3.4.3-22.sparc.sparc
libstdc++-devel-3.4.3-22.sparc.sparc64
make-3.80-5.sparc
nptl-devel-2.3.5-0.fc3.1.sparcv9
tcl-8.4.7-2.sparc
LAST_UPDATED: Wed Aug 10 05:32:31 UTC 2005 with http://gcc.gnu.org/bugzilla/show_bug.cgi?id=20604#c3 and http://gcc.gnu.org/bugzilla/show_bug.cgi?id=23072#c7
=== acats tests ===
=== acats Summary ===
# of expected passes 2320
# of unexpected failures 0
Native configuration is sparc64-unknown-linux-gnu
=== gcc tests ===
Running target unix/-m64
FAIL: gcc.dg/special/gcsec-1.c (test for excess errors)
FAIL: gcc.dg/tls/alias-1.c (test for excess errors)
FAIL: gcc.dg/tls/opt-2.c (test for excess errors)
FAIL: gcc.misc-tests/linkage.c link
=== gcc Summary for unix/-m64 ===
# of expected passes 34505
# of unexpected failures 4
# of expected failures 95
# of untested testcases 28
# of unsupported tests 528
Running target unix
=== gcc Summary for unix ===
# of expected passes 34512
# of expected failures 95
# of untested testcases 28
# of unsupported tests 526
=== gcc Summary ===
# of expected passes 69017
# of unexpected failures 4
# of expected failures 190
# of untested testcases 56
# of unsupported tests 1054
/usr/local/src/branch/objdir/gcc/xgcc version 4.0.2 20050810 (prerelease)
=== gfortran tests ===
Running target unix/-m64
=== gfortran Summary for unix/-m64 ===
# of expected passes 7890
# of expected failures 2
# of unsupported tests 17
Running target unix
=== gfortran Summary for unix ===
# of expected passes 7890
# of expected failures 2
# of unsupported tests 17
=== gfortran Summary ===
# of expected passes 15780
# of expected failures 4
# of unsupported tests 34
/usr/local/src/branch/objdir/gcc/testsuite/../gfortran version 4.0.2 20050810 (prerelease)
=== g++ tests ===
Running target unix/-m64
XPASS: g++.old-deja/g++.other/init5.C execution test
=== g++ Summary for unix/-m64 ===
# of expected passes 10938
# of unexpected successes 1
# of expected failures 69
# of unsupported tests 92
Running target unix
XPASS: g++.old-deja/g++.other/init5.C execution test
=== g++ Summary for unix ===
# of expected passes 10970
# of unexpected successes 1
# of expected failures 69
# of unsupported tests 90
=== g++ Summary ===
# of expected passes 21908
# of unexpected successes 2
# of expected failures 138
# of unsupported tests 182
/usr/local/src/branch/objdir/gcc/testsuite/../g++ version 4.0.2 20050810 (prerelease)
=== objc tests ===
Running target unix/-m64
=== objc Summary for unix/-m64 ===
# of expected passes 1534
# of unsupported tests 10
Running target unix
=== objc Summary for unix ===
# of expected passes 1534
# of unsupported tests 10
=== objc Summary ===
# of expected passes 3068
# of unsupported tests 20
/usr/local/src/branch/objdir/gcc/xgcc version 4.0.2 20050810 (prerelease)
=== treelang tests ===
Running target unix/-m64
=== treelang Summary for unix/-m64 ===
# of expected passes 46
Running target unix
=== treelang Summary for unix ===
# of expected passes 46
=== treelang Summary ===
# of expected passes 92
=== libffi tests ===
Running target unix/-m64
=== libffi Summary for unix/-m64 ===
# of expected passes 219
# of unsupported tests 2
Running target unix
=== libffi Summary for unix ===
# of expected passes 219
# of unsupported tests 2
=== libffi Summary ===
# of expected passes 438
# of unsupported tests 4
=== libjava tests ===
Running target unix/-m64
FAIL: PR16923.c compilation
FAIL: Array_3 execution - source compiled test
FAIL: Array_3 execution - gij test
FAIL: Array_3 execution - bytecode->native test
FAIL: Array_3 -O3 execution - source compiled test
FAIL: Array_3 execution - gij test
FAIL: Array_3 -O3 execution - bytecode->native test
FAIL: Invoke_1 execution - source compiled test
FAIL: Invoke_1 execution - bytecode->native test
FAIL: Invoke_1 -O3 execution - source compiled test
FAIL: Invoke_1 -O3 execution - bytecode->native test
FAIL: PR218 execution - gij test
FAIL: PR218 execution - gij test
FAIL: /usr/local/src/branch/objdir/sparc64-unknown-linux-gnu/libjava/testsuite/TestLeak.exe execution - /usr/local/src/branch/objdir/sparc64-unknown-linux-gnu/libjava/testsuite/TestLeak.exe
=== libjava Summary for unix/-m64 ===
# of expected passes 3768
# of unexpected failures 14
# of expected failures 14
# of untested testcases 29
Running target unix
=== libjava Summary for unix ===
# of expected passes 3796
# of expected failures 14
# of untested testcases 16
=== libjava Summary ===
# of expected passes 7564
# of unexpected failures 14
# of expected failures 28
# of untested testcases 45
=== libmudflap tests ===
Running target unix/-m64
FAIL: libmudflap.c/pass54-frag.c execution test
FAIL: libmudflap.c/pass54-frag.c (-static) execution test
=== libmudflap Summary for unix/-m64 ===
# of expected passes 1286
# of unexpected failures 2
Running target unix
FAIL: libmudflap.c/pass54-frag.c execution test
FAIL: libmudflap.c/pass54-frag.c (-static) execution test
=== libmudflap Summary for unix ===
# of expected passes 1286
# of unexpected failures 2
=== libmudflap Summary ===
# of expected passes 2572
# of unexpected failures 4
=== libstdc++ tests ===
Running target unix/-m64
XPASS: 22_locale/locale/cons/12658_thread-1.cc execution test
FAIL: 22_locale/messages/members/char/1.cc execution test
FAIL: 22_locale/messages/members/char/2.cc execution test
FAIL: 22_locale/messages/members/char/wrapped_env.cc execution test
FAIL: 22_locale/messages/members/char/wrapped_locale.cc execution test
FAIL: 22_locale/messages_byname/named_equivalence.cc execution test
XPASS: 26_numerics/cmath/c99_classification_macros_c.cc (test for excess errors)
FAIL: 27_io/basic_filebuf/close/char/4879.cc execution test
FAIL: 27_io/basic_filebuf/close/char/9964.cc execution test
FAIL: 27_io/basic_filebuf/imbue/char/13171-2.cc execution test
FAIL: 27_io/basic_filebuf/imbue/wchar_t/14975-2.cc execution test
FAIL: 27_io/basic_filebuf/underflow/char/10097.cc execution test
XPASS: 27_io/fpos/14320-1.cc execution test
FAIL: 27_io/objects/char/7.cc execution test
FAIL: 27_io/objects/char/9661-1.cc execution test
FAIL: 27_io/objects/wchar_t/7.cc execution test
FAIL: 27_io/objects/wchar_t/9661-1.cc execution test
FAIL: ext/array_allocator/2.cc execution test
=== libstdc++ Summary for unix/-m64 ===
# of expected passes 3629
# of unexpected failures 15
# of unexpected successes 3
# of expected failures 11
Running target unix
XPASS: 22_locale/locale/cons/12658_thread-1.cc execution test
XPASS: 26_numerics/cmath/c99_classification_macros_c.cc (test for excess errors)
=== libstdc++ Summary for unix ===
# of expected passes 3644
# of unexpected successes 2
# of expected failures 12
=== libstdc++ Summary ===
# of expected passes 7273
# of unexpected failures 15
# of unexpected successes 5
# of expected failures 23
Compiler version: 4.0.2 20050810 (prerelease)
Platform: sparc64-unknown-linux-gnu
configure flags: --enable-__cxa_atexit --enable-shared --with-cpu=v7 --enable-languages=c,ada,c++,f95,java,objc,treelang