This is the mail archive of the gcc-testresults@gcc.gnu.org mailing list for the GCC project.


Index Nav: [Date Index] [Subject Index] [Author Index] [Thread Index]
Message Nav: [Date Prev] [Date Next] [Thread Prev] [Thread Next]
Other format: [Raw text]

Results for 4.0.2 20050809 (prerelease) testsuite on hppa2.0w-hp-hpux11.11


LAST_UPDATED: Tue Aug  9 08:32:49 UTC 2005

Native configuration is hppa2.0w-hp-hpux11.11

		=== g++ tests ===


Running target unix

		=== g++ Summary ===

# of expected passes		10670
# of expected failures		70
# of unsupported tests		128
/scratch/gcc/nightly-2005-08-09-4.0/hppa2.0w-hp-hpux11.11/build_gcc/install/bin/c++  version 4.0.2 20050809 (prerelease)

		=== gcc tests ===


Running target unix
XPASS: gcc.dg/const-elim-1.c scan-assembler-not L\\\\\$?C[^A-Z]
FAIL: gcc.dg/special/weak-1.c execution test

		=== gcc Summary ===

# of expected passes		33679
# of unexpected failures	1
# of unexpected successes	1
# of expected failures		69
# of untested testcases		28
# of unsupported tests		573
/scratch/gcc/nightly-2005-08-09-4.0/hppa2.0w-hp-hpux11.11/build_gcc/install/bin/gcc  version 4.0.2 20050809 (prerelease)

		=== libstdc++ tests ===


Running target unix

		=== libstdc++ Summary ===

# of expected passes		3607
# of expected failures		12
# of unsupported tests		19

Compiler version: 4.0.2 20050809 (prerelease) 
Platform: hppa2.0w-hp-hpux11.11
configure flags: --disable-nls --build=hppa2.0w-hp-hpux11.11 --host=hppa2.0w-hp-hpux11.11 --target=hppa2.0w-hp-hpux11.11 --enable-threads=posix --disable-libmudflap --disable-libssp --with-gnu-as --with-as=/scratch/gcc/nightly-2005-08-09-4.0/hppa2.0w-hp-hpux11.11/build_gcc/install/bin/as --without-gnu-ld --with-ld=/usr/ccs/bin/ld --prefix=/scratch/gcc/nightly-2005-08-09-4.0/hppa2.0w-hp-hpux11.11/build_gcc/install --enable-languages=c,c++


Index Nav: [Date Index] [Subject Index] [Author Index] [Thread Index]
Message Nav: [Date Prev] [Date Next] [Thread Prev] [Thread Next]