This is the mail archive of the
gcc-testresults@gcc.gnu.org
mailing list for the GCC project.
Results for 4.1.0 20050808 (experimental) testsuite on alphaev67-unknown-linux-gnu
- From: Richard Henderson <rth at twiddle dot net>
- To: gcc-testresults at gcc dot gnu dot org
- Date: Mon, 08 Aug 2005 10:08:29 -0700
- Subject: Results for 4.1.0 20050808 (experimental) testsuite on alphaev67-unknown-linux-gnu
LAST_UPDATED: Mon Aug 8 02:05:14 UTC 2005
Native configuration is alphaev67-unknown-linux-gnu
=== libffi tests ===
Running target unix
=== libffi Summary ===
# of expected passes 228
# of unsupported tests 2
=== libjava tests ===
Running target unix
=== libjava Summary ===
# of expected passes 3917
# of expected failures 10
# of untested testcases 8
=== libmudflap tests ===
Running target unix
=== libmudflap Summary ===
# of expected passes 1771
=== libstdc++ tests ===
Running target unix
FAIL: abi_check
FAIL: 26_numerics/cstdlib/13943.cc (test for excess errors)
WARNING: 26_numerics/cstdlib/13943.cc compilation failed to produce executable
XPASS: 27_io/fpos/14320-1.cc execution test
=== libstdc++ Summary ===
# of expected passes 3235
# of unexpected failures 2
# of unexpected successes 1
# of expected failures 13
# of unsupported tests 315
=== g++ tests ===
Running target unix
FAIL: g++.dg/tls/diag-1.C (test for excess errors)
=== g++ Summary ===
# of expected passes 11090
# of unexpected failures 1
# of expected failures 68
# of unsupported tests 100
/home/rth/work/gcc/bld-cron/gcc/testsuite/../g++ version 4.1.0 20050808 (experimental)
=== gcc tests ===
Running target unix
XPASS: gcc.dg/vect/vect-67.c scan-tree-dump-times vectorized 1 loops 1
FAIL: gcc.dg/vect/vect-91.c scan-tree-dump-times vectorized 1 loops 3
=== gcc Summary ===
# of expected passes 36280
# of unexpected failures 1
# of unexpected successes 1
# of expected failures 92
# of untested testcases 28
# of unsupported tests 570
/home/rth/work/gcc/bld-cron/gcc/xgcc version 4.1.0 20050808 (experimental)
=== gfortran tests ===
Running target unix
XPASS: gfortran.dg/vect/vect-5.f90 -O scan-tree-dump-times vectorized 2 loops 1
XPASS: gfortran.dg/vect/vect-5.f90 -O scan-tree-dump-times Alignment of access forced using peeling 1
XPASS: gfortran.dg/vect/vect-5.f90 -O scan-tree-dump-times Vectorizing an unaligned access 2
=== gfortran Summary ===
# of expected passes 8302
# of unexpected successes 3
# of expected failures 2
# of unsupported tests 31
/home/rth/work/gcc/bld-cron/gcc/testsuite/../gfortran version 4.1.0 20050808 (experimental)
=== objc tests ===
Running target unix
=== objc Summary ===
# of expected passes 1590
# of unsupported tests 24
/home/rth/work/gcc/bld-cron/gcc/xgcc version 4.1.0 20050808 (experimental)
Compiler version: 4.1.0 20050808 (experimental)
Platform: alphaev67-unknown-linux-gnu
configure flags: --prefix=/home/rth/work/gcc/run-41 --enable-languages=c,c++,f95,java,objc