This is the mail archive of the
gcc-testresults@gcc.gnu.org
mailing list for the GCC project.
Results for 4.1.0 20050804 (experimental) testsuite on sparc-sun-solaris2.7
- From: eric at linux dot site (Eric Botcazou)
- To: gcc-testresults at gcc dot gnu dot org
- Date: Thu, 04 Aug 2005 23:42:09 +0200
- Subject: Results for 4.1.0 20050804 (experimental) testsuite on sparc-sun-solaris2.7
LAST_UPDATED: Thu Aug 4 04:48:17 UTC 2005
Native configuration is sparc-sun-solaris2.7
=== g++ tests ===
Running target unix
FAIL: g++.dg/other/ucnid-1.C (test for excess errors)
WARNING: g++.dg/other/ucnid-1.C compilation failed to produce executable
FAIL: g++.dg/warn/miss-format-1.C scanf attribute warning (test for warnings, line 23)
FAIL: g++.dg/warn/miss-format-1.C (test for excess errors)
FAIL: g++.old-deja/g++.benjamin/13908.C (test for excess errors)
FAIL: g++.old-deja/g++.law/profile1.C (test for excess errors)
WARNING: g++.old-deja/g++.law/profile1.C compilation failed to produce executable
=== g++ Summary ===
# of expected passes 11019
# of unexpected failures 5
# of expected failures 68
# of unsupported tests 126
/opt/build/eric/gcc/gcc/testsuite/../g++ version 4.1.0 20050804 (experimental)
=== gcc tests ===
Running target unix
XPASS: gcc.dg/cpp/cmdlne-dI-M.c scan-file (^|\\\\n)cmdlne-dI-M.*:[^\\\\n]*cmdlne-dI-M.c
XPASS: gcc.dg/cpp/cmdlne-dM-M.c scan-file (^|\\\\n)cmdlne-dM-M[^\\\\n]*:[^\\\\n]*cmdlne-dM-M.c
FAIL: gcc.dg/nest.c (test for excess errors)
WARNING: gcc.dg/nest.c compilation failed to produce executable
FAIL: gcc.dg/ucnid-2.c (test for excess errors)
WARNING: gcc.dg/ucnid-2.c compilation failed to produce executable
FAIL: gcc.dg/ucnid-3.c (test for excess errors)
WARNING: gcc.dg/ucnid-3.c compilation failed to produce executable
FAIL: gcc.dg/tree-ssa/gen-vect-25.c execution test
ERROR: gcc.dg/tree-ssa/update-cunroll.c: error executing dg-final: no files matched glob pattern "update-cunroll.c.t??.Invalid sum"
UNRESOLVED: gcc.dg/tree-ssa/update-cunroll.c: error executing dg-final: no files matched glob pattern "update-cunroll.c.t??.Invalid sum"
FAIL: gcc.dg/vect/vect-105.c scan-tree-dump-times vectorized 1 loops 1
XPASS: gcc.dg/vect/vect-67.c scan-tree-dump-times vectorized 1 loops 1
FAIL: gcc.dg/vect/vect-reduc-1char.c scan-tree-dump-times vectorized 3 loops 1
FAIL: gcc.dg/vect/vect-reduc-1short.c scan-tree-dump-times vectorized 3 loops 1
FAIL: gcc.dg/vect/vect-reduc-2char.c scan-tree-dump-times vectorized 3 loops 1
FAIL: gcc.dg/vect/vect-reduc-2short.c scan-tree-dump-times vectorized 3 loops 1
=== gcc Summary ===
# of expected passes 36126
# of unexpected failures 9
# of unexpected successes 3
# of expected failures 101
# of unresolved testcases 1
# of untested testcases 28
# of unsupported tests 585
/opt/build/eric/gcc/gcc/xgcc version 4.1.0 20050804 (experimental)
=== gfortran tests ===
Running target unix
=== gfortran Summary ===
# of expected passes 8197
# of expected failures 5
# of unsupported tests 31
/opt/build/eric/gcc/gcc/testsuite/../gfortran version 4.1.0 20050804 (experimental)
=== obj-c++ tests ===
Running target unix
FAIL: obj-c++.dg/bitfield-2.mm execution test
FAIL: obj-c++.dg/cxx-ivars-1.mm execution test
FAIL: obj-c++.dg/cxx-ivars-2.mm execution test
FAIL: obj-c++.dg/cxx-scope-1.mm execution test
FAIL: obj-c++.dg/defs.mm execution test
FAIL: obj-c++.dg/encode-4.mm execution test
FAIL: obj-c++.dg/encode-5.mm execution test
FAIL: obj-c++.dg/encode-6.mm (test for excess errors)
WARNING: obj-c++.dg/encode-6.mm compilation failed to produce executable
FAIL: obj-c++.dg/encode-8.mm execution test
FAIL: obj-c++.dg/isa-field-1.mm (test for excess errors)
FAIL: obj-c++.dg/lookup-2.mm (test for excess errors)
WARNING: obj-c++.dg/lookup-2.mm compilation failed to produce executable
FAIL: obj-c++.dg/method-10.mm execution test
FAIL: obj-c++.dg/method-17.mm execution test
FAIL: obj-c++.dg/method-19.mm execution test
FAIL: obj-c++.dg/proto-lossage-3.mm execution test
FAIL: obj-c++.dg/proto-qual-1.mm execution test
FAIL: obj-c++.dg/qual-types-1.mm execution test
FAIL: obj-c++.dg/template-1.mm execution test
FAIL: obj-c++.dg/template-4.mm execution test
FAIL: obj-c++.dg/try-catch-2.mm (test for excess errors)
WARNING: obj-c++.dg/try-catch-2.mm compilation failed to produce executable
FAIL: obj-c++.dg/try-catch-9.mm (test for excess errors)
WARNING: obj-c++.dg/try-catch-9.mm compilation failed to produce executable
FAIL: obj-c++.dg/va-meth-1.mm execution test
=== obj-c++ Summary ===
# of expected passes 398
# of unexpected failures 22
# of unsupported tests 13
/opt/build/eric/gcc/gcc/testsuite/../g++ version 4.1.0 20050804 (experimental)
=== objc tests ===
Running target unix
=== objc Summary ===
# of expected passes 1592
# of unsupported tests 23
/opt/build/eric/gcc/gcc/xgcc version 4.1.0 20050804 (experimental)
=== libstdc++ tests ===
Running target unix
FAIL: 23_containers/set/explicit_instantiation/1.cc (test for excess errors)
=== libstdc++ Summary ===
# of expected passes 2490
# of unexpected failures 1
# of expected failures 13
# of unsupported tests 145
Compiler version: 4.1.0 20050804 (experimental)
Platform: sparc-sun-solaris2.7
configure flags: --prefix=/opt/build/eric/local/gcc --with-gmp=/opt/build/eric/local --with-mpfr=/opt/build/eric/local --with-local-prefix=/opt/build/eric/local --enable-checking=assert,misc --disable-libgcj --enable-languages=c,c++,f95,java,objc,obj-c++
BOOT_CFLAGS=-g -O2