This is the mail archive of the
gcc-testresults@gcc.gnu.org
mailing list for the GCC project.
Results for 4.1.0 20050802 (experimental) testsuite on powerpc-apple-darwin7.4.0
- From: regress at gcc-regress dot apple dot com (regress)
- To: gcc-testresults at gcc dot gnu dot org
- Date: Wed, 3 Aug 2005 02:58:11 -0700 (PDT)
- Subject: Results for 4.1.0 20050802 (experimental) testsuite on powerpc-apple-darwin7.4.0
LAST_UPDATED:
Native configuration is powerpc-apple-darwin7.4.0
=== g++ tests ===
Running target unix
FAIL: g++.dg/opt/inline4.C (test for excess errors)
ERROR: g++.dg/opt/inline4.C: error executing dg-final: couldn't open "inline4.s": no such file or directory
UNRESOLVED: g++.dg/opt/inline4.C: error executing dg-final: couldn't open "inline4.s": no such file or directory
FAIL: g++.dg/tree-ssa/pr14814.C scan-tree-dump-times &this 0
FAIL: g++.dg/warn/weak1.C (test for excess errors)
WARNING: g++.dg/warn/weak1.C compilation failed to produce executable
FAIL: 102:is -:should be 1
FAIL: 258: expected branch percentages not found: 25
FAIL: g++.dg/gcov/gcov-1.C gcov: 1 failures in line counts, 1 in branch percentages, 0 in return percentages
FAIL: g++.dg/special/conpr-3.C execution test
XPASS: g++.old-deja/g++.eh/badalloc1.C execution test
=== g++ Summary ===
# of expected passes 11104
# of unexpected failures 7
# of unexpected successes 1
# of expected failures 67
# of unresolved testcases 1
# of unsupported tests 115
/Users/regress/tbox/native/build/gcc/testsuite/../g++ version 4.1.0 20050802 (experimental)
=== gcc tests ===
Running target unix
FAIL: gcc.c-torture/execute/20050713-1.c execution, -Os
FAIL: tmpdir-gcc.dg-struct-layout-1/t001 c_compat_x_tst.o-c_compat_y_tst.o execute
FAIL: tmpdir-gcc.dg-struct-layout-1/t025 c_compat_x_tst.o-c_compat_y_tst.o execute
FAIL: tmpdir-gcc.dg-struct-layout-1/t026 c_compat_x_tst.o-c_compat_y_tst.o execute
FAIL: tmpdir-gcc.dg-struct-layout-1/t027 c_compat_x_tst.o-c_compat_y_tst.o execute
FAIL: tmpdir-gcc.dg-struct-layout-1/t028 c_compat_x_tst.o-c_compat_y_tst.o execute
FAIL: gcc.dg/darwin-longlong.c execution test
FAIL: gcc.dg/rs6000-power2-2.c scan-assembler-not lfd
FAIL: gcc.dg/rs6000-power2-2.c scan-assembler lfq
FAIL: gcc.dg/rs6000-power2-2.c scan-assembler stfq
FAIL: gcc.dg/stabs-attrib-vect-darwin.c scan-assembler .stabs.*vi:\\\\(0,16\\\\)=@V
ERROR: gcc.dg/tree-ssa/update-threading.c: error executing dg-final: no files matched glob pattern "update-threading.c.t??.Invalid sum"
UNRESOLVED: gcc.dg/tree-ssa/update-threading.c: error executing dg-final: no files matched glob pattern "update-threading.c.t??.Invalid sum"
XPASS: gcc.dg/vect/vect-67.c scan-tree-dump-times vectorized 1 loops 1
FAIL: 96:is -:should be 1
FAIL: gcc.misc-tests/gcov-4.c gcov: 1 failures in line counts, 0 in branch percentages, 0 in return percentages
FAIL: 211: expected branch percentages not found: 25
FAIL: gcc.misc-tests/gcov-4b.c gcov: 0 failures in line counts, 1 in branch percentages, 0 in return percentages
=== gcc Summary ===
# of expected passes 38942
# of unexpected failures 15
# of unexpected successes 1
# of expected failures 98
# of unresolved testcases 1
# of untested testcases 28
# of unsupported tests 470
/Users/regress/tbox/native/build/gcc/xgcc version 4.1.0 20050802 (experimental)
=== objc tests ===
Running target unix
FAIL: objc.dg/try-catch-11.m execution test
=== objc Summary ===
# of expected passes 1643
# of unexpected failures 1
# of unsupported tests 1
/Users/regress/tbox/native/build/gcc/xgcc version 4.1.0 20050802 (experimental)
=== libffi tests ===
Running target unix
=== libffi Summary ===
# of expected passes 228
# of unsupported tests 2
=== libjava tests ===
Running target unix
FAIL: Array_3 -O3 execution - bytecode->native test
=== libjava Summary ===
# of expected passes 3915
# of unexpected failures 1
# of expected failures 10
# of untested testcases 9
=== libstdc++ tests ===
Running target unix
FAIL: 22_locale/money_get/get/char/5.cc execution test
FAIL: 22_locale/money_get/get/char/5.cc execution test
FAIL: 22_locale/money_get/get/char/5.cc execution test
FAIL: 22_locale/money_get/get/wchar_t/5.cc execution test
FAIL: 22_locale/money_get/get/wchar_t/5.cc execution test
FAIL: 22_locale/money_get/get/wchar_t/5.cc execution test
FAIL: 22_locale/num_get/get/char/10.cc execution test
FAIL: 22_locale/num_get/get/char/10.cc execution test
FAIL: 22_locale/num_get/get/char/10.cc execution test
FAIL: 22_locale/num_get/get/char/4.cc execution test
FAIL: 22_locale/num_get/get/char/4.cc execution test
FAIL: 22_locale/num_get/get/char/4.cc execution test
FAIL: 22_locale/num_get/get/wchar_t/10.cc execution test
FAIL: 22_locale/num_get/get/wchar_t/10.cc execution test
FAIL: 22_locale/num_get/get/wchar_t/10.cc execution test
FAIL: 22_locale/num_get/get/wchar_t/4.cc execution test
FAIL: 22_locale/num_get/get/wchar_t/4.cc execution test
FAIL: 22_locale/num_get/get/wchar_t/4.cc execution test
FAIL: 26_numerics/cmath/c99_classification_macros_c.cc (test for excess errors)
FAIL: 27_io/basic_filebuf/seekoff/char/1-io.cc execution test
FAIL: 27_io/basic_filebuf/seekoff/char/1-io.cc execution test
FAIL: 27_io/basic_filebuf/seekoff/char/2-io.cc execution test
FAIL: 27_io/basic_filebuf/seekoff/char/2-io.cc execution test
FAIL: 27_io/basic_filebuf/seekpos/char/1-io.cc execution test
FAIL: 27_io/basic_filebuf/seekpos/char/1-io.cc execution test
FAIL: 27_io/basic_filebuf/seekpos/char/2-io.cc execution test
FAIL: 27_io/basic_filebuf/seekpos/char/2-io.cc execution test
FAIL: 27_io/basic_istream/extractors_arithmetic/char/01.cc execution test
FAIL: 27_io/basic_istream/extractors_arithmetic/char/01.cc execution test
FAIL: 27_io/basic_istream/extractors_arithmetic/char/01.cc execution test
FAIL: 27_io/basic_istream/extractors_arithmetic/wchar_t/01.cc execution test
FAIL: 27_io/basic_istream/extractors_arithmetic/wchar_t/01.cc execution test
FAIL: 27_io/basic_istream/extractors_arithmetic/wchar_t/01.cc execution test
FAIL: 27_io/ios_base/storage/11584.cc execution test
FAIL: 27_io/ios_base/storage/11584.cc execution test
FAIL: ext/mt_allocator/check_new.cc execution test
FAIL: ext/pool_allocator/check_new.cc execution test
=== libstdc++ Summary ===
# of expected passes 7612
# of unexpected failures 37
# of expected failures 36
# of unsupported tests 918
Compiler version: 4.1.0 20050802 (experimental)
Platform: powerpc-apple-darwin7.4.0
configure flags: --prefix=/Users/regress/tbox/objs --target=powerpc-apple-darwin7.4.0 --enable-languages=c,c++,java,objc