This is the mail archive of the gcc-testresults@gcc.gnu.org mailing list for the GCC project.


Index Nav: [Date Index] [Subject Index] [Author Index] [Thread Index]
Message Nav: [Date Prev] [Date Next] [Thread Prev] [Thread Next]
Other format: [Raw text]

Results for 4.0.2 20050726 (prerelease) testsuite on x86_64-suse-linux-gnu


Bootstrap and regtesting on x86_64-suse-linux-gnu.
CVS sources: branch: 4.0 release branch.
LAST_UPDATED: Tue Jul 26 19:42:55 UTC 2005

		=== acats tests ===

		=== acats Summary ===
# of expected passes		2320
# of unexpected failures	0
Native configuration is x86_64-suse-linux-gnu

		=== gcc tests ===


Running target unix/-m32
XPASS: gcc.dg/vect/vect-22.c scan-tree-dump-times vectorized 3 loops 1

		=== gcc Summary for unix/-m32 ===

# of expected passes		34648
# of unexpected successes	1
# of expected failures		93
# of untested testcases		28
# of unsupported tests		439

Running target unix
XPASS: gcc.dg/vect/vect-22.c scan-tree-dump-times vectorized 3 loops 1

		=== gcc Summary for unix ===

# of expected passes		34651
# of unexpected successes	1
# of expected failures		97
# of untested testcases		28
# of unsupported tests		433

		=== gcc Summary ===

# of expected passes		69299
# of unexpected successes	2
# of expected failures		190
# of untested testcases		56
# of unsupported tests		872
/builds/gcc/misc/gcc/xgcc  version 4.0.2 20050726 (prerelease)

		=== gfortran tests ===


Running target unix/-m32
FAIL: gfortran.fortran-torture/execute/intrinsic_eoshift.f90 compilation,  -O3 -fomit-frame-pointer -funroll-loops 
FAIL: gfortran.fortran-torture/execute/intrinsic_eoshift.f90 compilation,  -O3 -fomit-frame-pointer -funroll-all-loops -finline-functions 

		=== gfortran Summary for unix/-m32 ===

# of expected passes		7735
# of unexpected failures	2
# of expected failures		2
# of untested testcases		2
# of unsupported tests		16

Running target unix
FAIL: gfortran.fortran-torture/execute/intrinsic_eoshift.f90 compilation,  -O3 -fomit-frame-pointer -funroll-loops 
FAIL: gfortran.fortran-torture/execute/intrinsic_eoshift.f90 compilation,  -O3 -fomit-frame-pointer -funroll-all-loops -finline-functions 

		=== gfortran Summary for unix ===

# of expected passes		7735
# of unexpected failures	2
# of expected failures		2
# of untested testcases		2
# of unsupported tests		16

		=== gfortran Summary ===

# of expected passes		15470
# of unexpected failures	4
# of expected failures		4
# of untested testcases		4
# of unsupported tests		32
/builds/gcc/misc/gcc/testsuite/../gfortran  version 4.0.2 20050726 (prerelease)

		=== g++ tests ===


Running target unix/-m32
FAIL: g++.dg/eh/simd-1.C (test for excess errors)
FAIL: g++.dg/eh/simd-2.C (test for excess errors)
XPASS: g++.old-deja/g++.other/init5.C execution test

		=== g++ Summary for unix/-m32 ===

# of expected passes		10960
# of unexpected failures	2
# of unexpected successes	1
# of expected failures		69
# of unsupported tests		88

Running target unix
XPASS: g++.old-deja/g++.other/init5.C execution test

		=== g++ Summary for unix ===

# of expected passes		10930
# of unexpected successes	1
# of expected failures		69
# of unsupported tests		90

		=== g++ Summary ===

# of expected passes		21890
# of unexpected failures	2
# of unexpected successes	2
# of expected failures		138
# of unsupported tests		178
/builds/gcc/misc/gcc/testsuite/../g++  version 4.0.2 20050726 (prerelease)

		=== objc tests ===


Running target unix/-m32

		=== objc Summary for unix/-m32 ===

# of expected passes		1534
# of unsupported tests		10

Running target unix

		=== objc Summary for unix ===

# of expected passes		1534
# of unsupported tests		10

		=== objc Summary ===

# of expected passes		3068
# of unsupported tests		20
/builds/gcc/misc/gcc/xgcc  version 4.0.2 20050726 (prerelease)

		=== treelang tests ===


Running target unix/-m32

		=== treelang Summary for unix/-m32 ===

# of expected passes		47

Running target unix

		=== treelang Summary for unix ===


		=== treelang Summary ===

# of expected passes		47
		=== libffi tests ===


Running target unix/-m32

		=== libffi Summary for unix/-m32 ===

# of expected passes		219
# of unsupported tests		2

Running target unix

		=== libffi Summary for unix ===

# of expected passes		219
# of unsupported tests		2

		=== libffi Summary ===

# of expected passes		438
# of unsupported tests		4
		=== libjava tests ===


Running target unix/-m32

		=== libjava Summary for unix/-m32 ===

# of expected passes		3796
# of expected failures		14
# of untested testcases		16

Running target unix

		=== libjava Summary for unix ===

# of expected passes		3796
# of expected failures		14
# of untested testcases		16

		=== libjava Summary ===

# of expected passes		7592
# of expected failures		28
# of untested testcases		32
		=== libmudflap tests ===


Running target unix/-m32
FAIL: libmudflap.cth/pass40-frag.c execution test
FAIL: libmudflap.cth/pass40-frag.c output pattern test
FAIL: libmudflap.cth/pass40-frag.c (-O2) execution test
FAIL: libmudflap.cth/pass40-frag.c (-O2) output pattern test
FAIL: libmudflap.cth/pass40-frag.c (-O3) execution test
FAIL: libmudflap.cth/pass40-frag.c (-O3) output pattern test

		=== libmudflap Summary for unix/-m32 ===

# of expected passes		1282
# of unexpected failures	6

Running target unix

		=== libmudflap Summary for unix ===

# of expected passes		1288

		=== libmudflap Summary ===

# of expected passes		2570
# of unexpected failures	6
		=== libstdc++ tests ===


Running target unix/-m32
XPASS: 22_locale/locale/cons/12658_thread-1.cc execution test
FAIL: 22_locale/messages/members/char/1.cc execution test
FAIL: 22_locale/messages/members/char/2.cc execution test
FAIL: 22_locale/messages/members/char/wrapped_env.cc execution test
FAIL: 22_locale/messages/members/char/wrapped_locale.cc execution test
FAIL: 22_locale/messages_byname/named_equivalence.cc execution test
XPASS: 26_numerics/cmath/c99_classification_macros_c.cc (test for excess errors)

		=== libstdc++ Summary for unix/-m32 ===

# of expected passes		3639
# of unexpected failures	5
# of unexpected successes	2
# of expected failures		12

Running target unix
XPASS: 22_locale/locale/cons/12658_thread-1.cc execution test
XPASS: 26_numerics/cmath/c99_classification_macros_c.cc (test for excess errors)
XPASS: 27_io/fpos/14320-1.cc execution test

		=== libstdc++ Summary for unix ===

# of expected passes		3644
# of unexpected successes	3
# of expected failures		11

		=== libstdc++ Summary ===

# of expected passes		7283
# of unexpected failures	5
# of unexpected successes	5
# of expected failures		23

Compiler version: 4.0.2 20050726 (prerelease) 
Platform: x86_64-suse-linux-gnu
configure flags: --prefix=/opt/gcc/4.0-devel --enable-checking=misc,tree,gc,rtl,rtlflag,assert --enable-threads=posix --enable-clocale=gnu --enable-__cxa_atexit --enable-shared --with-system-zlib x86_64-suse-linux-gnu --enable-languages=c,ada,c++,f95,java,objc,treelang
Version of binutils: GNU ld version 2.15.94.0.2.2 20041220 (SuSE Linux)
Version of glibc (/lib/libc.so.6): 2.3.4 (20050218)
Version of glibc (/lib64/libc.so.6): 2.3.4 (20050218)


Index Nav: [Date Index] [Subject Index] [Author Index] [Thread Index]
Message Nav: [Date Prev] [Date Next] [Thread Prev] [Thread Next]