This is the mail archive of the gcc-testresults@gcc.gnu.org mailing list for the GCC project.


Index Nav: [Date Index] [Subject Index] [Author Index] [Thread Index]
Message Nav: [Date Prev] [Date Next] [Thread Prev] [Thread Next]
Other format: [Raw text]

Results for 3.4.3 20050227 (Red Hat 3.4.3-22.sparc) testsuite on sparc64-redhat-linux-gnu


Aurora SPARC Linux release 2.0 (Kashmir FC3) UltraSparc I (SpitFire) sun4u:

(auroralinux corona + rathann's and rzm's FC3 updates)

binutils-2.15.92.0.2-5.1sparc
bison-1.875c-2.sparc
dejagnu-1.4.4-2.noarch
expect-5.42.1-1.sparc
gcc-3.4.2-6.fc3.sparc
package gcc4 is not installed
glibc-2.3.5-0.fc3.1.sparcv9
glibc-2.3.5-0.fc3.1.sparc64
glibc-devel-2.3.5-0.fc3.1.sparc
glibc-devel-2.3.5-0.fc3.1.sparc64
glibc-headers-2.3.5-0.fc3.1.sparc
glibc-kernheaders-2.6-20sparc.sparc
gmp-4.1.4-3sparc.sparc
gmp-4.1.4-3sparc.sparc64
gmp-devel-4.1.4-3sparc.sparc
gmp-devel-4.1.4-3sparc.sparc64
kernel-2.6.11-1.1305sp1.sparc64
package kernel-devel is not installed
package kernel-smp is not installed
libgcc-3.4.2-6.fc3.sparc
libgcc-3.4.2-6.fc3.sparc64
libstdc++-3.4.2-6.fc3.sparc
libstdc++-3.4.2-6.fc3.sparc64
libstdc++-devel-3.4.2-6.fc3.sparc
libstdc++-devel-3.4.2-6.fc3.sparc64
make-3.80-5.sparc
nptl-devel-2.3.5-0.fc3.1.sparcv9
tcl-8.4.7-2.sparc

LAST_UPDATED: 
Native configuration is sparc64-redhat-linux-gnu

		=== g77 tests ===


Running target unix

		=== g77 Summary ===

# of expected passes		1812
# of unsupported tests		6
/usr/src/redhat/BUILD/gcc-3.4.3-20050228/obj-sparc64-redhat-linux/gcc/testsuite/../g77
 version 3.4.3 20050227 (Red Hat 3.4.3-22.sparc)

		=== gcc tests ===


Running target unix
FAIL: gcc.c-torture/execute/20050113-1.c compilation,  -O0 
UNRESOLVED: gcc.c-torture/execute/20050113-1.c execution,  -O0 
FAIL: gcc.c-torture/execute/20050113-1.c compilation,  -O1 
UNRESOLVED: gcc.c-torture/execute/20050113-1.c execution,  -O1 
FAIL: gcc.c-torture/execute/20050113-1.c compilation,  -O2 
UNRESOLVED: gcc.c-torture/execute/20050113-1.c execution,  -O2 
FAIL: gcc.c-torture/execute/20050113-1.c compilation,  -O3 -fomit-frame-pointer 
UNRESOLVED: gcc.c-torture/execute/20050113-1.c execution,  -O3
-fomit-frame-pointer
FAIL: gcc.c-torture/execute/20050113-1.c compilation,  -O3 -g 
UNRESOLVED: gcc.c-torture/execute/20050113-1.c execution,  -O3 -g 
FAIL: gcc.c-torture/execute/20050113-1.c compilation,  -Os 
UNRESOLVED: gcc.c-torture/execute/20050113-1.c execution,  -Os 
FAIL: gcc.c-torture/execute/conversion.c execution,  -O3 -fomit-frame-pointer 
FAIL: gcc.c-torture/execute/conversion.c execution,  -O3 -g 
UNRESOLVED: gcc.c-torture/execute/simd-4.c execution,  -O0 
UNRESOLVED: gcc.c-torture/execute/va-arg-25.c execution,  -O0 
UNRESOLVED: gcc.c-torture/execute/va-arg-25.c execution,  -O1 
UNRESOLVED: gcc.c-torture/execute/va-arg-25.c execution,  -O2 
UNRESOLVED: gcc.c-torture/execute/va-arg-25.c execution,  -O3
-fomit-frame-pointer
UNRESOLVED: gcc.c-torture/execute/va-arg-25.c execution,  -O3 -g 
UNRESOLVED: gcc.c-torture/execute/va-arg-25.c execution,  -Os 
UNRESOLVED: gcc.dg/compat/vector-1 c_compat_x_tst.o-c_compat_y_tst.o link 
UNRESOLVED: gcc.dg/compat/vector-1 c_compat_x_tst.o-c_compat_y_tst.o execute 
UNRESOLVED: gcc.dg/compat/vector-2 c_compat_x_tst.o-c_compat_y_tst.o link 
UNRESOLVED: gcc.dg/compat/vector-2 c_compat_x_tst.o-c_compat_y_tst.o execute 
FAIL: gcc.dg/builtins-18.c (test for excess errors)
FAIL: gcc.dg/cleanup-8.c execution test
FAIL: gcc.dg/cleanup-9.c execution test
XPASS: gcc.dg/uninit-4.c uninitialized variable warning (test for
bogus messages, line 26)
FAIL: gcc.dg/pch/static-1.c -O0 -g assembly comparison
FAIL: gcc.dg/pch/static-1.c  -O0  assembly comparison
FAIL: gcc.dg/pch/static-1.c  -O1  assembly comparison
FAIL: gcc.dg/pch/static-2.c -O0 -g assembly comparison
FAIL: gcc.dg/pch/static-2.c  -O0  assembly comparison
FAIL: gcc.dg/pch/static-2.c  -O1  assembly comparison
FAIL: gcc.dg/pch/static-3.c -O0 -g assembly comparison
FAIL: gcc.dg/pch/static-3.c  -O0  assembly comparison
FAIL: gcc.dg/pch/static-3.c  -O1  assembly comparison
FAIL: gcc.dg/special/gcsec-1.c (test for excess errors)
FAIL: gcc.dg/tls/alias-1.c (test for excess errors)
FAIL: gcc.dg/tls/opt-2.c (test for excess errors)
FAIL: linkage.c

		=== gcc Summary ===

# of expected passes		25068
# of unexpected failures	24
# of unexpected successes	1
# of expected failures		95
# of unresolved testcases	17
# of untested testcases		7
# of unsupported tests		334
/usr/src/redhat/BUILD/gcc-3.4.3-20050228/obj-sparc64-redhat-linux/gcc/xgcc
version 3.4.3 20050227 (Red Hat 3.4.3-22.sparc)

		=== g++ tests ===


Running target unix
WARNING: g++.dg/eh/simd-1.C compilation failed to produce executable
WARNING: g++.dg/eh/simd-2.C compilation failed to produce executable
FAIL: g++.dg/pch/system-1.C -g assembly comparison
FAIL: g++.dg/pch/system-2.C -g assembly comparison
WARNING: g++.old-deja/g++.mike/p10769a.C compilation failed to produce
executable
WARNING: g++.old-deja/g++.other/enum5.C compilation failed to produce executable
XPASS: g++.old-deja/g++.other/init5.C execution test
WARNING: g++.old-deja/g++.pt/friend44.C compilation failed to produce executable

		=== g++ Summary ===

# of expected passes		9836
# of unexpected failures	2
# of unexpected successes	1
# of expected failures		71
# of unsupported tests		63
/usr/src/redhat/BUILD/gcc-3.4.3-20050228/obj-sparc64-redhat-linux/gcc/testsuite/../g++
 version 3.4.3 20050227 (Red Hat 3.4.3-22.sparc)

		=== objc tests ===


Running target unix

		=== objc Summary ===

# of expected passes		1352
# of unsupported tests		8
/usr/src/redhat/BUILD/gcc-3.4.3-20050228/obj-sparc64-redhat-linux/gcc/xgcc
 version 3.4.3 20050227 (Red Hat 3.4.3-22.sparc)


		=== libstdc++-v3 check-abi Summary ===

# of added symbols:		 499
# of missing symbols:		 501
# of incompatible symbols:	 501

using: /usr/src/redhat/BUILD/gcc-3.4.3-20050228/libstdc++-v3/config/abi/sparc-linux-gnu/baseline_symbols.txt

		=== libstdc++ tests ===


Running target unix
WARNING: program timed out.
XPASS: 27_io/fpos/14320-1.cc execution test

		=== libstdc++ Summary ===

# of expected passes		2716
# of unexpected successes	1
# of expected failures		6

Compiler version: 3.4.3 20050227 (Red Hat 3.4.3-22.sparc) 
Platform: sparc64-redhat-linux-gnu
configure flags: --prefix=/usr --mandir=/usr/share/man
--infodir=/usr/share/info --enable-shared --enable-threads=posix
--disable-checking --with-system-zlib --enable-__cxa_atexit
--disable-libunwind-exceptions --enable-languages=c,c++,objc,java,f77
--disable-libgcj --host=sparc64-redhat-linux


Index Nav: [Date Index] [Subject Index] [Author Index] [Thread Index]
Message Nav: [Date Prev] [Date Next] [Thread Prev] [Thread Next]