This is the mail archive of the
gcc-testresults@gcc.gnu.org
mailing list for the GCC project.
Results for 4.1.0 20050718 (experimental) testsuite on x86_64-unknown-linux-gnu
- From: "Kaveh R. Ghazi" <ghazi at caipclassic dot rutgers dot edu>
- To: gcc-testresults at gcc dot gnu dot org
- Date: Mon, 18 Jul 2005 23:31:37 -0400 (EDT)
- Subject: Results for 4.1.0 20050718 (experimental) testsuite on x86_64-unknown-linux-gnu
LAST_UPDATED:
Native configuration is x86_64-unknown-linux-gnu
=== g++ tests ===
Running target unix
FAIL: g++.dg/tree-ssa/pr14814.C scan-tree-dump-times &this 0
=== g++ Summary ===
# of expected passes 11084
# of unexpected failures 1
# of expected failures 66
# of unsupported tests 91
/tmp/kg/41/build/gcc/testsuite/../g++ version 4.1.0 20050718 (experimental)
=== gcc tests ===
Running target unix
WARNING: program timed out.
FAIL: gcc.c-torture/compile/20001226-1.c -O3 -fomit-frame-pointer (test for excess errors)
WARNING: program timed out.
FAIL: gcc.c-torture/compile/20001226-1.c -O3 -g (test for excess errors)
FAIL: gcc.dg/tree-ssa/loop-3.c scan-tree-dump-times step: 1
XPASS: gcc.dg/vect/vect-22.c scan-tree-dump-times vectorized 3 loops 1
XPASS: gcc.dg/vect/vect-67.c scan-tree-dump-times vectorized 1 loops 1
=== gcc Summary ===
# of expected passes 36415
# of unexpected failures 3
# of unexpected successes 2
# of expected failures 93
# of untested testcases 28
# of unsupported tests 438
/tmp/kg/41/build/gcc/xgcc version 4.1.0 20050718 (experimental)
=== gfortran tests ===
Running target unix
XPASS: gfortran.dg/vect/vect-5.f90 -O scan-tree-dump-times vectorized 2 loops 1
XPASS: gfortran.dg/vect/vect-5.f90 -O scan-tree-dump-times Alignment of access forced using peeling 1
XPASS: gfortran.dg/vect/vect-5.f90 -O scan-tree-dump-times Vectorizing an unaligned access 2
=== gfortran Summary ===
# of expected passes 8075
# of unexpected successes 3
# of expected failures 9
# of unsupported tests 16
/tmp/kg/41/build/gcc/testsuite/../gfortran version 4.1.0 20050718 (experimental)
=== objc tests ===
Running target unix
=== objc Summary ===
# of expected passes 1590
# of unsupported tests 23
/tmp/kg/41/build/gcc/xgcc version 4.1.0 20050718 (experimental)
=== libffi tests ===
Running target unix
=== libffi Summary ===
# of expected passes 228
# of unsupported tests 2
=== libjava tests ===
Running target unix
FAIL: Divide_1 output - source compiled test
FAIL: Divide_1 output - gij test
FAIL: Divide_1 output - bytecode->native test
FAIL: Divide_1 -O3 output - source compiled test
FAIL: Divide_1 output - gij test
FAIL: Divide_1 -O3 output - bytecode->native test
=== libjava Summary ===
# of expected passes 3911
# of unexpected failures 6
# of expected failures 10
# of untested testcases 8
=== libstdc++ tests ===
Running target unix
XPASS: 26_numerics/cmath/c99_classification_macros_c.cc (test for excess errors)
XPASS: 27_io/fpos/14320-1.cc execution test
=== libstdc++ Summary ===
# of expected passes 3863
# of unexpected successes 2
# of expected failures 12
Compiler version: 4.1.0 20050718 (experimental)
Platform: x86_64-unknown-linux-gnu
configure flags: --verbose --enable-multilib=no --disable-libmudflap --enable-languages=c,c++,f95,java,objc