This is the mail archive of the gcc-testresults@gcc.gnu.org mailing list for the GCC project.


Index Nav: [Date Index] [Subject Index] [Author Index] [Thread Index]
Message Nav: [Date Prev] [Date Next] [Thread Prev] [Thread Next]
Other format: [Raw text]

Results for 4.0.1 testsuite on x86_64-unknown-linux-gnu


Salutations,

Here are the test results for gcc-4.0.1, built under Fedora Core 4 x86_64 on a
Dell Precision 370 workstation.  A KDE build failed due to gcc-4.0.0 being
blacklisted, hence the compilation of gcc-4.0.1, which I hope to get better
results from.  As of this date a "yum list" does not yet show a gcc update
available, hence recompilation.

Directions at gcc.gnu.org have been followed to the letter without incident.
"make profiledbootstrab" was used to optimize the compiler.

Platform details are appended to this message.  Thanks for all the hard work!

Cheers,
   Matt "Breakpoint" Heck
   breakpoint@runbox.com

"uname -a" yields:

Linux matt.xxxxxxx.xxx 2.6.11-1.1369_FC4smp #1 SMP Thu Jun 2 23:16:33 EDT 2005 x86_64 x86_64 x86_64 GNU/Linux

"cat /proc/cpuinfo" yields:

processor	: 0
vendor_id	: GenuineIntel
cpu family	: 15
model		: 4
model name	:               Intel(R) Pentium(R) 4 CPU 3.00GHz
stepping	: 3
cpu MHz		: 2992.621
cache size	: 2048 KB
physical id	: 0
siblings	: 2
core id		: 0
cpu cores	: 1
fpu		: yes
fpu_exception	: yes
cpuid level	: 3
wp		: yes
flags		: fpu vme de pse tsc msr pae mce cx8 apic sep mtrr pge mca cmov pat pse36 clflush dts acpi mmx fxsr sse sse2 ss ht tm syscall lm constant_tsc pni monitor ds_cpl est cid cx16 xtpr
bogomips	: 5931.00
clflush size	: 64
cache_alignment	: 128
address sizes	: 36 bits physical, 48 bits virtual
power management:

processor	: 1
vendor_id	: GenuineIntel
cpu family	: 15
model		: 4
model name	:               Intel(R) Pentium(R) 4 CPU 3.00GHz
stepping	: 3
cpu MHz		: 2992.621
cache size	: 2048 KB
physical id	: 0
siblings	: 2
core id		: 0
cpu cores	: 1
fpu		: yes
fpu_exception	: yes
cpuid level	: 3
wp		: yes
flags		: fpu vme de pse tsc msr pae mce cx8 apic sep mtrr pge mca cmov pat pse36 clflush dts acpi mmx fxsr sse sse2 ss ht tm syscall lm constant_tsc pni monitor ds_cpl est cid cx16 xtpr
bogomips	: 5980.16
clflush size	: 64
cache_alignment	: 128
address sizes	: 36 bits physical, 48 bits virtual
power management:

LAST_UPDATED: Obtained from CVS: -rgcc_4_0_1_release 

Native configuration is x86_64-unknown-linux-gnu

		=== gcc tests ===


Running target unix
XPASS: gcc.dg/vect/vect-22.c scan-tree-dump-times vectorized 3 loops 1

		=== gcc Summary ===

# of expected passes		34550
# of unexpected successes	1
# of expected failures		105
# of untested testcases		28
# of unsupported tests		433
/home/mheck/gcc/gcc-4.0.1-obj/gcc/xgcc  version 4.0.1

		=== gfortran tests ===


Running target unix

		=== gfortran Summary ===

# of expected passes		6908
# of expected failures		10
# of unsupported tests		16
/home/mheck/gcc/gcc-4.0.1-obj/gcc/testsuite/../gfortran  version 4.0.1

		=== g++ tests ===


Running target unix

		=== g++ Summary ===

# of expected passes		10894
# of expected failures		70
# of unsupported tests		90
/home/mheck/gcc/gcc-4.0.1-obj/gcc/testsuite/../g++  version 4.0.1

		=== objc tests ===


Running target unix

		=== objc Summary ===

# of expected passes		1534
# of unsupported tests		10
/home/mheck/gcc/gcc-4.0.1-obj/gcc/xgcc  version 4.0.1

		=== libffi tests ===


Running target unix

		=== libffi Summary ===

# of expected passes		219
# of unsupported tests		2
		=== libjava tests ===


Running target unix
FAIL: SyncTest execution - gij test

		=== libjava Summary ===

# of expected passes		3794
# of unexpected failures	1
# of expected failures		14
# of untested testcases		17
		=== libmudflap tests ===


Running target unix

		=== libmudflap Summary ===

# of expected passes		1288
		=== libstdc++ tests ===


Running target unix
XPASS: 22_locale/locale/cons/12658_thread-1.cc execution test
XPASS: 26_numerics/cmath/c99_classification_macros_c.cc (test for excess errors)
XPASS: 27_io/fpos/14320-1.cc execution test

		=== libstdc++ Summary ===

# of expected passes		3643
# of unexpected successes	3
# of expected failures		11

Compiler version: 4.0.1 
Platform: x86_64-unknown-linux-gnu
configure flags: --enable-languages=c,c++,f95,java,objc


Index Nav: [Date Index] [Subject Index] [Author Index] [Thread Index]
Message Nav: [Date Prev] [Date Next] [Thread Prev] [Thread Next]