This is the mail archive of the gcc-testresults@gcc.gnu.org mailing list for the GCC project.


Index Nav: [Date Index] [Subject Index] [Author Index] [Thread Index]
Message Nav: [Date Prev] [Date Next] [Thread Prev] [Thread Next]
Other format: [Raw text]

Results for 4.0.2 20050714 (prerelease) testsuite on i386-unknown-freebsd4.11


Using gmake with objdir configuration on ref4 (see key)

NOTE: Failed to install without error
LAST_UPDATED: Thu Jul 14 15:23:31 GMT 2005

Native configuration is i386-unknown-freebsd4.11

		=== g++ tests ===


Running target unix/-pthread

		=== g++ Summary ===

# of expected passes		10966
# of expected failures		70
# of unsupported tests		72
/k/scratch/rittle/gcc-build-ref4-0714/gcc/testsuite/../g++  version 4.0.2 20050714 (prerelease)

		=== gcc tests ===


Running target unix/-pthread
FAIL: gcc.c-torture/execute/conversion.c execution,  -O0 
FAIL: gcc.c-torture/execute/conversion.c execution,  -O1 
FAIL: gcc.c-torture/execute/conversion.c execution,  -O2 
FAIL: gcc.c-torture/execute/ieee/copysign1.c execution,  -O3 -fomit-frame-pointer 
FAIL: gcc.c-torture/execute/ieee/copysign1.c execution,  -O3 -fomit-frame-pointer -funroll-loops 
FAIL: gcc.c-torture/execute/ieee/copysign1.c execution,  -O3 -fomit-frame-pointer -funroll-all-loops -finline-functions 
FAIL: gcc.c-torture/execute/ieee/copysign1.c execution,  -O3 -g 
FAIL: gcc.c-torture/execute/ieee/copysign1.c execution,  -Os 
FAIL: gcc.c-torture/execute/ieee/copysign2.c execution,  -O0 
FAIL: gcc.c-torture/execute/ieee/copysign2.c execution,  -O1 
FAIL: gcc.c-torture/execute/ieee/copysign2.c execution,  -O3 -fomit-frame-pointer -funroll-loops 
FAIL: gcc.c-torture/execute/ieee/copysign2.c execution,  -O3 -fomit-frame-pointer -funroll-all-loops -finline-functions 
FAIL: gcc.c-torture/execute/ieee/copysign2.c execution,  -Os 
FAIL: gcc.dg/i386-387-3.c scan-assembler fldpi
FAIL: gcc.dg/i386-387-4.c scan-assembler fldpi
FAIL: gcc.dg/intmax_t-1.c (test for excess errors)
FAIL: gcc.dg/wint_t-1.c (test for excess errors)
FAIL: largefile.c -O0 -g (test for excess errors)
FAIL: largefile.c  -O0  (test for excess errors)
FAIL: largefile.c  -O1  (test for excess errors)
FAIL: largefile.c  -O2  (test for excess errors)
FAIL: largefile.c  -O3 -fomit-frame-pointer  (test for excess errors)
FAIL: largefile.c  -O3 -g  (test for excess errors)
FAIL: largefile.c  -Os  (test for excess errors)
XPASS: gcc.dg/tree-ssa/20040204-1.c scan-tree-dump-times link_error 0
XPASS: gcc.dg/vect/vect-22.c scan-tree-dump-times vectorized 3 loops 1

		=== gcc Summary ===

# of expected passes		34772
# of unexpected failures	24
# of unexpected successes	2
# of expected failures		91
# of untested testcases		35
# of unsupported tests		351
/k/scratch/rittle/gcc-build-ref4-0714/gcc/xgcc  version 4.0.2 20050714 (prerelease)

		=== objc tests ===


Running target unix/-pthread

		=== objc Summary ===

# of expected passes		1534
# of unsupported tests		10
/k/scratch/rittle/gcc-build-ref4-0714/gcc/xgcc  version 4.0.2 20050714 (prerelease)

		=== libffi tests ===


Running target unix/-pthread
FAIL: libffi.call/cls_1_1byte.c execution test
FAIL: libffi.call/cls_2byte.c execution test
FAIL: libffi.call/cls_3byte1.c execution test
FAIL: libffi.call/cls_3byte2.c execution test
FAIL: libffi.call/cls_4_1byte.c execution test
FAIL: libffi.call/cls_4byte.c execution test
FAIL: libffi.call/cls_7byte.c execution test
FAIL: libffi.call/cls_8byte.c execution test
FAIL: libffi.call/struct3.c execution test
FAIL: libffi.call/struct5.c execution test
FAIL: libffi.call/struct9.c execution test

		=== libffi Summary ===

# of expected passes		200
# of unexpected failures	11
# of unsupported tests		2
		=== libjava tests ===


Running target unix/-pthread
		=== libmudflap tests ===


Running target unix/-pthread
FAIL: libmudflap.c/fail1-frag.c output pattern test
FAIL: libmudflap.c/fail10-frag.c output pattern test
FAIL: libmudflap.c/fail11-frag.c output pattern test
FAIL: libmudflap.c/fail12-frag.c output pattern test
FAIL: libmudflap.c/fail13-frag.c output pattern test
FAIL: libmudflap.c/fail14-frag.c output pattern test
FAIL: libmudflap.c/fail15-frag.c output pattern test
FAIL: libmudflap.c/fail16-frag.c output pattern test
FAIL: libmudflap.c/fail17-frag.c output pattern test
FAIL: libmudflap.c/fail18-frag.c output pattern test
FAIL: libmudflap.c/fail19-frag.c output pattern test
FAIL: libmudflap.c/fail2-frag.c output pattern test
FAIL: libmudflap.c/fail20-frag.c output pattern test
FAIL: libmudflap.c/fail21-frag.c output pattern test
FAIL: libmudflap.c/fail22-frag.c output pattern test
FAIL: libmudflap.c/fail23-frag.c output pattern test
FAIL: libmudflap.c/fail25-frag.c output pattern test
FAIL: libmudflap.c/fail26-frag.c output pattern test
FAIL: libmudflap.c/fail27-frag.c output pattern test
FAIL: libmudflap.c/fail28-frag.c output pattern test
FAIL: libmudflap.c/fail29-frag.c output pattern test
FAIL: libmudflap.c/fail3-frag.c output pattern test
FAIL: libmudflap.c/fail30-frag.c output pattern test
FAIL: libmudflap.c/fail31-frag.c output pattern test
FAIL: libmudflap.c/fail32-frag.c output pattern test
FAIL: libmudflap.c/fail33-frag.c output pattern test
FAIL: libmudflap.c/fail34-frag.c output pattern test
FAIL: libmudflap.c/fail35-frag.c output pattern test
FAIL: libmudflap.c/fail36-frag.c output pattern test
FAIL: libmudflap.c/fail37-frag.c output pattern test
FAIL: libmudflap.c/fail38-frag.c output pattern test
FAIL: libmudflap.c/fail4-frag.c output pattern test
FAIL: libmudflap.c/fail5-frag.c output pattern test
FAIL: libmudflap.c/fail6-frag.c output pattern test
FAIL: libmudflap.c/fail7-frag.c output pattern test
FAIL: libmudflap.c/fail8-frag.c output pattern test
FAIL: libmudflap.c/fail9-frag.c output pattern test
FAIL: libmudflap.c/heap-scalestress.c execution test
FAIL: libmudflap.c/heap-scalestress.c output pattern test
FAIL: libmudflap.c/hook-allocstuff.c execution test
FAIL: libmudflap.c/hook-allocstuff.c output pattern test
FAIL: libmudflap.c/pass-stratcliff.c execution test
FAIL: libmudflap.c/pass1-frag.c execution test
FAIL: libmudflap.c/pass10-frag.c execution test
FAIL: libmudflap.c/pass11-frag.c execution test
FAIL: libmudflap.c/pass12-frag.c execution test
FAIL: libmudflap.c/pass13-frag.c execution test
FAIL: libmudflap.c/pass14-frag.c execution test
FAIL: libmudflap.c/pass15-frag.c execution test
FAIL: libmudflap.c/pass16-frag.c execution test
FAIL: libmudflap.c/pass17-frag.c execution test
FAIL: libmudflap.c/pass18-frag.c execution test
FAIL: libmudflap.c/pass19-frag.c execution test
FAIL: libmudflap.c/pass2-frag.c execution test
FAIL: libmudflap.c/pass20-frag.c execution test
FAIL: libmudflap.c/pass21-frag.c execution test
FAIL: libmudflap.c/pass22-frag.c execution test
FAIL: libmudflap.c/pass23-frag.c execution test
FAIL: libmudflap.c/pass24-frag.c execution test
FAIL: libmudflap.c/pass25-frag.c execution test
FAIL: libmudflap.c/pass26-frag.c execution test
FAIL: libmudflap.c/pass29-frag.c execution test
FAIL: libmudflap.c/pass3-frag.c execution test
FAIL: libmudflap.c/pass30-frag.c execution test
FAIL: libmudflap.c/pass32-frag.c execution test
FAIL: libmudflap.c/pass33-frag.c execution test
FAIL: libmudflap.c/pass34-frag.c execution test
FAIL: libmudflap.c/pass35-frag.c execution test
FAIL: libmudflap.c/pass36-frag.c execution test
FAIL: libmudflap.c/pass36-frag.c output pattern test
FAIL: libmudflap.c/pass38-frag.c execution test
FAIL: libmudflap.c/pass4-frag.c execution test
FAIL: libmudflap.c/pass42-frag.c execution test
FAIL: libmudflap.c/pass42-frag.c output pattern test
FAIL: libmudflap.c/pass43-frag.c execution test
FAIL: libmudflap.c/pass44-frag.c execution test
FAIL: libmudflap.c/pass45-frag.c execution test
FAIL: libmudflap.c/pass45-frag.c output pattern test
FAIL: libmudflap.c/pass46-frag.c execution test
FAIL: libmudflap.c/pass47-frag.c execution test
FAIL: libmudflap.c/pass48-frag.c execution test
FAIL: libmudflap.c/pass49-frag.c execution test
FAIL: libmudflap.c/pass49-frag.c output pattern test
FAIL: libmudflap.c/pass5-frag.c execution test
FAIL: libmudflap.c/pass50-frag.c execution test
FAIL: libmudflap.c/pass51-frag.c execution test
FAIL: libmudflap.c/pass52-frag.c execution test
FAIL: libmudflap.c/pass53-frag.c execution test
FAIL: libmudflap.c/pass54-frag.c execution test
FAIL: libmudflap.c/pass6-frag.c execution test
FAIL: libmudflap.c/pass7-frag.c execution test
FAIL: libmudflap.c/pass8-frag.c execution test
FAIL: libmudflap.c/pass9-frag.c execution test
FAIL: libmudflap.c/heap-scalestress.c (-static) execution test
FAIL: libmudflap.c/heap-scalestress.c (-static) output pattern test
FAIL: libmudflap.c/pass51-frag.c (-static) execution test
FAIL: libmudflap.c/pass52-frag.c (-static) execution test
FAIL: libmudflap.c/fail1-frag.c (-O2) output pattern test
FAIL: libmudflap.c/fail10-frag.c (-O2) output pattern test
FAIL: libmudflap.c/fail11-frag.c (-O2) output pattern test
FAIL: libmudflap.c/fail12-frag.c (-O2) output pattern test
FAIL: libmudflap.c/fail13-frag.c (-O2) output pattern test
FAIL: libmudflap.c/fail14-frag.c (-O2) output pattern test
FAIL: libmudflap.c/fail15-frag.c (-O2) output pattern test
FAIL: libmudflap.c/fail16-frag.c (-O2) output pattern test
FAIL: libmudflap.c/fail17-frag.c (-O2) output pattern test
FAIL: libmudflap.c/fail18-frag.c (-O2) output pattern test
FAIL: libmudflap.c/fail19-frag.c (-O2) output pattern test
FAIL: libmudflap.c/fail2-frag.c (-O2) output pattern test
FAIL: libmudflap.c/fail20-frag.c (-O2) output pattern test
FAIL: libmudflap.c/fail21-frag.c (-O2) output pattern test
FAIL: libmudflap.c/fail22-frag.c (-O2) output pattern test
FAIL: libmudflap.c/fail23-frag.c (-O2) output pattern test
FAIL: libmudflap.c/fail25-frag.c (-O2) output pattern test
FAIL: libmudflap.c/fail26-frag.c (-O2) output pattern test
FAIL: libmudflap.c/fail27-frag.c (-O2) output pattern test
FAIL: libmudflap.c/fail28-frag.c (-O2) output pattern test
FAIL: libmudflap.c/fail29-frag.c (-O2) output pattern test
FAIL: libmudflap.c/fail3-frag.c (-O2) output pattern test
FAIL: libmudflap.c/fail30-frag.c (-O2) output pattern test
FAIL: libmudflap.c/fail31-frag.c (-O2) output pattern test
FAIL: libmudflap.c/fail32-frag.c (-O2) output pattern test
FAIL: libmudflap.c/fail33-frag.c (-O2) output pattern test
FAIL: libmudflap.c/fail34-frag.c (-O2) output pattern test
FAIL: libmudflap.c/fail35-frag.c (-O2) output pattern test
FAIL: libmudflap.c/fail36-frag.c (-O2) output pattern test
FAIL: libmudflap.c/fail37-frag.c (-O2) output pattern test
FAIL: libmudflap.c/fail38-frag.c (-O2) output pattern test
FAIL: libmudflap.c/fail4-frag.c (-O2) output pattern test
FAIL: libmudflap.c/fail5-frag.c (-O2) output pattern test
FAIL: libmudflap.c/fail6-frag.c (-O2) output pattern test
FAIL: libmudflap.c/fail7-frag.c (-O2) output pattern test
FAIL: libmudflap.c/fail8-frag.c (-O2) output pattern test
FAIL: libmudflap.c/fail9-frag.c (-O2) output pattern test
FAIL: libmudflap.c/heap-scalestress.c (-O2) execution test
FAIL: libmudflap.c/heap-scalestress.c (-O2) output pattern test
FAIL: libmudflap.c/hook-allocstuff.c (-O2) execution test
FAIL: libmudflap.c/hook-allocstuff.c (-O2) output pattern test
FAIL: libmudflap.c/pass-stratcliff.c (-O2) execution test
FAIL: libmudflap.c/pass1-frag.c (-O2) execution test
FAIL: libmudflap.c/pass10-frag.c (-O2) execution test
FAIL: libmudflap.c/pass11-frag.c (-O2) execution test
FAIL: libmudflap.c/pass12-frag.c (-O2) execution test
FAIL: libmudflap.c/pass13-frag.c (-O2) execution test
FAIL: libmudflap.c/pass14-frag.c (-O2) execution test
FAIL: libmudflap.c/pass15-frag.c (-O2) execution test
FAIL: libmudflap.c/pass16-frag.c (-O2) execution test
FAIL: libmudflap.c/pass17-frag.c (-O2) execution test
FAIL: libmudflap.c/pass18-frag.c (-O2) execution test
FAIL: libmudflap.c/pass19-frag.c (-O2) execution test
FAIL: libmudflap.c/pass2-frag.c (-O2) execution test
FAIL: libmudflap.c/pass20-frag.c (-O2) execution test
FAIL: libmudflap.c/pass21-frag.c (-O2) execution test
FAIL: libmudflap.c/pass22-frag.c (-O2) execution test
FAIL: libmudflap.c/pass23-frag.c (-O2) execution test
FAIL: libmudflap.c/pass24-frag.c (-O2) execution test
FAIL: libmudflap.c/pass25-frag.c (-O2) execution test
FAIL: libmudflap.c/pass26-frag.c (-O2) execution test
FAIL: libmudflap.c/pass29-frag.c (-O2) execution test
FAIL: libmudflap.c/pass3-frag.c (-O2) execution test
FAIL: libmudflap.c/pass30-frag.c (-O2) execution test
FAIL: libmudflap.c/pass32-frag.c (-O2) execution test
FAIL: libmudflap.c/pass33-frag.c (-O2) execution test
FAIL: libmudflap.c/pass34-frag.c (-O2) execution test
FAIL: libmudflap.c/pass35-frag.c (-O2) execution test
FAIL: libmudflap.c/pass36-frag.c (-O2) execution test
FAIL: libmudflap.c/pass36-frag.c (-O2) output pattern test
FAIL: libmudflap.c/pass38-frag.c (-O2) execution test
FAIL: libmudflap.c/pass4-frag.c (-O2) execution test
FAIL: libmudflap.c/pass42-frag.c (-O2) execution test
FAIL: libmudflap.c/pass42-frag.c (-O2) output pattern test
FAIL: libmudflap.c/pass43-frag.c (-O2) execution test
FAIL: libmudflap.c/pass44-frag.c (-O2) execution test
FAIL: libmudflap.c/pass45-frag.c (-O2) execution test
FAIL: libmudflap.c/pass45-frag.c (-O2) output pattern test
FAIL: libmudflap.c/pass46-frag.c (-O2) execution test
FAIL: libmudflap.c/pass47-frag.c (-O2) execution test
FAIL: libmudflap.c/pass48-frag.c (-O2) execution test
FAIL: libmudflap.c/pass49-frag.c (-O2) execution test
FAIL: libmudflap.c/pass49-frag.c (-O2) output pattern test
FAIL: libmudflap.c/pass5-frag.c (-O2) execution test
FAIL: libmudflap.c/pass50-frag.c (-O2) execution test
FAIL: libmudflap.c/pass51-frag.c (-O2) execution test
FAIL: libmudflap.c/pass52-frag.c (-O2) execution test
FAIL: libmudflap.c/pass53-frag.c (-O2) execution test
FAIL: libmudflap.c/pass54-frag.c (-O2) execution test
FAIL: libmudflap.c/pass6-frag.c (-O2) execution test
FAIL: libmudflap.c/pass7-frag.c (-O2) execution test
FAIL: libmudflap.c/pass8-frag.c (-O2) execution test
FAIL: libmudflap.c/pass9-frag.c (-O2) execution test
FAIL: libmudflap.c/fail1-frag.c (-O3) output pattern test
FAIL: libmudflap.c/fail10-frag.c (-O3) output pattern test
FAIL: libmudflap.c/fail11-frag.c (-O3) output pattern test
FAIL: libmudflap.c/fail12-frag.c (-O3) output pattern test
FAIL: libmudflap.c/fail13-frag.c (-O3) output pattern test
FAIL: libmudflap.c/fail14-frag.c (-O3) output pattern test
FAIL: libmudflap.c/fail15-frag.c (-O3) output pattern test
FAIL: libmudflap.c/fail16-frag.c (-O3) output pattern test
FAIL: libmudflap.c/fail17-frag.c (-O3) output pattern test
FAIL: libmudflap.c/fail18-frag.c (-O3) output pattern test
FAIL: libmudflap.c/fail19-frag.c (-O3) output pattern test
FAIL: libmudflap.c/fail2-frag.c (-O3) output pattern test
FAIL: libmudflap.c/fail20-frag.c (-O3) output pattern test
FAIL: libmudflap.c/fail21-frag.c (-O3) output pattern test
FAIL: libmudflap.c/fail22-frag.c (-O3) output pattern test
FAIL: libmudflap.c/fail23-frag.c (-O3) output pattern test
FAIL: libmudflap.c/fail25-frag.c (-O3) output pattern test
FAIL: libmudflap.c/fail26-frag.c (-O3) output pattern test
FAIL: libmudflap.c/fail27-frag.c (-O3) output pattern test
FAIL: libmudflap.c/fail28-frag.c (-O3) output pattern test
FAIL: libmudflap.c/fail29-frag.c (-O3) output pattern test
FAIL: libmudflap.c/fail3-frag.c (-O3) output pattern test
FAIL: libmudflap.c/fail30-frag.c (-O3) output pattern test
FAIL: libmudflap.c/fail31-frag.c (-O3) output pattern test
FAIL: libmudflap.c/fail32-frag.c (-O3) output pattern test
FAIL: libmudflap.c/fail33-frag.c (-O3) output pattern test
FAIL: libmudflap.c/fail34-frag.c (-O3) output pattern test
FAIL: libmudflap.c/fail35-frag.c (-O3) output pattern test
FAIL: libmudflap.c/fail36-frag.c (-O3) output pattern test
FAIL: libmudflap.c/fail37-frag.c (-O3) output pattern test
FAIL: libmudflap.c/fail38-frag.c (-O3) output pattern test
FAIL: libmudflap.c/fail4-frag.c (-O3) output pattern test
FAIL: libmudflap.c/fail5-frag.c (-O3) output pattern test
FAIL: libmudflap.c/fail6-frag.c (-O3) output pattern test
FAIL: libmudflap.c/fail7-frag.c (-O3) output pattern test
FAIL: libmudflap.c/fail8-frag.c (-O3) output pattern test
FAIL: libmudflap.c/fail9-frag.c (-O3) output pattern test
FAIL: libmudflap.c/heap-scalestress.c (-O3) execution test
FAIL: libmudflap.c/heap-scalestress.c (-O3) output pattern test
FAIL: libmudflap.c/hook-allocstuff.c (-O3) execution test
FAIL: libmudflap.c/hook-allocstuff.c (-O3) output pattern test
FAIL: libmudflap.c/pass-stratcliff.c (-O3) execution test
FAIL: libmudflap.c/pass1-frag.c (-O3) execution test
FAIL: libmudflap.c/pass10-frag.c (-O3) execution test
FAIL: libmudflap.c/pass11-frag.c (-O3) execution test
FAIL: libmudflap.c/pass12-frag.c (-O3) execution test
FAIL: libmudflap.c/pass13-frag.c (-O3) execution test
FAIL: libmudflap.c/pass14-frag.c (-O3) execution test
FAIL: libmudflap.c/pass15-frag.c (-O3) execution test
FAIL: libmudflap.c/pass16-frag.c (-O3) execution test
FAIL: libmudflap.c/pass17-frag.c (-O3) execution test
FAIL: libmudflap.c/pass18-frag.c (-O3) execution test
FAIL: libmudflap.c/pass19-frag.c (-O3) execution test
FAIL: libmudflap.c/pass2-frag.c (-O3) execution test
FAIL: libmudflap.c/pass20-frag.c (-O3) execution test
FAIL: libmudflap.c/pass21-frag.c (-O3) execution test
FAIL: libmudflap.c/pass22-frag.c (-O3) execution test
FAIL: libmudflap.c/pass23-frag.c (-O3) execution test
FAIL: libmudflap.c/pass24-frag.c (-O3) execution test
FAIL: libmudflap.c/pass25-frag.c (-O3) execution test
FAIL: libmudflap.c/pass26-frag.c (-O3) execution test
FAIL: libmudflap.c/pass29-frag.c (-O3) execution test
FAIL: libmudflap.c/pass3-frag.c (-O3) execution test
FAIL: libmudflap.c/pass30-frag.c (-O3) execution test
FAIL: libmudflap.c/pass32-frag.c (-O3) execution test
FAIL: libmudflap.c/pass33-frag.c (-O3) execution test
FAIL: libmudflap.c/pass34-frag.c (-O3) execution test
FAIL: libmudflap.c/pass35-frag.c (-O3) execution test
FAIL: libmudflap.c/pass36-frag.c (-O3) execution test
FAIL: libmudflap.c/pass36-frag.c (-O3) output pattern test
FAIL: libmudflap.c/pass38-frag.c (-O3) execution test
FAIL: libmudflap.c/pass4-frag.c (-O3) execution test
FAIL: libmudflap.c/pass42-frag.c (-O3) execution test
FAIL: libmudflap.c/pass42-frag.c (-O3) output pattern test
FAIL: libmudflap.c/pass43-frag.c (-O3) execution test
FAIL: libmudflap.c/pass44-frag.c (-O3) execution test
FAIL: libmudflap.c/pass45-frag.c (-O3) execution test
FAIL: libmudflap.c/pass45-frag.c (-O3) output pattern test
FAIL: libmudflap.c/pass46-frag.c (-O3) execution test
FAIL: libmudflap.c/pass47-frag.c (-O3) execution test
FAIL: libmudflap.c/pass48-frag.c (-O3) execution test
FAIL: libmudflap.c/pass49-frag.c (-O3) execution test
FAIL: libmudflap.c/pass49-frag.c (-O3) output pattern test
FAIL: libmudflap.c/pass5-frag.c (-O3) execution test
FAIL: libmudflap.c/pass50-frag.c (-O3) execution test
FAIL: libmudflap.c/pass51-frag.c (-O3) execution test
FAIL: libmudflap.c/pass52-frag.c (-O3) execution test
FAIL: libmudflap.c/pass53-frag.c (-O3) execution test
FAIL: libmudflap.c/pass54-frag.c (-O3) execution test
FAIL: libmudflap.c/pass6-frag.c (-O3) execution test
FAIL: libmudflap.c/pass7-frag.c (-O3) execution test
FAIL: libmudflap.c/pass8-frag.c (-O3) execution test
FAIL: libmudflap.c/pass9-frag.c (-O3) execution test
FAIL: libmudflap.c++/fail24-frag.cxx output pattern test
FAIL: libmudflap.c++/pass27-frag.cxx execution test
FAIL: libmudflap.c++/pass28-frag.cxx execution test
FAIL: libmudflap.c++/pass31-frag.cxx execution test
FAIL: libmudflap.c++/pass41-frag.cxx execution test
FAIL: libmudflap.c++/pass55-frag.cxx execution test
FAIL: libmudflap.c++/fail24-frag.cxx (-O2) output pattern test
FAIL: libmudflap.c++/pass27-frag.cxx (-O2) execution test
FAIL: libmudflap.c++/pass28-frag.cxx (-O2) execution test
FAIL: libmudflap.c++/pass31-frag.cxx (-O2) execution test
FAIL: libmudflap.c++/pass41-frag.cxx (-O2) execution test
FAIL: libmudflap.c++/pass55-frag.cxx (-O2) execution test
FAIL: libmudflap.c++/fail24-frag.cxx (-O3) output pattern test
FAIL: libmudflap.c++/pass27-frag.cxx (-O3) execution test
FAIL: libmudflap.c++/pass28-frag.cxx (-O3) execution test
FAIL: libmudflap.c++/pass31-frag.cxx (-O3) execution test
FAIL: libmudflap.c++/pass41-frag.cxx (-O3) execution test
FAIL: libmudflap.c++/pass55-frag.cxx (-O3) execution test
FAIL: ctors-12 execution 
FAIL: ctors-21 execution 
FAIL: ctors-12 execution -static
FAIL: ctors-21 execution -static
FAIL: ctors-12 execution -O2
FAIL: ctors-21 execution -O2
FAIL: ctors-12 execution -O3
FAIL: ctors-21 execution -O3
FAIL: libmudflap.cth/pass37-frag.c (test for excess errors)
WARNING: libmudflap.cth/pass37-frag.c compilation failed to produce executable
FAIL: libmudflap.cth/pass39-frag.c (test for excess errors)
WARNING: libmudflap.cth/pass39-frag.c compilation failed to produce executable
FAIL: libmudflap.cth/pass40-frag.c (test for excess errors)
WARNING: libmudflap.cth/pass40-frag.c compilation failed to produce executable
FAIL: libmudflap.cth/pass37-frag.c (-static -DSTATIC) (test for excess errors)
WARNING: libmudflap.cth/pass37-frag.c (-static -DSTATIC) compilation failed to produce executable
FAIL: libmudflap.cth/pass39-frag.c (-static -DSTATIC) (test for excess errors)
WARNING: libmudflap.cth/pass39-frag.c (-static -DSTATIC) compilation failed to produce executable
FAIL: libmudflap.cth/pass40-frag.c (-static -DSTATIC) (test for excess errors)
WARNING: libmudflap.cth/pass40-frag.c (-static -DSTATIC) compilation failed to produce executable
FAIL: libmudflap.cth/pass37-frag.c (-O2) (test for excess errors)
WARNING: libmudflap.cth/pass37-frag.c (-O2) compilation failed to produce executable
FAIL: libmudflap.cth/pass39-frag.c (-O2) (test for excess errors)
WARNING: libmudflap.cth/pass39-frag.c (-O2) compilation failed to produce executable
FAIL: libmudflap.cth/pass40-frag.c (-O2) (test for excess errors)
WARNING: libmudflap.cth/pass40-frag.c (-O2) compilation failed to produce executable
FAIL: libmudflap.cth/pass37-frag.c (-O3) (test for excess errors)
WARNING: libmudflap.cth/pass37-frag.c (-O3) compilation failed to produce executable
FAIL: libmudflap.cth/pass39-frag.c (-O3) (test for excess errors)
WARNING: libmudflap.cth/pass39-frag.c (-O3) compilation failed to produce executable
FAIL: libmudflap.cth/pass40-frag.c (-O3) (test for excess errors)
WARNING: libmudflap.cth/pass40-frag.c (-O3) compilation failed to produce executable

		=== libmudflap Summary ===

# of expected passes		639
# of unexpected failures	321
		=== libstdc++ tests ===


Running target unix/-pthread

		=== libstdc++ Summary ===

# of expected passes		2569
# of expected failures		11

Compiler version: 4.0.2 20050714 (prerelease) 
Platform: i386-unknown-freebsd4.11
configure flags: --prefix=/home/ljrittle/ref4/tmp/install-ref4 --with-gmp=/home/ljrittle/ref4 --with-gnu-as --with-as=/usr/bin/as --with-gnu-ld --with-ld=/usr/bin/ld --enable-languages=c,c++,java,objc
BOOT_CFLAGS=-g -O2
Key: gmake is GNU make
     srcdir means in-source configuration was done within the gcc source tree
     objdir means out-source configuration was done within a fresh directory
See http://people.freebsd.org/~ljrittle/daily-gcc-bootstrap-reports
for all related transcript logs and log.sent files (not staged
until after all daily bootstraps for a machine complete).


Index Nav: [Date Index] [Subject Index] [Author Index] [Thread Index]
Message Nav: [Date Prev] [Date Next] [Thread Prev] [Thread Next]