This is the mail archive of the gcc-testresults@gcc.gnu.org mailing list for the GCC project.


Index Nav: [Date Index] [Subject Index] [Author Index] [Thread Index]
Message Nav: [Date Prev] [Date Next] [Thread Prev] [Thread Next]
Other format: [Raw text]

Results for 4.0.1 testsuite on sparc-sun-solaris2.9


LAST_UPDATED: Obtained from CVS: -rgcc_4_0_1_release 

Native configuration is sparc-sun-solaris2.9

		=== g++ tests ===


Running target unix
ERROR: g++.dg/abi/rtti1.C: error executing dg-final: couldn't execute "c++filt": no such file or directory
UNRESOLVED: g++.dg/abi/rtti1.C: error executing dg-final: couldn't execute "c++filt": no such file or directory

		=== g++ Summary ===

# of expected passes		10839
# of expected failures		70
# of unresolved testcases	1
# of unsupported tests		141
/opt/cave/build-gcc/gcc/testsuite/../g++  version 4.0.1

		=== gcc tests ===


Running target unix

		=== gcc Summary ===

# of expected passes		35493
# of expected failures		101
# of untested testcases		28
# of unsupported tests		538
/opt/cave/build-gcc/gcc/xgcc  version 4.0.1

		=== objc tests ===


Running target unix

		=== objc Summary ===

# of expected passes		1534
# of unsupported tests		10
/opt/cave/build-gcc/gcc/xgcc  version 4.0.1

		=== libffi tests ===


Running target unix

		=== libffi Summary ===

# of expected passes		219
# of unsupported tests		2
		=== libjava tests ===


Running target unix
FAIL: Array_3 execution - gij test
FAIL: Array_3 execution - gij test
FAIL: FileHandleGcTest execution - source compiled test
FAIL: FileHandleGcTest execution - gij test
FAIL: FileHandleGcTest execution - bytecode->native test
FAIL: FileHandleGcTest -O3 execution - source compiled test
FAIL: FileHandleGcTest execution - gij test
FAIL: FileHandleGcTest -O3 execution - bytecode->native test

		=== libjava Summary ===

# of expected passes		3780
# of unexpected failures	8
# of expected failures		14
# of untested testcases		24
		=== libstdc++ tests ===


Running target unix

		=== libstdc++ Summary ===

# of expected passes		3621
# of expected failures		14
# of unsupported tests		9

Compiler version: 4.0.1 
Platform: sparc-sun-solaris2.9
configure flags: --disable-nls --prefix=/opt/gcc --enable-threads=posix --disable-multilib --enable-languages=c,c++,java,objc


Index Nav: [Date Index] [Subject Index] [Author Index] [Thread Index]
Message Nav: [Date Prev] [Date Next] [Thread Prev] [Thread Next]