This is the mail archive of the gcc-testresults@gcc.gnu.org mailing list for the GCC project.


Index Nav: [Date Index] [Subject Index] [Author Index] [Thread Index]
Message Nav: [Date Prev] [Date Next] [Thread Prev] [Thread Next]
Other format: [Raw text]

Results for 4.1.0 20050714 (experimental) testsuite on alphaev67-unknown-linux-gnu


LAST_UPDATED: Thu Jul 14 02:07:14 UTC 2005

Native configuration is alphaev67-unknown-linux-gnu

		=== libffi tests ===


Running target unix

		=== libffi Summary ===

# of expected passes		228
# of unsupported tests		2
		=== libjava tests ===


Running target unix
FAIL: Divide_1 output - source compiled test
FAIL: Divide_1 output - gij test
FAIL: Divide_1 output - bytecode->native test
FAIL: Divide_1 -O3 output - source compiled test
FAIL: Divide_1 output - gij test
FAIL: Divide_1 -O3 output - bytecode->native test

		=== libjava Summary ===

# of expected passes		3911
# of unexpected failures	6
# of expected failures		10
# of untested testcases		8
		=== libmudflap tests ===


Running target unix
FAIL: libmudflap.cth/pass40-frag.c execution test
FAIL: libmudflap.cth/pass40-frag.c output pattern test
FAIL: libmudflap.cth/pass40-frag.c (-O2) execution test
FAIL: libmudflap.cth/pass40-frag.c (-O2) output pattern test
FAIL: libmudflap.cth/pass40-frag.c (-O3) execution test
FAIL: libmudflap.cth/pass40-frag.c (-O3) output pattern test

		=== libmudflap Summary ===

# of expected passes		1765
# of unexpected failures	6
		=== libstdc++ tests ===


Running target unix
FAIL: abi_check
FAIL: 26_numerics/cstdlib/13943.cc (test for excess errors)
WARNING: 26_numerics/cstdlib/13943.cc compilation failed to produce executable
XPASS: 27_io/fpos/14320-1.cc execution test

		=== libstdc++ Summary ===

# of expected passes		3230
# of unexpected failures	2
# of unexpected successes	1
# of expected failures		13
# of unsupported tests		315
		=== g++ tests ===


Running target unix
FAIL: g++.dg/tree-ssa/pr14814.C scan-tree-dump-times &this 0
FAIL: g++.dg/tls/diag-1.C (test for excess errors)

		=== g++ Summary ===

# of expected passes		11062
# of unexpected failures	2
# of expected failures		66
# of unsupported tests		100
/home/rth/work/gcc/bld-cron/gcc/testsuite/../g++  version 4.1.0 20050714 (experimental)

		=== gcc tests ===


Running target unix
FAIL: gcc.c-torture/execute/simd-1.c compilation,  -O2 
UNRESOLVED: gcc.c-torture/execute/simd-1.c execution,  -O2 
FAIL: gcc.c-torture/execute/simd-1.c compilation,  -O3 -fomit-frame-pointer 
UNRESOLVED: gcc.c-torture/execute/simd-1.c execution,  -O3 -fomit-frame-pointer 
FAIL: gcc.c-torture/execute/simd-1.c compilation,  -O3 -g 
UNRESOLVED: gcc.c-torture/execute/simd-1.c execution,  -O3 -g 
FAIL: gcc.c-torture/execute/simd-1.c compilation,  -Os 
UNRESOLVED: gcc.c-torture/execute/simd-1.c execution,  -Os 
FAIL: gcc.c-torture/execute/simd-2.c compilation,  -O2 
UNRESOLVED: gcc.c-torture/execute/simd-2.c execution,  -O2 
FAIL: gcc.c-torture/execute/simd-2.c compilation,  -O3 -fomit-frame-pointer 
UNRESOLVED: gcc.c-torture/execute/simd-2.c execution,  -O3 -fomit-frame-pointer 
FAIL: gcc.c-torture/execute/simd-2.c compilation,  -O3 -g 
UNRESOLVED: gcc.c-torture/execute/simd-2.c execution,  -O3 -g 
FAIL: gcc.c-torture/execute/simd-2.c compilation,  -Os 
UNRESOLVED: gcc.c-torture/execute/simd-2.c execution,  -Os 
XPASS: gcc.dg/vect/vect-67.c scan-tree-dump-times vectorized 1 loops 1

		=== gcc Summary ===

# of expected passes		35789
# of unexpected failures	8
# of unexpected successes	1
# of expected failures		88
# of unresolved testcases	8
# of untested testcases		28
# of unsupported tests		561
/home/rth/work/gcc/bld-cron/gcc/xgcc  version 4.1.0 20050714 (experimental)

		=== gfortran tests ===


Running target unix
XPASS: gfortran.dg/vect/vect-5.f90  -O  scan-tree-dump-times vectorized 2 loops 1
XPASS: gfortran.dg/vect/vect-5.f90  -O  scan-tree-dump-times Alignment of access forced using peeling 1
XPASS: gfortran.dg/vect/vect-5.f90  -O  scan-tree-dump-times Vectorizing an unaligned access 2

		=== gfortran Summary ===

# of expected passes		8004
# of unexpected successes	3
# of expected failures		10
# of unsupported tests		29
/home/rth/work/gcc/bld-cron/gcc/testsuite/../gfortran  version 4.1.0 20050714 (experimental)

		=== objc tests ===


Running target unix

		=== objc Summary ===

# of expected passes		1588
# of unsupported tests		24
/home/rth/work/gcc/bld-cron/gcc/xgcc  version 4.1.0 20050714 (experimental)


Compiler version: 4.1.0 20050714 (experimental) 
Platform: alphaev67-unknown-linux-gnu
configure flags: --prefix=/home/rth/work/gcc/run-41 --enable-languages=c,c++,f95,java,objc


Index Nav: [Date Index] [Subject Index] [Author Index] [Thread Index]
Message Nav: [Date Prev] [Date Next] [Thread Prev] [Thread Next]