This is the mail archive of the gcc-testresults@gcc.gnu.org mailing list for the GCC project.


Index Nav: [Date Index] [Subject Index] [Author Index] [Thread Index]
Message Nav: [Date Prev] [Date Next] [Thread Prev] [Thread Next]
Other format: [Raw text]

Results for 4.1.0 20050714 (experimental) testsuite on ia64-hp-hpux11.23


LAST_UPDATED: Thu Jul 14 09:33:49 UTC 2005

Native configuration is ia64-hp-hpux11.23

		=== g++ tests ===


Running target unix/-milp32
FAIL: g++.dg/compat/eh/ctor1 cp_compat_x_tst.o-cp_compat_y_tst.o execute 
FAIL: g++.dg/compat/eh/filter1 cp_compat_x_tst.o-cp_compat_y_tst.o execute 
FAIL: g++.dg/compat/eh/filter2 cp_compat_x_tst.o-cp_compat_y_tst.o execute 
FAIL: g++.dg/compat/eh/spec3 cp_compat_x_tst.o-cp_compat_y_tst.o execute 
FAIL: g++.dg/compat/eh/template1 cp_compat_x_tst.o-cp_compat_y_tst.o execute 
FAIL: g++.dg/compat/eh/unexpected1 cp_compat_x_tst.o-cp_compat_y_tst.o execute 
FAIL: g++.dg/eh/cond1.C execution test
FAIL: g++.dg/eh/ctor1.C execution test
FAIL: g++.dg/eh/delayslot1.C execution test
FAIL: g++.dg/eh/elide1.C execution test
FAIL: g++.dg/eh/filter1.C execution test
FAIL: g++.dg/eh/filter2.C execution test
FAIL: g++.dg/eh/omit-frame-pointer.C execution test
FAIL: g++.dg/eh/omit-frame-pointer2.C execution test
FAIL: g++.dg/eh/registers1.C execution test
FAIL: g++.dg/eh/simd-1.C execution test
FAIL: g++.dg/eh/simd-2.C execution test
FAIL: g++.dg/eh/spec3.C execution test
FAIL: g++.dg/eh/spec7.C execution test
FAIL: g++.dg/eh/template1.C execution test
FAIL: g++.dg/eh/uncaught1.C execution test
FAIL: g++.dg/eh/unexpected1.C execution test
FAIL: g++.dg/init/ref9.C execution test
XPASS: g++.dg/other/packed1.C execution test
FAIL: g++.dg/tree-ssa/pr14814.C scan-tree-dump-times &this 0
FAIL: g++.dg/warn/weak1.C (test for excess errors)
WARNING: g++.dg/warn/weak1.C compilation failed to produce executable
FAIL: g++.old-deja/g++.brendan/eh1.C execution test
FAIL: g++.old-deja/g++.eh/badalloc1.C execution test
FAIL: g++.old-deja/g++.eh/catch11.C execution test
FAIL: g++.old-deja/g++.eh/catch12.C execution test
FAIL: g++.old-deja/g++.eh/catch3.C execution test
FAIL: g++.old-deja/g++.eh/catch3p.C execution test
FAIL: g++.old-deja/g++.eh/catch4.C execution test
FAIL: g++.old-deja/g++.eh/catch4p.C execution test
FAIL: g++.old-deja/g++.eh/catch5.C execution test
FAIL: g++.old-deja/g++.eh/catch5p.C execution test
FAIL: g++.old-deja/g++.eh/catch6.C execution test
FAIL: g++.old-deja/g++.eh/catch6p.C execution test
FAIL: g++.old-deja/g++.eh/catch7.C execution test
FAIL: g++.old-deja/g++.eh/catch7p.C execution test
FAIL: g++.old-deja/g++.eh/catch8.C execution test
FAIL: g++.old-deja/g++.eh/catch8p.C execution test
FAIL: g++.old-deja/g++.eh/catch9.C execution test
FAIL: g++.old-deja/g++.eh/catch9p.C execution test
FAIL: g++.old-deja/g++.eh/catchptr1.C execution test
FAIL: g++.old-deja/g++.eh/cleanup1.C execution test
FAIL: g++.old-deja/g++.eh/cleanup2.C execution test
FAIL: g++.old-deja/g++.eh/ia64-1.C execution test
FAIL: g++.old-deja/g++.eh/inline2.C execution test
FAIL: g++.old-deja/g++.eh/ptr1.C execution test
FAIL: g++.old-deja/g++.eh/ptrmem1.C execution test
FAIL: g++.old-deja/g++.eh/rethrow1.C execution test
FAIL: g++.old-deja/g++.eh/rethrow2.C execution test
FAIL: g++.old-deja/g++.eh/rethrow3.C execution test
FAIL: g++.old-deja/g++.eh/rethrow4.C execution test
FAIL: g++.old-deja/g++.eh/rethrow5.C execution test
FAIL: g++.old-deja/g++.eh/rethrow6.C execution test
FAIL: g++.old-deja/g++.eh/spec1.C execution test
FAIL: g++.old-deja/g++.eh/spec2.C execution test
FAIL: g++.old-deja/g++.eh/spec3.C execution test
FAIL: g++.old-deja/g++.eh/spec4.C execution test
FAIL: g++.old-deja/g++.eh/tmpl1.C execution test
FAIL: g++.old-deja/g++.eh/unwind1.C execution test
FAIL: g++.old-deja/g++.eh/vbase1.C execution test
FAIL: g++.old-deja/g++.eh/vbase2.C execution test
FAIL: g++.old-deja/g++.eh/vbase4.C execution test
FAIL: g++.old-deja/g++.martin/new1.C execution test
FAIL: g++.old-deja/g++.mike/dyncast1.C execution test
FAIL: g++.old-deja/g++.mike/dyncast2.C execution test
FAIL: g++.old-deja/g++.mike/eh10.C execution test
FAIL: g++.old-deja/g++.mike/eh12.C execution test
FAIL: g++.old-deja/g++.mike/eh14.C execution test
FAIL: g++.old-deja/g++.mike/eh18.C execution test
FAIL: g++.old-deja/g++.mike/eh2.C execution test
FAIL: g++.old-deja/g++.mike/eh21.C execution test
FAIL: g++.old-deja/g++.mike/eh23.C execution test
FAIL: g++.old-deja/g++.mike/eh24.C execution test
FAIL: g++.old-deja/g++.mike/eh25.C execution test
FAIL: g++.old-deja/g++.mike/eh26.C execution test
FAIL: g++.old-deja/g++.mike/eh27.C execution test
FAIL: g++.old-deja/g++.mike/eh28.C execution test
FAIL: g++.old-deja/g++.mike/eh3.C execution test
FAIL: g++.old-deja/g++.mike/eh31.C execution test
FAIL: g++.old-deja/g++.mike/eh33.C execution test
FAIL: g++.old-deja/g++.mike/eh35.C execution test
FAIL: g++.old-deja/g++.mike/eh36.C execution test
FAIL: g++.old-deja/g++.mike/eh37.C execution test
FAIL: g++.old-deja/g++.mike/eh38.C execution test
FAIL: g++.old-deja/g++.mike/eh40.C execution test
FAIL: g++.old-deja/g++.mike/eh41.C execution test
FAIL: g++.old-deja/g++.mike/eh42.C execution test
FAIL: g++.old-deja/g++.mike/eh44.C execution test
FAIL: g++.old-deja/g++.mike/eh5.C execution test
FAIL: g++.old-deja/g++.mike/eh50.C execution test
FAIL: g++.old-deja/g++.mike/eh51.C execution test
FAIL: g++.old-deja/g++.mike/eh8.C execution test
FAIL: g++.old-deja/g++.mike/p7912.C execution test
FAIL: g++.old-deja/g++.mike/p9706.C execution test
FAIL: g++.old-deja/g++.other/init7.C execution test
FAIL: g++.old-deja/g++.robertl/eb31.C execution test
FAIL: g++.old-deja/g++.robertl/eb50.C execution test
FAIL: g++.old-deja/g++.robertl/eh990323-1.C execution test
FAIL: g++.old-deja/g++.robertl/eh990323-2.C execution test
FAIL: g++.old-deja/g++.robertl/eh990323-3.C execution test
FAIL: g++.old-deja/g++.robertl/eh990323-4.C execution test
FAIL: g++.old-deja/g++.robertl/eh990323-5.C execution test
FAIL: g++.old-deja/g++.robertl/ice990323-2.C execution test

		=== g++ Summary for unix/-milp32 ===

# of expected passes		10588
# of unexpected failures	106
# of unexpected successes	1
# of expected failures		70
# of unsupported tests		105

Running target unix/-mlp64
FAIL: g++.dg/compat/eh/ctor1 cp_compat_x_tst.o-cp_compat_y_tst.o execute 
FAIL: g++.dg/compat/eh/filter1 cp_compat_x_tst.o-cp_compat_y_tst.o execute 
FAIL: g++.dg/compat/eh/filter2 cp_compat_x_tst.o-cp_compat_y_tst.o execute 
FAIL: g++.dg/compat/eh/spec3 cp_compat_x_tst.o-cp_compat_y_tst.o execute 
FAIL: g++.dg/compat/eh/template1 cp_compat_x_tst.o-cp_compat_y_tst.o execute 
FAIL: g++.dg/compat/eh/unexpected1 cp_compat_x_tst.o-cp_compat_y_tst.o execute 
FAIL: g++.dg/eh/cond1.C execution test
FAIL: g++.dg/eh/ctor1.C execution test
FAIL: g++.dg/eh/delayslot1.C execution test
FAIL: g++.dg/eh/elide1.C execution test
FAIL: g++.dg/eh/filter1.C execution test
FAIL: g++.dg/eh/filter2.C execution test
FAIL: g++.dg/eh/omit-frame-pointer.C execution test
FAIL: g++.dg/eh/omit-frame-pointer2.C execution test
FAIL: g++.dg/eh/registers1.C execution test
FAIL: g++.dg/eh/simd-1.C execution test
FAIL: g++.dg/eh/simd-2.C execution test
FAIL: g++.dg/eh/spec3.C execution test
FAIL: g++.dg/eh/spec7.C execution test
FAIL: g++.dg/eh/template1.C execution test
FAIL: g++.dg/eh/uncaught1.C execution test
FAIL: g++.dg/eh/unexpected1.C execution test
FAIL: g++.dg/init/ref9.C execution test
XPASS: g++.dg/other/packed1.C execution test
FAIL: g++.dg/tree-ssa/pr14814.C scan-tree-dump-times &this 0
FAIL: g++.dg/warn/weak1.C (test for excess errors)
WARNING: g++.dg/warn/weak1.C compilation failed to produce executable
FAIL: g++.old-deja/g++.brendan/eh1.C execution test
FAIL: g++.old-deja/g++.eh/badalloc1.C execution test
FAIL: g++.old-deja/g++.eh/catch11.C execution test
FAIL: g++.old-deja/g++.eh/catch12.C execution test
FAIL: g++.old-deja/g++.eh/catch3.C execution test
FAIL: g++.old-deja/g++.eh/catch3p.C execution test
FAIL: g++.old-deja/g++.eh/catch4.C execution test
FAIL: g++.old-deja/g++.eh/catch4p.C execution test
FAIL: g++.old-deja/g++.eh/catch5.C execution test
FAIL: g++.old-deja/g++.eh/catch5p.C execution test
FAIL: g++.old-deja/g++.eh/catch6.C execution test
FAIL: g++.old-deja/g++.eh/catch6p.C execution test
FAIL: g++.old-deja/g++.eh/catch7.C execution test
FAIL: g++.old-deja/g++.eh/catch7p.C execution test
FAIL: g++.old-deja/g++.eh/catch8.C execution test
FAIL: g++.old-deja/g++.eh/catch8p.C execution test
FAIL: g++.old-deja/g++.eh/catch9.C execution test
FAIL: g++.old-deja/g++.eh/catch9p.C execution test
FAIL: g++.old-deja/g++.eh/catchptr1.C execution test
FAIL: g++.old-deja/g++.eh/cleanup1.C execution test
FAIL: g++.old-deja/g++.eh/cleanup2.C execution test
FAIL: g++.old-deja/g++.eh/ia64-1.C execution test
FAIL: g++.old-deja/g++.eh/inline2.C execution test
FAIL: g++.old-deja/g++.eh/ptr1.C execution test
FAIL: g++.old-deja/g++.eh/ptrmem1.C execution test
FAIL: g++.old-deja/g++.eh/rethrow1.C execution test
FAIL: g++.old-deja/g++.eh/rethrow2.C execution test
FAIL: g++.old-deja/g++.eh/rethrow3.C execution test
FAIL: g++.old-deja/g++.eh/rethrow4.C execution test
FAIL: g++.old-deja/g++.eh/rethrow5.C execution test
FAIL: g++.old-deja/g++.eh/rethrow6.C execution test
FAIL: g++.old-deja/g++.eh/spec1.C execution test
FAIL: g++.old-deja/g++.eh/spec2.C execution test
FAIL: g++.old-deja/g++.eh/spec3.C execution test
FAIL: g++.old-deja/g++.eh/spec4.C execution test
FAIL: g++.old-deja/g++.eh/tmpl1.C execution test
FAIL: g++.old-deja/g++.eh/unwind1.C execution test
FAIL: g++.old-deja/g++.eh/vbase1.C execution test
FAIL: g++.old-deja/g++.eh/vbase2.C execution test
FAIL: g++.old-deja/g++.eh/vbase4.C execution test
FAIL: g++.old-deja/g++.martin/new1.C execution test
FAIL: g++.old-deja/g++.mike/dyncast1.C execution test
FAIL: g++.old-deja/g++.mike/dyncast2.C execution test
FAIL: g++.old-deja/g++.mike/eh10.C execution test
FAIL: g++.old-deja/g++.mike/eh12.C execution test
FAIL: g++.old-deja/g++.mike/eh14.C execution test
FAIL: g++.old-deja/g++.mike/eh18.C execution test
FAIL: g++.old-deja/g++.mike/eh2.C execution test
FAIL: g++.old-deja/g++.mike/eh21.C execution test
FAIL: g++.old-deja/g++.mike/eh23.C execution test
FAIL: g++.old-deja/g++.mike/eh24.C execution test
FAIL: g++.old-deja/g++.mike/eh25.C execution test
FAIL: g++.old-deja/g++.mike/eh26.C execution test
FAIL: g++.old-deja/g++.mike/eh27.C execution test
FAIL: g++.old-deja/g++.mike/eh28.C execution test
FAIL: g++.old-deja/g++.mike/eh3.C execution test
FAIL: g++.old-deja/g++.mike/eh31.C execution test
FAIL: g++.old-deja/g++.mike/eh33.C execution test
FAIL: g++.old-deja/g++.mike/eh35.C execution test
FAIL: g++.old-deja/g++.mike/eh36.C execution test
FAIL: g++.old-deja/g++.mike/eh37.C execution test
FAIL: g++.old-deja/g++.mike/eh38.C execution test
FAIL: g++.old-deja/g++.mike/eh40.C execution test
FAIL: g++.old-deja/g++.mike/eh41.C execution test
FAIL: g++.old-deja/g++.mike/eh42.C execution test
FAIL: g++.old-deja/g++.mike/eh44.C execution test
FAIL: g++.old-deja/g++.mike/eh5.C execution test
FAIL: g++.old-deja/g++.mike/eh50.C execution test
FAIL: g++.old-deja/g++.mike/eh51.C execution test
FAIL: g++.old-deja/g++.mike/eh8.C execution test
FAIL: g++.old-deja/g++.mike/p7912.C execution test
FAIL: g++.old-deja/g++.mike/p9706.C execution test
FAIL: g++.old-deja/g++.other/init7.C execution test
FAIL: g++.old-deja/g++.robertl/eb31.C execution test
FAIL: g++.old-deja/g++.robertl/eb50.C execution test
FAIL: g++.old-deja/g++.robertl/eh990323-1.C execution test
FAIL: g++.old-deja/g++.robertl/eh990323-2.C execution test
FAIL: g++.old-deja/g++.robertl/eh990323-3.C execution test
FAIL: g++.old-deja/g++.robertl/eh990323-4.C execution test
FAIL: g++.old-deja/g++.robertl/eh990323-5.C execution test
FAIL: g++.old-deja/g++.robertl/ice990323-2.C execution test

		=== g++ Summary for unix/-mlp64 ===

# of expected passes		10556
# of unexpected failures	106
# of unexpected successes	1
# of expected failures		70
# of unsupported tests		107

		=== g++ Summary ===

# of expected passes		21144
# of unexpected failures	212
# of unexpected successes	2
# of expected failures		140
# of unsupported tests		212
/scratch/gcc/nightly-2005-07-14-mainline/ia64-hp-hpux11.23/build_gcc/install/bin/c++  version 4.1.0 20050714 (experimental)

		=== gcc tests ===


Running target unix/-milp32
FAIL: gcc.c-torture/execute/simd-1.c compilation,  -O2 
UNRESOLVED: gcc.c-torture/execute/simd-1.c execution,  -O2 
FAIL: gcc.c-torture/execute/simd-1.c compilation,  -O3 -fomit-frame-pointer 
UNRESOLVED: gcc.c-torture/execute/simd-1.c execution,  -O3 -fomit-frame-pointer 
FAIL: gcc.c-torture/execute/simd-1.c compilation,  -O3 -g 
UNRESOLVED: gcc.c-torture/execute/simd-1.c execution,  -O3 -g 
FAIL: gcc.c-torture/execute/simd-1.c compilation,  -Os 
UNRESOLVED: gcc.c-torture/execute/simd-1.c execution,  -Os 
FAIL: gcc.c-torture/execute/simd-2.c compilation,  -O2 
UNRESOLVED: gcc.c-torture/execute/simd-2.c execution,  -O2 
FAIL: gcc.c-torture/execute/simd-2.c compilation,  -O3 -fomit-frame-pointer 
UNRESOLVED: gcc.c-torture/execute/simd-2.c execution,  -O3 -fomit-frame-pointer 
FAIL: gcc.c-torture/execute/simd-2.c compilation,  -O3 -g 
UNRESOLVED: gcc.c-torture/execute/simd-2.c execution,  -O3 -g 
FAIL: gcc.c-torture/execute/simd-2.c compilation,  -Os 
UNRESOLVED: gcc.c-torture/execute/simd-2.c execution,  -Os 
FAIL: gcc.dg/builtin-apply4.c execution test
FAIL: gcc.dg/transparent-union-1.c (test for excess errors)
FAIL: gcc.dg/transparent-union-2.c (test for excess errors)
FAIL: largefile.c -O0 -g (test for excess errors)
FAIL: largefile.c  -O0  (test for excess errors)
FAIL: largefile.c  -O1  (test for excess errors)
FAIL: largefile.c  -O2  (test for excess errors)
FAIL: largefile.c  -O3 -fomit-frame-pointer  (test for excess errors)
FAIL: largefile.c  -O3 -g  (test for excess errors)
FAIL: largefile.c  -Os  (test for excess errors)
FAIL: gcc.dg/tls/debug-1.c (test for excess errors)
XPASS: gcc.dg/vect/vect-22.c scan-tree-dump-times vectorized 3 loops 1
XPASS: gcc.dg/vect/vect-30.c scan-tree-dump-times vectorized 1 loops 2
XPASS: gcc.dg/vect/vect-67.c scan-tree-dump-times vectorized 1 loops 1
FAIL: gcc.dg/vect/vect-76.c execution test
XPASS: gcc.dg/vect/vect-8.c scan-tree-dump-times vectorized 1 loops 1
FAIL: gcc.dg/vect/vect-reduc-1.c execution test
FAIL: gcc.dg/vect/vect-reduc-1char.c (test for excess errors)
FAIL: gcc.dg/vect/vect-reduc-1char.c execution test
FAIL: gcc.dg/vect/vect-reduc-1short.c execution test
FAIL: gcc.dg/vect/vect-reduc-2.c execution test
FAIL: gcc.dg/vect/vect-reduc-2char.c execution test
FAIL: gcc.dg/vect/vect-reduc-2short.c execution test
FAIL: gcc.dg/vect/vect-reduc-3.c execution test
FAIL: gcc.dg/vect/vect-reduc-7.c execution test
FAIL: gcc.dg/vect/vect-reduc-8.c execution test
FAIL: gcc.dg/vect/vect-reduc-9.c execution test

		=== gcc Summary for unix/-milp32 ===

# of expected passes		35359
# of unexpected failures	31
# of unexpected successes	4
# of expected failures		128
# of unresolved testcases	8
# of untested testcases		35
# of unsupported tests		525

Running target unix/-mlp64
FAIL: gcc.c-torture/execute/simd-1.c compilation,  -O2 
UNRESOLVED: gcc.c-torture/execute/simd-1.c execution,  -O2 
FAIL: gcc.c-torture/execute/simd-1.c compilation,  -O3 -fomit-frame-pointer 
UNRESOLVED: gcc.c-torture/execute/simd-1.c execution,  -O3 -fomit-frame-pointer 
FAIL: gcc.c-torture/execute/simd-1.c compilation,  -O3 -g 
UNRESOLVED: gcc.c-torture/execute/simd-1.c execution,  -O3 -g 
FAIL: gcc.c-torture/execute/simd-1.c compilation,  -Os 
UNRESOLVED: gcc.c-torture/execute/simd-1.c execution,  -Os 
FAIL: gcc.c-torture/execute/simd-2.c compilation,  -O2 
UNRESOLVED: gcc.c-torture/execute/simd-2.c execution,  -O2 
FAIL: gcc.c-torture/execute/simd-2.c compilation,  -O3 -fomit-frame-pointer 
UNRESOLVED: gcc.c-torture/execute/simd-2.c execution,  -O3 -fomit-frame-pointer 
FAIL: gcc.c-torture/execute/simd-2.c compilation,  -O3 -g 
UNRESOLVED: gcc.c-torture/execute/simd-2.c execution,  -O3 -g 
FAIL: gcc.c-torture/execute/simd-2.c compilation,  -Os 
UNRESOLVED: gcc.c-torture/execute/simd-2.c execution,  -Os 
FAIL: gcc.dg/builtin-apply4.c execution test
FAIL: gcc.dg/transparent-union-1.c (test for excess errors)
FAIL: gcc.dg/transparent-union-2.c (test for excess errors)
FAIL: largefile.c -O0 -g (test for excess errors)
FAIL: largefile.c  -O0  (test for excess errors)
FAIL: largefile.c  -O1  (test for excess errors)
FAIL: largefile.c  -O2  (test for excess errors)
FAIL: largefile.c  -O3 -fomit-frame-pointer  (test for excess errors)
FAIL: largefile.c  -O3 -g  (test for excess errors)
FAIL: largefile.c  -Os  (test for excess errors)
FAIL: gcc.dg/tree-ssa/loop-4.c scan-tree-dump-times iter 0
XPASS: gcc.dg/vect/vect-22.c scan-tree-dump-times vectorized 3 loops 1
XPASS: gcc.dg/vect/vect-30.c scan-tree-dump-times vectorized 1 loops 2
XPASS: gcc.dg/vect/vect-67.c scan-tree-dump-times vectorized 1 loops 1
FAIL: gcc.dg/vect/vect-76.c execution test
XPASS: gcc.dg/vect/vect-8.c scan-tree-dump-times vectorized 1 loops 1
FAIL: gcc.dg/vect/vect-reduc-1.c execution test
FAIL: gcc.dg/vect/vect-reduc-1char.c (test for excess errors)
FAIL: gcc.dg/vect/vect-reduc-1char.c execution test
FAIL: gcc.dg/vect/vect-reduc-1short.c execution test
FAIL: gcc.dg/vect/vect-reduc-2.c execution test
FAIL: gcc.dg/vect/vect-reduc-2char.c execution test
FAIL: gcc.dg/vect/vect-reduc-2short.c execution test
FAIL: gcc.dg/vect/vect-reduc-3.c execution test
FAIL: gcc.dg/vect/vect-reduc-7.c execution test
FAIL: gcc.dg/vect/vect-reduc-8.c execution test
FAIL: gcc.dg/vect/vect-reduc-9.c execution test

		=== gcc Summary for unix/-mlp64 ===

# of expected passes		35360
# of unexpected failures	31
# of unexpected successes	4
# of expected failures		128
# of unresolved testcases	8
# of untested testcases		35
# of unsupported tests		525

		=== gcc Summary ===

# of expected passes		70719
# of unexpected failures	62
# of unexpected successes	8
# of expected failures		256
# of unresolved testcases	16
# of untested testcases		70
# of unsupported tests		1050
/scratch/gcc/nightly-2005-07-14-mainline/ia64-hp-hpux11.23/build_gcc/install/bin/gcc  version 4.1.0 20050714 (experimental)

		=== libstdc++ tests ===


Running target unix/-milp32
FAIL: 19_diagnostics/stdexceptions.cc execution test
FAIL: 20_util/memory/allocator/8230.cc execution test
FAIL: 21_strings/basic_string/append/char/1.cc execution test
FAIL: 21_strings/basic_string/cons/char/1.cc execution test
FAIL: 21_strings/basic_string/cons/char/3.cc execution test
FAIL: 21_strings/basic_string/element_access/char/1.cc execution test
FAIL: 21_strings/basic_string/insert/char/1.cc execution test
FAIL: 21_strings/basic_string/inserters_extractors/pod/10081-in.cc execution test
FAIL: 21_strings/basic_string/substr/char/1.cc execution test
FAIL: 22_locale/numpunct/members/pod/2.cc execution test
FAIL: 23_containers/bitset/cons/1.cc execution test
FAIL: 23_containers/bitset/cons/6282.cc execution test
FAIL: 23_containers/bitset/test/1.cc execution test
FAIL: 23_containers/bitset/to_ulong/1.cc execution test
FAIL: 23_containers/vector/capacity/8230.cc execution test
FAIL: 23_containers/vector/element_access/1.cc execution test
FAIL: 23_containers/vector/modifiers/insert/1.cc execution test
FAIL: 23_containers/vector/resize/1.cc execution test
FAIL: 27_io/basic_filebuf/overflow/char/13858.cc execution test
FAIL: 27_io/basic_filebuf/overflow/char/9182-2.cc execution test
FAIL: 27_io/basic_filebuf/sync/char/9182-1.cc execution test
FAIL: 27_io/basic_ios/copyfmt/char/1.cc execution test
FAIL: 27_io/basic_ios/exceptions/char/1.cc execution test
FAIL: 27_io/basic_ios/imbue/14072.cc execution test
FAIL: 27_io/basic_istream/exceptions/char/9561.cc execution test
FAIL: 27_io/basic_istream/extractors_arithmetic/char/exceptions_badbit_throw.cc execution test
FAIL: 27_io/basic_istream/extractors_arithmetic/char/exceptions_failbit.cc execution test
FAIL: 27_io/basic_istream/extractors_arithmetic/pod/3983-1.cc execution test
FAIL: 27_io/basic_istream/extractors_character/pod/3983-2.cc execution test
FAIL: 27_io/basic_istream/extractors_other/char/exceptions_failbit_throw.cc execution test
FAIL: 27_io/basic_istream/extractors_other/char/exceptions_null.cc execution test
FAIL: 27_io/basic_istream/extractors_other/pod/3983-3.cc execution test
FAIL: 27_io/basic_istream/seekg/char/exceptions_badbit_throw.cc execution test
FAIL: 27_io/basic_istream/sentry/char/12297.cc execution test
FAIL: 27_io/basic_istream/sentry/pod/1.cc execution test
FAIL: 27_io/basic_istream/tellg/char/exceptions_badbit_throw.cc execution test
FAIL: 27_io/basic_ostream/exceptions/char/9561.cc execution test
FAIL: 27_io/basic_ostream/flush/char/exceptions_badbit_throw.cc execution test
FAIL: 27_io/basic_ostream/inserters_arithmetic/char/9555-oa.cc execution test
FAIL: 27_io/basic_ostream/inserters_arithmetic/char/exceptions_badbit_throw.cc execution test
FAIL: 27_io/basic_ostream/inserters_character/char/9555-oc.cc execution test
FAIL: 27_io/basic_ostream/inserters_other/char/5.cc execution test
FAIL: 27_io/basic_ostream/inserters_other/char/exceptions_failbit_throw.cc execution test
FAIL: 27_io/basic_ostream/inserters_other/char/exceptions_null.cc execution test
FAIL: 27_io/basic_ostream/put/char/1.cc execution test
FAIL: 27_io/basic_ostream/seekp/char/exceptions_badbit_throw.cc execution test
FAIL: 27_io/basic_ostream/tellp/char/exceptions_badbit_throw.cc execution test
FAIL: 27_io/basic_ostream/write/char/1.cc execution test
FAIL: 27_io/ios_base/storage/11584.cc execution test
FAIL: 27_io/ios_base/storage/2.cc execution test
FAIL: ext/array_allocator/1.cc execution test
FAIL: ext/array_allocator/3.cc execution test
FAIL: ext/array_allocator/check_allocate_max_size.cc execution test
FAIL: ext/bitmap_allocator/check_allocate_max_size.cc execution test
FAIL: ext/debug_allocator/check_deallocate_null.cc execution test
FAIL: ext/malloc_allocator/check_allocate_max_size.cc execution test
FAIL: ext/mt_allocator/check_allocate_max_size.cc execution test
FAIL: ext/new_allocator/check_allocate_max_size.cc execution test
FAIL: ext/pb_assoc/example/hash_illegal_resize.cc execution test
FAIL: ext/pb_assoc/example/tree_join.cc execution test
FAIL: ext/pool_allocator/allocate_chunk.cc execution test
FAIL: ext/pool_allocator/check_allocate_max_size.cc execution test
FAIL: tr1/3_function_objects/function/1.cc execution test

		=== libstdc++ Summary for unix/-milp32 ===

# of expected passes		2410
# of unexpected failures	63
# of expected failures		12
# of unsupported tests		153

Running target unix/-mlp64
FAIL: 19_diagnostics/stdexceptions.cc execution test
FAIL: 20_util/memory/allocator/8230.cc execution test
FAIL: 21_strings/basic_string/append/char/1.cc execution test
FAIL: 21_strings/basic_string/cons/char/1.cc execution test
FAIL: 21_strings/basic_string/cons/char/3.cc execution test
FAIL: 21_strings/basic_string/element_access/char/1.cc execution test
FAIL: 21_strings/basic_string/insert/char/1.cc execution test
FAIL: 21_strings/basic_string/inserters_extractors/pod/10081-in.cc execution test
FAIL: 21_strings/basic_string/substr/char/1.cc execution test
FAIL: 22_locale/numpunct/members/pod/2.cc execution test
FAIL: 23_containers/bitset/cons/1.cc execution test
FAIL: 23_containers/bitset/cons/6282.cc execution test
FAIL: 23_containers/bitset/test/1.cc execution test
FAIL: 23_containers/bitset/to_ulong/1.cc execution test
FAIL: 23_containers/vector/capacity/8230.cc execution test
FAIL: 23_containers/vector/element_access/1.cc execution test
FAIL: 23_containers/vector/modifiers/insert/1.cc execution test
FAIL: 23_containers/vector/resize/1.cc execution test
FAIL: 27_io/basic_filebuf/overflow/char/13858.cc execution test
FAIL: 27_io/basic_filebuf/overflow/char/9182-2.cc execution test
FAIL: 27_io/basic_filebuf/sync/char/9182-1.cc execution test
FAIL: 27_io/basic_ios/copyfmt/char/1.cc execution test
FAIL: 27_io/basic_ios/exceptions/char/1.cc execution test
FAIL: 27_io/basic_ios/imbue/14072.cc execution test
FAIL: 27_io/basic_istream/exceptions/char/9561.cc execution test
FAIL: 27_io/basic_istream/extractors_arithmetic/char/exceptions_badbit_throw.cc execution test
FAIL: 27_io/basic_istream/extractors_arithmetic/char/exceptions_failbit.cc execution test
FAIL: 27_io/basic_istream/extractors_arithmetic/pod/3983-1.cc execution test
FAIL: 27_io/basic_istream/extractors_character/pod/3983-2.cc execution test
FAIL: 27_io/basic_istream/extractors_other/char/exceptions_failbit_throw.cc execution test
FAIL: 27_io/basic_istream/extractors_other/char/exceptions_null.cc execution test
FAIL: 27_io/basic_istream/extractors_other/pod/3983-3.cc execution test
FAIL: 27_io/basic_istream/seekg/char/exceptions_badbit_throw.cc execution test
FAIL: 27_io/basic_istream/sentry/char/12297.cc execution test
FAIL: 27_io/basic_istream/sentry/pod/1.cc execution test
FAIL: 27_io/basic_istream/tellg/char/exceptions_badbit_throw.cc execution test
FAIL: 27_io/basic_ostream/exceptions/char/9561.cc execution test
FAIL: 27_io/basic_ostream/flush/char/exceptions_badbit_throw.cc execution test
FAIL: 27_io/basic_ostream/inserters_arithmetic/char/9555-oa.cc execution test
FAIL: 27_io/basic_ostream/inserters_arithmetic/char/exceptions_badbit_throw.cc execution test
FAIL: 27_io/basic_ostream/inserters_character/char/9555-oc.cc execution test
FAIL: 27_io/basic_ostream/inserters_other/char/5.cc execution test
FAIL: 27_io/basic_ostream/inserters_other/char/exceptions_failbit_throw.cc execution test
FAIL: 27_io/basic_ostream/inserters_other/char/exceptions_null.cc execution test
FAIL: 27_io/basic_ostream/put/char/1.cc execution test
FAIL: 27_io/basic_ostream/seekp/char/exceptions_badbit_throw.cc execution test
FAIL: 27_io/basic_ostream/tellp/char/exceptions_badbit_throw.cc execution test
FAIL: 27_io/basic_ostream/write/char/1.cc execution test
FAIL: 27_io/ios_base/storage/11584.cc execution test
FAIL: 27_io/ios_base/storage/2.cc execution test
FAIL: ext/array_allocator/1.cc execution test
FAIL: ext/array_allocator/3.cc execution test
FAIL: ext/array_allocator/check_allocate_max_size.cc execution test
FAIL: ext/bitmap_allocator/check_allocate_max_size.cc execution test
FAIL: ext/debug_allocator/check_deallocate_null.cc execution test
FAIL: ext/malloc_allocator/check_allocate_max_size.cc execution test
FAIL: ext/mt_allocator/check_allocate_max_size.cc execution test
FAIL: ext/new_allocator/check_allocate_max_size.cc execution test
FAIL: ext/pb_assoc/example/hash_illegal_resize.cc execution test
FAIL: ext/pb_assoc/example/tree_join.cc execution test
FAIL: ext/pool_allocator/allocate_chunk.cc execution test
FAIL: ext/pool_allocator/check_allocate_max_size.cc execution test
FAIL: tr1/3_function_objects/function/1.cc execution test

		=== libstdc++ Summary for unix/-mlp64 ===

# of expected passes		2410
# of unexpected failures	63
# of expected failures		12
# of unsupported tests		153

		=== libstdc++ Summary ===

# of expected passes		4820
# of unexpected failures	126
# of expected failures		24
# of unsupported tests		306

Compiler version: 4.1.0 20050714 (experimental) 
Platform: ia64-hp-hpux11.23
configure flags: --disable-nls --build=ia64-hp-hpux11.23 --host=ia64-hp-hpux11.23 --target=ia64-hp-hpux11.23 --enable-threads=posix --disable-libmudflap --disable-libssp --with-gnu-as --with-as=/scratch/gcc/nightly-2005-07-14-mainline/ia64-hp-hpux11.23/build_gcc/install/bin/as --without-gnu-ld --with-ld=/usr/ccs/bin/ld --prefix=/scratch/gcc/nightly-2005-07-14-mainline/ia64-hp-hpux11.23/build_gcc/install --enable-languages=c,c++


Index Nav: [Date Index] [Subject Index] [Author Index] [Thread Index]
Message Nav: [Date Prev] [Date Next] [Thread Prev] [Thread Next]