This is the mail archive of the gcc-testresults@gcc.gnu.org mailing list for the GCC project.


Index Nav: [Date Index] [Subject Index] [Author Index] [Thread Index]
Message Nav: [Date Prev] [Date Next] [Thread Prev] [Thread Next]
Other format: [Raw text]

Results for 4.0.1 testsuite on sparc64-sun-solaris2.9


LAST_UPDATED: Mon Jul 11 06:49:56 UTC 2005

Native configuration is sparc64-sun-solaris2.9

		=== g++ tests ===


Running target unix

		=== g++ Summary ===

# of expected passes		10805
# of expected failures		70
# of unsupported tests		121
/opt/build/eric/gcc-4_0-branch/gcc/testsuite/../g++  version 4.0.1

		=== gcc tests ===


Running target unix
FAIL: largefile.c -O0 -g (test for excess errors)
FAIL: largefile.c  -O0  (test for excess errors)
FAIL: largefile.c  -O1  (test for excess errors)
FAIL: largefile.c  -O2  (test for excess errors)
FAIL: largefile.c  -O3 -fomit-frame-pointer  (test for excess errors)
FAIL: largefile.c  -O3 -g  (test for excess errors)
FAIL: largefile.c  -Os  (test for excess errors)

		=== gcc Summary ===

# of expected passes		34231
# of unexpected failures	7
# of expected failures		101
# of untested testcases		35
# of unsupported tests		543
/opt/build/eric/gcc-4_0-branch/gcc/xgcc  version 4.0.1

		=== gfortran tests ===


Running target unix

		=== gfortran Summary ===

# of expected passes		6903
# of expected failures		10
# of unsupported tests		17
/opt/build/eric/gcc-4_0-branch/gcc/testsuite/../gfortran  version 4.0.1

		=== objc tests ===


Running target unix

		=== objc Summary ===

# of expected passes		1534
# of unsupported tests		10
/opt/build/eric/gcc-4_0-branch/gcc/xgcc  version 4.0.1

		=== libffi tests ===


Running target unix

		=== libffi Summary ===

# of expected passes		219
# of unsupported tests		2
		=== libjava tests ===


Running target unix
FAIL: Array_3 execution - gij test
FAIL: Array_3 execution - gij test
FAIL: FileHandleGcTest execution - source compiled test
FAIL: FileHandleGcTest execution - gij test
FAIL: FileHandleGcTest execution - bytecode->native test
FAIL: FileHandleGcTest -O3 execution - source compiled test
FAIL: FileHandleGcTest execution - gij test
FAIL: FileHandleGcTest -O3 execution - bytecode->native test
FAIL: Throw_2 execution - gij test
FAIL: Throw_2 execution - gij test

		=== libjava Summary ===

# of expected passes		3776
# of unexpected failures	10
# of expected failures		14
# of untested testcases		26
		=== libstdc++ tests ===


Running target unix
FAIL: ext/array_allocator/2.cc execution test

		=== libstdc++ Summary ===

# of expected passes		3641
# of unexpected failures	1
# of expected failures		14

Compiler version: 4.0.1 
Platform: sparc64-sun-solaris2.9
configure flags: sparc64-sun-solaris2.9 --prefix=/opt/build/eric/local --with-as=/usr/ccs/bin/as --with-ld=/usr/ccs/bin/ld --with-gmp=/opt/build/eric/local --with-mpfr=/opt/build/eric/local --with-local-prefix=/opt/build/eric/local --enable-languages=c,c++,f95,java,objc
BOOT_CFLAGS=-g -O2


Index Nav: [Date Index] [Subject Index] [Author Index] [Thread Index]
Message Nav: [Date Prev] [Date Next] [Thread Prev] [Thread Next]