This is the mail archive of the
gcc-testresults@gcc.gnu.org
mailing list for the GCC project.
Results for 4.0.1 testsuite on sparc-sun-solaris2.7
- From: eric at linux dot site (Eric Botcazou)
- To: gcc-testresults at gcc dot gnu dot org
- Date: Thu, 14 Jul 2005 07:46:43 +0200
- Subject: Results for 4.0.1 testsuite on sparc-sun-solaris2.7
LAST_UPDATED: Mon Jul 11 06:49:56 UTC 2005
=== acats tests ===
=== acats Summary ===
# of expected passes 2320
# of unexpected failures 0
Native configuration is sparc-sun-solaris2.7
=== g++ tests ===
Running target unix
=== g++ Summary ===
# of expected passes 451
# of unsupported tests 12
/opt/build/eric/gcc-4_0-branch/gcc/testsuite/../g++ version 4.0.1
=== gcc tests ===
Running target unix
=== gcc Summary ===
# of expected passes 34262
# of expected failures 101
# of untested testcases 28
# of unsupported tests 537
/opt/build/eric/gcc-4_0-branch/gcc/xgcc version 4.0.1
=== gfortran tests ===
Running target unix
=== gfortran Summary ===
# of expected passes 6903
# of expected failures 10
# of unsupported tests 17
/opt/build/eric/gcc-4_0-branch/gcc/testsuite/../gfortran version 4.0.1
=== objc tests ===
Running target unix
=== objc Summary ===
# of expected passes 1534
# of unsupported tests 10
/opt/build/eric/gcc-4_0-branch/gcc/xgcc version 4.0.1
=== libstdc++ tests ===
Running target unix
WARNING: program timed out.
FAIL: 21_strings/basic_string/cons/char/1.cc execution test
WARNING: program timed out.
FAIL: 21_strings/basic_string/cons/wchar_t/1.cc execution test
=== libstdc++ Summary ===
# of expected passes 3640
# of unexpected failures 2
# of expected failures 14
Compiler version: 4.0.1
Platform: sparc-sun-solaris2.7
configure flags: --prefix=/opt/build/eric/local --with-as=/usr/ccs/bin/as --with-ld=/usr/ccs/bin/ld --with-gmp=/opt/build/eric/local --with-mpfr=/opt/build/eric/local --with-local-prefix=/opt/build/eric/local --disable-libgcj --enable-languages=c,ada,c++,f95,java,objc
BOOT_CFLAGS=-g -O2