This is the mail archive of the gcc-testresults@gcc.gnu.org mailing list for the GCC project.


Index Nav: [Date Index] [Subject Index] [Author Index] [Thread Index]
Message Nav: [Date Prev] [Date Next] [Thread Prev] [Thread Next]
Other format: [Raw text]

Results for 4.0.1 testsuite on sparc-sun-solaris2.5.1


LAST_UPDATED: Obtained from CVS: -rgcc_4_0_1_release 

Native configuration is sparc-sun-solaris2.5.1

		=== g++ tests ===


Running target unix
FAIL: g++.dg/pch/externc-1.C -g assembly comparison
FAIL: g++.dg/pch/externc-1.C -O2 -g assembly comparison
FAIL: g++.dg/pch/static-1.C -g assembly comparison
FAIL: g++.dg/pch/static-1.C -O2 -g assembly comparison
FAIL: g++.dg/pch/system-1.C -g assembly comparison
FAIL: g++.dg/pch/system-1.C -O2 -g assembly comparison
FAIL: g++.dg/pch/system-2.C -g assembly comparison
FAIL: g++.dg/pch/system-2.C -O2 -g assembly comparison
FAIL: g++.dg/pch/uninst.C -g assembly comparison
FAIL: g++.dg/pch/uninst.C -O2 -g assembly comparison
FAIL: g++.dg/pch/wchar-1.C -g assembly comparison
FAIL: g++.dg/pch/wchar-1.C -O2 -g assembly comparison

		=== g++ Summary ===

# of expected passes		10630
# of unexpected failures	12
# of expected failures		70
# of unsupported tests		141
/u/sheltonv/software/SunOS-5.5/build/gcc-4.0.1/gcc/testsuite/../g++  version 4.0.1

		=== gcc tests ===


Running target unix
WARNING: Could not compile gcc.dg/compat/struct-layout-1 generator

		=== gcc Summary ===

# of expected passes		35045
# of expected failures		101
# of untested testcases		28
# of unsupported tests		538
/u/sheltonv/software/SunOS-5.5/build/gcc-4.0.1/gcc/xgcc  version 4.0.1

		=== libstdc++ tests ===


Running target unix
WARNING: program timed out.
FAIL: 21_strings/basic_string/cons/char/1.cc execution test
FAIL: 22_locale/ctype/is/char/3.cc execution test
FAIL: 23_containers/vector/resize/1.cc execution test
FAIL: 27_io/basic_filebuf/sgetn/char/1-in.cc execution test
FAIL: 27_io/basic_filebuf/sgetn/char/1-io.cc execution test
FAIL: 27_io/basic_filebuf/sgetn/char/2-in.cc execution test
FAIL: 27_io/basic_filebuf/sgetn/char/2-io.cc execution test
FAIL: 27_io/basic_istream/readsome/char/6746-2.cc execution test
FAIL: 27_io/ios_base/storage/2.cc execution test

		=== libstdc++ Summary ===

# of expected passes		2559
# of unexpected failures	9
# of expected failures		12

Compiler version: 4.0.1 
Platform: sparc-sun-solaris2.5.1
configure flags: --prefix=/u/sheltonv/software/SunOS-5.5/gcc-4.0.1 --with-local_prefix= --disable-nls --enable-languages=c,c++
BOOT_CFLAGS=-g -O2


Index Nav: [Date Index] [Subject Index] [Author Index] [Thread Index]
Message Nav: [Date Prev] [Date Next] [Thread Prev] [Thread Next]