This is the mail archive of the gcc-testresults@gcc.gnu.org mailing list for the GCC project.


Index Nav: [Date Index] [Subject Index] [Author Index] [Thread Index]
Message Nav: [Date Prev] [Date Next] [Thread Prev] [Thread Next]
Other format: [Raw text]

Results for 3.4.5 20050708 (prerelease) testsuite on i686-pc-linux-gnu


This is a Red Hat Enterprise (GNU/)Linux WS release 3 system,
running on a dual 2.2 GHz Intel Xeon system.

kernel: 2.4.21-4.EL (from Red Hat)
glibc: 2.3.2-95.3 (from Red Hat)
binutils: 2.14.90.0.4-26 (from Red Hat)

Only C, C++, ObjC, and Fortran 77 are tested (no Java).
LAST_UPDATED: Fri Jul  8 07:48:37 UTC 2005

Native configuration is i686-pc-linux-gnu

		=== g++ tests ===


Running target unix
XPASS: g++.dg/rtti/tinfo1.C scan-assembler _ZTIP9CTemplateIhE:
XPASS: g++.dg/rtti/tinfo1.C scan-assembler-not .globl[ \\t]+_ZTIP9CTemplateIhE
WARNING: g++.old-deja/g++.mike/p10769a.C compilation failed to produce executable
WARNING: g++.old-deja/g++.other/enum5.C compilation failed to produce executable
WARNING: g++.old-deja/g++.pt/friend44.C compilation failed to produce executable

		=== g++ Summary ===

# of expected passes		9883
# of unexpected successes	2
# of expected failures		72
# of unsupported tests		43
/var/tmp/gccbuild/3_4_branch/gcc/testsuite/../g++  version 3.4.5 20050708 (prerelease)

		=== g77 tests ===


Running target unix

		=== g77 Summary ===

# of expected passes		1824
/var/tmp/gccbuild/3_4_branch/gcc/testsuite/../g77  version 3.4.5 20050708 (prerelease)

		=== gcc tests ===


Running target unix
FAIL: gcc.c-torture/execute/va-arg-25.c execution,  -Os 

		=== gcc Summary ===

# of expected passes		25145
# of unexpected failures	1
# of expected failures		70
# of untested testcases		7
# of unsupported tests		211
/var/tmp/gccbuild/3_4_branch/gcc/xgcc version 3.4.5 20050708 (prerelease)

		=== objc tests ===


Running target unix

		=== objc Summary ===

# of expected passes		1352
# of unsupported tests		8
/var/tmp/gccbuild/3_4_branch/gcc/xgcc  version 3.4.5 20050708 (prerelease)

		=== libstdc++ tests ===


Running target unix
XPASS: 22_locale/locale/cons/12658_thread.cc execution test
XPASS: 26_numerics/c99_classification_macros_c.cc (test for excess errors)

		=== libstdc++ Summary ===

# of expected passes		2736
# of unexpected successes	2
# of expected failures		5

Compiler version: 3.4.5 20050708 (prerelease) 
Platform: i686-pc-linux-gnu
configure flags: --prefix=/usr/localdisk/gcc-cvs/3_4_branch --enable-languages=c,c++,objc,f77


Index Nav: [Date Index] [Subject Index] [Author Index] [Thread Index]
Message Nav: [Date Prev] [Date Next] [Thread Prev] [Thread Next]