This is the mail archive of the
gcc-testresults@gcc.gnu.org
mailing list for the GCC project.
Results for 4.0.1 20050702 (prerelease) testsuite on powerpc-apple-darwin8.1.0
- From: Andreas Tobler <toa at pop dot agri dot ch>
- To: gcc-testresults at gcc dot gnu dot org
- Date: Tue, 05 Jul 2005 05:44:39 +0200
- Subject: Results for 4.0.1 20050702 (prerelease) testsuite on powerpc-apple-darwin8.1.0
LAST_UPDATED: Obtained from CVS: -rgcc-4_0-branch
Native configuration is powerpc-apple-darwin8.1.0
=== g++ tests ===
Running target unix
FAIL: g++.dg/warn/weak1.C (test for excess errors)
WARNING: g++.dg/warn/weak1.C compilation failed to produce executable
FAIL: g++.dg/special/conpr-3.C execution test
XPASS: g++.old-deja/g++.eh/badalloc1.C execution test
=== g++ Summary ===
# of expected passes 10886
# of unexpected failures 2
# of unexpected successes 1
# of expected failures 70
# of unsupported tests 97
/Volumes/export/gcc/gcc-4.0-test/objdir/gcc/testsuite/../g++ version 4.0.1 20050702 (prerelease)
=== gcc tests ===
Running target unix
FAIL: tmpdir-gcc.dg-struct-layout-1/t001 c_compat_x_tst.o-c_compat_y_tst.o execute
FAIL: tmpdir-gcc.dg-struct-layout-1/t025 c_compat_x_tst.o-c_compat_y_tst.o execute
FAIL: tmpdir-gcc.dg-struct-layout-1/t026 c_compat_x_tst.o-c_compat_y_tst.o execute
FAIL: tmpdir-gcc.dg-struct-layout-1/t027 c_compat_x_tst.o-c_compat_y_tst.o execute
FAIL: tmpdir-gcc.dg-struct-layout-1/t028 c_compat_x_tst.o-c_compat_y_tst.o execute
FAIL: gcc.dg/darwin-longlong.c execution test
FAIL: gcc.dg/rs6000-power2-2.c scan-assembler-not lfd
FAIL: gcc.dg/rs6000-power2-2.c scan-assembler lfq
FAIL: gcc.dg/rs6000-power2-2.c scan-assembler stfq
FAIL: gcc.dg/vect/vect-82_64.c execution test
FAIL: gcc.dg/vect/vect-83_64.c execution test
=== gcc Summary ===
# of expected passes 35017
# of unexpected failures 11
# of expected failures 100
# of untested testcases 28
# of unsupported tests 467
/Volumes/export/gcc/gcc-4.0-test/objdir/gcc/xgcc version 4.0.1 20050702 (prerelease)
=== libffi tests ===
Running target unix
=== libffi Summary ===
# of expected passes 219
# of unsupported tests 2
=== libjava tests ===
Running target unix
FAIL: Array_3 -O3 execution - bytecode->native test
=== libjava Summary ===
# of expected passes 3794
# of unexpected failures 1
# of expected failures 14
# of untested testcases 17
=== libstdc++ tests ===
Running target unix
FAIL: 23_containers/vector/resize/1.cc execution test
FAIL: 26_numerics/cmath/c99_classification_macros_c.cc (test for excess errors)
FAIL: 26_numerics/complex/13450.cc execution test
FAIL: 27_io/ios_base/storage/2.cc execution test
=== libstdc++ Summary ===
# of expected passes 3640
# of unexpected failures 4
# of expected failures 12
Compiler version: 4.0.1 20050702 (prerelease)
Platform: powerpc-apple-darwin8.1.0
configure flags: --prefix=/Volumes/export/gcc-gcc-4.0-test/testbin/testbin --enable-java-awt=gtk,xlib --enable-gtk-cairo --disable-checking --disable-multilib --enable-languages=c,c++,java