This is the mail archive of the
gcc-testresults@gcc.gnu.org
mailing list for the GCC project.
Results for 4.0.1 20050629 (prerelease) testsuite on i386-pc-solaris2.10
- From: Rainer Orth <ro at TechFak dot Uni-Bielefeld dot DE>
- To: gcc-testresults at gcc dot gnu dot org
- Date: Thu, 30 Jun 2005 19:15:33 +0200 (MEST)
- Subject: Results for 4.0.1 20050629 (prerelease) testsuite on i386-pc-solaris2.10
LAST_UPDATED: Fri Feb 25 19:14:57 UTC 2005
=== acats tests ===
FAIL: c94002f
FAIL: c954025
FAIL: c954026
FAIL: c96005d
FAIL: cc3120a
=== acats Summary ===
# of expected passes 2315
# of unexpected failures 5
Native configuration is i386-pc-solaris2.10
=== g++ tests ===
Running target unix
=== g++ Summary for unix ===
# of expected passes 10909
# of expected failures 70
# of unsupported tests 93
Running target unix/-m64
FAIL: g++.dg/opt/inline9.C (test for excess errors)
WARNING: g++.dg/opt/inline9.C compilation failed to produce executable
FAIL: g++.old-deja/g++.law/profile1.C execution test
=== g++ Summary for unix/-m64 ===
# of expected passes 10832
# of unexpected failures 2
# of expected failures 70
# of unsupported tests 116
=== g++ Summary ===
# of expected passes 21741
# of unexpected failures 2
# of expected failures 140
# of unsupported tests 209
/amnt/figaro/volumes/obj-gcc/gcc/obj.sol86/gcc-4.0.1-20050629/10-gcc-gas/gcc/testsuite/../g++ version 4.0.1 20050629 (prerelease)
=== gcc tests ===
Running target unix
FAIL: largefile.c (test for excess errors)
FAIL: largefile.c (test for excess errors)
FAIL: largefile.c (test for excess errors)
FAIL: largefile.c (test for excess errors)
FAIL: largefile.c (test for excess errors)
FAIL: largefile.c (test for excess errors)
FAIL: largefile.c (test for excess errors)
XPASS: gcc.dg/tree-ssa/20040204-1.c scan-tree-dump-times link_error 0
FAIL: gcc.dg/vect/pr18400.c execution test
FAIL: gcc.dg/vect/pr20122.c execution test
FAIL: gcc.dg/vect/vect-17.c execution test
FAIL: gcc.dg/vect/vect-18.c execution test
FAIL: gcc.dg/vect/vect-19.c execution test
FAIL: gcc.dg/vect/vect-2.c execution test
FAIL: gcc.dg/vect/vect-20.c execution test
FAIL: gcc.dg/vect/vect-22.c execution test
XPASS: gcc.dg/vect/vect-22.c scan-tree-dump-times vectorized 3 loops 1
FAIL: gcc.dg/vect/vect-27.c execution test
FAIL: gcc.dg/vect/vect-3.c execution test
FAIL: gcc.dg/vect/vect-31.c execution test
FAIL: gcc.dg/vect/vect-32.c execution test
FAIL: gcc.dg/vect/vect-34.c execution test
FAIL: gcc.dg/vect/vect-36.c execution test
FAIL: gcc.dg/vect/vect-4.c execution test
FAIL: gcc.dg/vect/vect-40.c execution test
FAIL: gcc.dg/vect/vect-42.c execution test
FAIL: gcc.dg/vect/vect-43.c execution test
FAIL: gcc.dg/vect/vect-46.c execution test
FAIL: gcc.dg/vect/vect-48.c execution test
FAIL: gcc.dg/vect/vect-5.c execution test
FAIL: gcc.dg/vect/vect-52.c execution test
FAIL: gcc.dg/vect/vect-56.c execution test
FAIL: gcc.dg/vect/vect-6.c execution test
FAIL: gcc.dg/vect/vect-60.c execution test
FAIL: gcc.dg/vect/vect-62.c execution test
FAIL: gcc.dg/vect/vect-64.c execution test
FAIL: gcc.dg/vect/vect-65.c execution test
FAIL: gcc.dg/vect/vect-66.c execution test
FAIL: gcc.dg/vect/vect-68.c execution test
FAIL: gcc.dg/vect/vect-7.c execution test
FAIL: gcc.dg/vect/vect-72.c execution test
FAIL: gcc.dg/vect/vect-73.c execution test
FAIL: gcc.dg/vect/vect-97.c execution test
FAIL: gcc.dg/vect/vect-all.c execution test
FAIL: gcc.target/i386/abi-1.c scan-assembler xmm0
=== gcc Summary for unix ===
# of expected passes 34752
# of unexpected failures 43
# of unexpected successes 2
# of expected failures 100
# of untested testcases 35
# of unsupported tests 352
Running target unix/-m64
FAIL: gcc.dg/i386-387-8.c (test for excess errors)
ERROR: gcc.dg/i386-387-8.c: error executing dg-final: couldn't open "i386-387-8.s": no such file or directory
UNRESOLVED: gcc.dg/i386-387-8.c: error executing dg-final: couldn't open "i386-387-8.s": no such file or directory
WARNING: gcc.dg/i386-loop-1.c compilation failed to produce executable
FAIL: gcc.dg/nest.c execution test
FAIL: largefile.c (test for excess errors)
FAIL: largefile.c (test for excess errors)
FAIL: largefile.c (test for excess errors)
FAIL: largefile.c (test for excess errors)
FAIL: largefile.c (test for excess errors)
FAIL: largefile.c (test for excess errors)
FAIL: largefile.c (test for excess errors)
XPASS: gcc.dg/vect/vect-22.c scan-tree-dump-times vectorized 3 loops 1
FAIL: gcc.misc-tests/linkage.c link
FAIL: gcc.target/i386/asm-1.c (test for errors, line 4)
=== gcc Summary for unix/-m64 ===
# of expected passes 34518
# of unexpected failures 11
# of unexpected successes 1
# of expected failures 106
# of unresolved testcases 1
# of untested testcases 35
# of unsupported tests 444
=== gcc Summary ===
# of expected passes 69270
# of unexpected failures 54
# of unexpected successes 3
# of expected failures 206
# of unresolved testcases 1
# of untested testcases 70
# of unsupported tests 796
/amnt/figaro/volumes/obj-gcc/gcc/obj.sol86/gcc-4.0.1-20050629/10-gcc-gas/gcc/xgcc version 4.0.1 20050629 (prerelease)
=== gfortran tests ===
Running target unix
FAIL: gfortran.dg/g77/cpp.F (test for excess errors)
FAIL: gfortran.dg/g77/cpp2.F (test for excess errors)
FAIL: gfortran.dg/g77/cpp3.F (test for excess errors)
WARNING: gfortran.dg/g77/cpp3.F compilation failed to produce executable
FAIL: gfortran.dg/g77/cpp3.F (test for excess errors)
WARNING: gfortran.dg/g77/cpp3.F compilation failed to produce executable
FAIL: gfortran.dg/g77/cpp3.F (test for excess errors)
WARNING: gfortran.dg/g77/cpp3.F compilation failed to produce executable
FAIL: gfortran.dg/g77/cpp3.F (test for excess errors)
WARNING: gfortran.dg/g77/cpp3.F compilation failed to produce executable
FAIL: gfortran.dg/g77/cpp3.F (test for excess errors)
WARNING: gfortran.dg/g77/cpp3.F compilation failed to produce executable
FAIL: gfortran.dg/g77/cpp3.F (test for excess errors)
WARNING: gfortran.dg/g77/cpp3.F compilation failed to produce executable
FAIL: gfortran.dg/g77/cpp3.F (test for excess errors)
WARNING: gfortran.dg/g77/cpp3.F compilation failed to produce executable
FAIL: gfortran.dg/g77/cpp3.F (test for excess errors)
WARNING: gfortran.dg/g77/cpp3.F compilation failed to produce executable
=== gfortran Summary for unix ===
# of expected passes 6906
# of unexpected failures 10
# of expected failures 10
# of unsupported tests 8
Running target unix/-m64
FAIL: gfortran.dg/g77/cpp.F (test for excess errors)
FAIL: gfortran.dg/g77/cpp2.F (test for excess errors)
FAIL: gfortran.dg/g77/cpp3.F (test for excess errors)
WARNING: gfortran.dg/g77/cpp3.F compilation failed to produce executable
FAIL: gfortran.dg/g77/cpp3.F (test for excess errors)
WARNING: gfortran.dg/g77/cpp3.F compilation failed to produce executable
FAIL: gfortran.dg/g77/cpp3.F (test for excess errors)
WARNING: gfortran.dg/g77/cpp3.F compilation failed to produce executable
FAIL: gfortran.dg/g77/cpp3.F (test for excess errors)
WARNING: gfortran.dg/g77/cpp3.F compilation failed to produce executable
FAIL: gfortran.dg/g77/cpp3.F (test for excess errors)
WARNING: gfortran.dg/g77/cpp3.F compilation failed to produce executable
FAIL: gfortran.dg/g77/cpp3.F (test for excess errors)
WARNING: gfortran.dg/g77/cpp3.F compilation failed to produce executable
FAIL: gfortran.dg/g77/cpp3.F (test for excess errors)
WARNING: gfortran.dg/g77/cpp3.F compilation failed to produce executable
FAIL: gfortran.dg/g77/cpp3.F (test for excess errors)
WARNING: gfortran.dg/g77/cpp3.F compilation failed to produce executable
=== gfortran Summary for unix/-m64 ===
# of expected passes 6906
# of unexpected failures 10
# of expected failures 10
# of unsupported tests 8
=== gfortran Summary ===
# of expected passes 13812
# of unexpected failures 20
# of expected failures 20
# of unsupported tests 16
/amnt/figaro/volumes/obj-gcc/gcc/obj.sol86/gcc-4.0.1-20050629/10-gcc-gas/gcc/testsuite/../gfortran version 4.0.1 20050629 (prerelease)
=== objc tests ===
Running target unix
=== objc Summary for unix ===
# of expected passes 1534
# of unsupported tests 10
Running target unix/-m64
=== objc Summary for unix/-m64 ===
# of expected passes 1534
# of unsupported tests 10
=== objc Summary ===
# of expected passes 3068
# of unsupported tests 20
/amnt/figaro/volumes/obj-gcc/gcc/obj.sol86/gcc-4.0.1-20050629/10-gcc-gas/gcc/xgcc version 4.0.1 20050629 (prerelease)
=== libffi tests ===
Running target unix
=== libffi Summary for unix ===
# of expected passes 219
# of unsupported tests 2
Running target unix/-m64
FAIL: libffi.special/unwindtest.cc execution test
=== libffi Summary for unix/-m64 ===
# of expected passes 217
# of unexpected failures 1
# of unsupported tests 2
=== libffi Summary ===
# of expected passes 436
# of unexpected failures 1
# of unsupported tests 4
=== libjava tests ===
Running target unix
FAIL: Process_6 execution - bytecode->native test
FAIL: Throw_2 execution - source compiled test
FAIL: Throw_2 execution - gij test
FAIL: Throw_2 execution - bytecode->native test
FAIL: Throw_2 -O3 execution - source compiled test
FAIL: Throw_2 execution - gij test
FAIL: Throw_2 -O3 execution - bytecode->native test
=== libjava Summary for unix ===
# of expected passes 3782
# of unexpected failures 7
# of expected failures 14
# of untested testcases 23
Running target unix/-m64
FAIL: /vol/gnu/src/gcc/gcc-4.0-branch-dist/libjava/testsuite/libjava.jar/simple.jar execution - gij test
FAIL: PR15133 execution - gij test
FAIL: PR18116 execution - gij test
FAIL: bytebuffer execution - gij test
FAIL: calls execution - gij test
FAIL: cxxtest execution - gij test
FAIL: directbuffer execution - gij test
FAIL: field execution - gij test
FAIL: final_method execution - gij test
FAIL: findclass execution - gij test
FAIL: iface execution - gij test
FAIL: invoke execution - gij test
FAIL: jniutf execution - gij test
FAIL: martin execution - gij test
FAIL: noclass execution - gij test
FAIL: overload execution - gij test
FAIL: pr11951 run
FAIL: register execution - gij test
FAIL: simple_int execution - gij test
FAIL: throwit execution - gij test
FAIL: virtual execution - gij test
FAIL: PR16923 run
FAIL: ArrayStore execution - gij test
FAIL: ArrayStore execution - gij test
FAIL: ArrayStore2 execution - gij test
FAIL: ArrayStore2 execution - gij test
FAIL: Array_1 execution - gij test
FAIL: Array_1 execution - gij test
FAIL: Array_2 execution - gij test
FAIL: Array_2 execution - gij test
FAIL: Array_3 execution - gij test
FAIL: Array_3 execution - gij test
FAIL: Class_1 execution - gij test
FAIL: Class_1 execution - gij test
FAIL: CompareNaN execution - gij test
FAIL: CompareNaN execution - gij test
FAIL: Divide_1 execution - gij test
FAIL: Divide_1 execution - gij test
FAIL: EvaluationOrder execution - gij test
FAIL: EvaluationOrder execution - gij test
FAIL: FileHandleGcTest execution - gij test
FAIL: FileHandleGcTest execution - gij test
FAIL: Final execution - gij test
FAIL: Final execution - gij test
FAIL: Float_1 execution - gij test
FAIL: Float_1 execution - gij test
FAIL: G19990301_01 execution - gij test
FAIL: G19990301_01 execution - gij test
FAIL: G19990302_02 execution - gij test
FAIL: G19990302_02 execution - gij test
FAIL: G19990303_01 execution - gij test
FAIL: G19990303_01 execution - gij test
FAIL: G19990303_02 execution - gij test
FAIL: G19990303_02 execution - gij test
FAIL: G19990304_01 execution - gij test
FAIL: G19990304_01 execution - gij test
FAIL: G19990310_01 execution - gij test
FAIL: G19990310_01 execution - gij test
FAIL: II execution - gij test
FAIL: II execution - gij test
FAIL: InterfaceDispatch execution - gij test
FAIL: InterfaceDispatch execution - gij test
FAIL: InvokeInterface execution - gij test
FAIL: InvokeInterface execution - gij test
FAIL: InvokeReturn execution - gij test
FAIL: InvokeReturn execution - gij test
FAIL: Invoke_1 execution - gij test
FAIL: Invoke_1 execution - gij test
FAIL: Invoke_2 execution - gij test
FAIL: Invoke_2 execution - gij test
FAIL: KeepInline execution - gij test
FAIL: KeepInline execution - gij test
FAIL: LargeFile execution - gij test
FAIL: LargeFile execution - gij test
FAIL: MathBuiltin execution - gij test
FAIL: MathBuiltin execution - gij test
FAIL: Matrix4f execution - gij test
FAIL: Matrix4f execution - gij test
FAIL: N19990310_02 execution - gij test
FAIL: N19990310_02 execution - gij test
FAIL: N19990310_3 execution - gij test
FAIL: N19990310_3 execution - gij test
FAIL: N19990310_4 execution - gij test
FAIL: N19990310_4 execution - gij test
FAIL: N19990310_5 execution - gij test
FAIL: N19990310_5 execution - gij test
FAIL: Overflow execution - gij test
FAIL: Overflow execution - gij test
FAIL: PR12350 execution - gij test
FAIL: PR12350 execution - gij test
FAIL: PR12416 execution - gij test
FAIL: PR12416 execution - gij test
FAIL: PR12656 execution - gij test
FAIL: PR12656 execution - gij test
FAIL: PR12915 execution - gij test
FAIL: PR12915 execution - gij test
FAIL: PR141 execution - gij test
FAIL: PR141 execution - gij test
FAIL: PR160 execution - gij test
FAIL: PR160 execution - gij test
FAIL: PR162 execution - gij test
FAIL: PR162 execution - gij test
FAIL: PR16867 execution - gij test
FAIL: PR16867 execution - gij test
FAIL: PR18699 execution - gij test
FAIL: PR18699 execution - gij test
FAIL: PR19921 execution - gij test
FAIL: PR19921 execution - gij test
FAIL: PR20056 execution - gij test
FAIL: PR20056 execution - gij test
FAIL: PR218 execution - gij test
FAIL: PR218 execution - gij test
FAIL: PR242 execution - gij test
FAIL: PR242 execution - gij test
FAIL: PR260 execution - gij test
FAIL: PR260 execution - gij test
FAIL: PR3096 execution - gij test
FAIL: PR3096 execution - gij test
FAIL: PR3731 execution - gij test
FAIL: PR3731 execution - gij test
FAIL: PR5057 execution - gij test
FAIL: PR5057 execution - gij test
FAIL: PR5057_2 execution - gij test
FAIL: PR5057_2 execution - gij test
FAIL: PR55 execution - gij test
FAIL: PR55 execution - gij test
FAIL: PR56 execution - gij test
FAIL: PR56 execution - gij test
FAIL: PR6085 execution - gij test
FAIL: PR6085 execution - gij test
FAIL: PR6204 execution - gij test
FAIL: PR6204 execution - gij test
FAIL: PR6729 execution - gij test
FAIL: PR6729 execution - gij test
FAIL: PR6820 execution - gij test
FAIL: PR6820 execution - gij test
FAIL: PR7482 execution - gij test
FAIL: PR7482 execution - gij test
FAIL: Process_1 execution - gij test
FAIL: Process_1 execution - gij test
FAIL: Process_2 execution - gij test
FAIL: Process_2 execution - gij test
FAIL: Process_3 execution - gij test
FAIL: Process_3 execution - gij test
FAIL: Process_4 execution - gij test
FAIL: Process_4 execution - gij test
FAIL: Process_5 execution - gij test
FAIL: Process_5 execution - gij test
FAIL: Process_6 execution - gij test
FAIL: Process_6 execution - gij test
FAIL: Serialization execution - gij test
FAIL: Serialization execution - gij test
FAIL: Shazam execution - gij test
FAIL: Shazam execution - gij test
FAIL: StaticConstructor execution - gij test
FAIL: StaticConstructor execution - gij test
FAIL: StringBuffer_1 execution - gij test
FAIL: StringBuffer_1 execution - gij test
FAIL: StringBuffer_overflow execution - gij test
FAIL: StringBuffer_overflow execution - gij test
FAIL: String_overflow execution - gij test
FAIL: String_overflow execution - gij test
FAIL: SyncGlobal execution - gij test
FAIL: SyncGlobal execution - gij test
FAIL: SyncTest execution - gij test
FAIL: SyncTest execution - gij test
FAIL: Synch execution - gij test
FAIL: Synch execution - gij test
FAIL: TLtest execution - gij test
FAIL: TLtest execution - gij test
FAIL: TestProxy execution - source compiled test
FAIL: TestProxy execution - gij test
FAIL: TestProxy execution - bytecode->native test
FAIL: TestProxy -O3 execution - source compiled test
FAIL: TestProxy execution - gij test
FAIL: TestProxy -O3 execution - bytecode->native test
FAIL: Thread_Alive execution - gij test
FAIL: Thread_Alive execution - gij test
FAIL: Thread_HoldsLock execution - gij test
FAIL: Thread_HoldsLock execution - gij test
FAIL: Thread_Interrupt execution - gij test
FAIL: Thread_Interrupt execution - gij test
FAIL: Thread_Join execution - gij test
FAIL: Thread_Join execution - gij test
FAIL: Thread_Monitor execution - gij test
FAIL: Thread_Monitor execution - gij test
FAIL: Thread_Sleep execution - gij test
FAIL: Thread_Sleep execution - gij test
FAIL: Thread_Wait execution - gij test
FAIL: Thread_Wait execution - gij test
FAIL: Thread_Wait_2 execution - gij test
FAIL: Thread_Wait_2 execution - gij test
FAIL: Thread_Wait_Interrupt execution - gij test
FAIL: Thread_Wait_Interrupt execution - gij test
FAIL: Throw_1 execution - gij test
FAIL: Throw_1 execution - gij test
FAIL: Throw_2 execution - source compiled test
FAIL: Throw_2 execution - gij test
FAIL: Throw_2 execution - bytecode->native test
FAIL: Throw_2 -O3 execution - source compiled test
FAIL: Throw_2 execution - gij test
FAIL: Throw_2 -O3 execution - bytecode->native test
FAIL: anfi execution - gij test
FAIL: anfi execution - gij test
FAIL: anon execution - gij test
FAIL: anon execution - gij test
FAIL: anon2 execution - gij test
FAIL: anon2 execution - gij test
FAIL: anon3 execution - gij test
FAIL: anon3 execution - gij test
FAIL: anon4 execution - gij test
FAIL: anon4 execution - gij test
FAIL: anon_ctor_itf_arg execution - gij test
FAIL: anon_ctor_itf_arg execution - gij test
FAIL: anonarray execution - gij test
FAIL: anonarray execution - gij test
FAIL: anonarray2 execution - gij test
FAIL: anonarray2 execution - gij test
FAIL: anonarray3 execution - gij test
FAIL: anonarray3 execution - gij test
FAIL: assign execution - gij test
FAIL: assign execution - gij test
FAIL: assign2 execution - gij test
FAIL: assign2 execution - gij test
FAIL: bytearray execution - gij test
FAIL: bytearray execution - gij test
FAIL: direct_read execution - gij test
FAIL: direct_read execution - gij test
FAIL: direct_write execution - gij test
FAIL: direct_write execution - gij test
FAIL: emptystring execution - gij test
FAIL: emptystring execution - gij test
FAIL: err1 execution - gij test
FAIL: err1 execution - gij test
FAIL: err10 execution - gij test
FAIL: err10 execution - gij test
FAIL: err11 execution - gij test
FAIL: err11 execution - gij test
FAIL: err12 execution - gij test
FAIL: err12 execution - gij test
FAIL: err13 execution - gij test
FAIL: err13 execution - gij test
FAIL: err14 execution - gij test
FAIL: err14 execution - gij test
FAIL: err2 execution - gij test
FAIL: err2 execution - gij test
FAIL: err3 execution - gij test
FAIL: err3 execution - gij test
FAIL: err4 execution - gij test
FAIL: err4 execution - gij test
FAIL: err5 execution - gij test
FAIL: err5 execution - gij test
FAIL: err6 execution - gij test
FAIL: err6 execution - gij test
FAIL: err7 execution - gij test
FAIL: err7 execution - gij test
FAIL: err8 execution - gij test
FAIL: err8 execution - gij test
FAIL: err9 execution - gij test
FAIL: err9 execution - gij test
FAIL: final_inner execution - gij test
FAIL: final_inner execution - gij test
FAIL: final_int execution - gij test
FAIL: final_int execution - gij test
FAIL: final_static_and_friend execution - gij test
FAIL: final_static_and_friend execution - gij test
FAIL: indirect execution - gij test
FAIL: indirect execution - gij test
FAIL: indirect_read execution - gij test
FAIL: indirect_read execution - gij test
FAIL: indirect_write execution - gij test
FAIL: indirect_write execution - gij test
FAIL: initexc execution - gij test
FAIL: initexc execution - gij test
FAIL: initfield execution - gij test
FAIL: initfield execution - gij test
FAIL: inline execution - gij test
FAIL: inline execution - gij test
FAIL: inner1 execution - gij test
FAIL: inner1 execution - gij test
FAIL: inner2 execution - gij test
FAIL: inner2 execution - gij test
FAIL: inner3 execution - gij test
FAIL: inner3 execution - gij test
FAIL: inner4 execution - gij test
FAIL: inner4 execution - gij test
FAIL: inner_array execution - gij test
FAIL: inner_array execution - gij test
FAIL: inner_interface execution - gij test
FAIL: inner_interface execution - gij test
FAIL: instance execution - gij test
FAIL: instance execution - gij test
FAIL: instinit execution - gij test
FAIL: instinit execution - gij test
FAIL: instinit2 execution - gij test
FAIL: instinit2 execution - gij test
FAIL: invoke_from_inner execution - gij test
FAIL: invoke_from_inner execution - gij test
FAIL: invokethrow execution - source compiled test
FAIL: invokethrow execution - gij test
FAIL: invokethrow execution - bytecode->native test
FAIL: invokethrow -O3 execution - source compiled test
FAIL: invokethrow execution - gij test
FAIL: invokethrow -O3 execution - bytecode->native test
FAIL: klass execution - gij test
FAIL: klass execution - gij test
FAIL: md5test execution - gij test
FAIL: md5test execution - gij test
FAIL: multiple_finit execution - gij test
FAIL: multiple_finit execution - gij test
FAIL: negzero execution - gij test
FAIL: negzero execution - gij test
FAIL: nested_with_ctor execution - gij test
FAIL: nested_with_ctor execution - gij test
FAIL: newarray_overflow execution - gij test
FAIL: newarray_overflow execution - gij test
FAIL: override execution - gij test
FAIL: override execution - gij test
FAIL: pr109 execution - gij test
FAIL: pr109 execution - gij test
FAIL: pr13107 execution - gij test
FAIL: pr13107 execution - gij test
FAIL: pr13107_2 execution - gij test
FAIL: pr13107_2 execution - gij test
FAIL: pr13107_3 execution - gij test
FAIL: pr13107_3 execution - gij test
FAIL: pr133 execution - gij test
FAIL: pr133 execution - gij test
FAIL: pr16789 execution - gij test
FAIL: pr16789 execution - gij test
FAIL: pr179 execution - gij test
FAIL: pr179 execution - gij test
FAIL: pr184 execution - gij test
FAIL: pr184 execution - gij test
FAIL: pr6388 execution - gij test
FAIL: pr6388 execution - gij test
FAIL: pr83 execution - gij test
FAIL: pr83 execution - gij test
FAIL: pr8415 execution - gij test
FAIL: pr8415 execution - gij test
FAIL: pr8676 execution - gij test
FAIL: pr8676 execution - gij test
FAIL: pr8823 execution - gij test
FAIL: pr8823 execution - gij test
FAIL: pr8945 execution - gij test
FAIL: pr8945 execution - gij test
FAIL: private_direct_read execution - gij test
FAIL: private_direct_read execution - gij test
FAIL: search_outer execution - gij test
FAIL: search_outer execution - gij test
FAIL: shatest execution - gij test
FAIL: shatest execution - gij test
FAIL: stringconst execution - gij test
FAIL: stringconst execution - gij test
FAIL: stringconst2 execution - gij test
FAIL: stringconst2 execution - gij test
FAIL: stub execution - gij test
FAIL: stub execution - gij test
FAIL: test_long execution - gij test
FAIL: test_long execution - gij test
FAIL: tmi execution - gij test
FAIL: tmi execution - gij test
FAIL: tp execution - gij test
FAIL: tp execution - gij test
FAIL: update_outer execution - gij test
FAIL: update_outer execution - gij test
FAIL: utf8concat execution - gij test
FAIL: utf8concat execution - gij test
FAIL: utilTest execution - gij test
FAIL: utilTest execution - gij test
FAIL: verify execution - gij test
FAIL: verify execution - gij test
FAIL: /amnt/figaro/volumes/obj-gcc/gcc/obj.sol86/gcc-4.0.1-20050629/10-gcc-gas/i386-pc-solaris2.10/libjava/testsuite/TestEarlyGC.exe execution - /amnt/figaro/volumes/obj-gcc/gcc/obj.sol86/gcc-4.0.1-20050629/10-gcc-gas/i386-pc-solaris2.10/libjava/testsuite/TestEarlyGC.exe
=== libjava Summary for unix/-m64 ===
# of expected passes 3050
# of unexpected failures 373
# of expected failures 14
# of untested testcases 389
=== libjava Summary ===
# of expected passes 6832
# of unexpected failures 380
# of expected failures 28
# of untested testcases 412
=== libstdc++ tests ===
Running target unix
FAIL: 21_strings/char_traits/requirements/wchar_t/1.cc execution test
FAIL: 22_locale/num_put/put/char/14220.cc execution test
FAIL: 22_locale/num_put/put/wchar_t/14220.cc execution test
=== libstdc++ Summary for unix ===
# of expected passes 3641
# of unexpected failures 3
# of expected failures 12
Running target unix/-m64
XPASS: 27_io/fpos/14320-1.cc execution test
=== libstdc++ Summary for unix/-m64 ===
# of expected passes 3644
# of unexpected successes 1
# of expected failures 11
=== libstdc++ Summary ===
# of expected passes 7285
# of unexpected failures 3
# of unexpected successes 1
# of expected failures 23
Compiler version: 4.0.1 20050629 (prerelease)
Platform: i386-pc-solaris2.10
configure flags: --prefix=/vol/gcc --with-local-prefix=/vol/gcc --disable-nls --with-gnu-as --with-as=/usr/sfw/bin/gas --with-gmp-dir=/vol/gnu/obj/gmp-4.1.3 --with-mpfr-dir=/vol/gnu/obj/gmp-4.1.3/mpfr --enable-languages=c,ada,c++,f95,java,objc
BOOT_CFLAGS=-g -O2