This is the mail archive of the
gcc-testresults@gcc.gnu.org
mailing list for the GCC project.
Results for 4.1.0 20050628 (experimental) testsuite on alpha-unknown-linux-gnu
- From: Richard Henderson <rth at redhat dot com>
- To: gcc-testresults at gcc dot gnu dot org
- Date: Tue, 28 Jun 2005 05:34:40 -0700
- Subject: Results for 4.1.0 20050628 (experimental) testsuite on alpha-unknown-linux-gnu
LAST_UPDATED: Tue Jun 28 01:16:42 UTC 2005
Native configuration is alpha-unknown-linux-gnu
=== libffi tests ===
Running target unix
=== libffi Summary ===
# of expected passes 219
# of unsupported tests 2
=== libjava tests ===
Running target unix
FAIL: Divide_1 output - source compiled test
FAIL: Divide_1 output - gij test
FAIL: Divide_1 output - bytecode->native test
FAIL: Divide_1 -O3 output - source compiled test
FAIL: Divide_1 output - gij test
FAIL: Divide_1 -O3 output - bytecode->native test
=== libjava Summary ===
# of expected passes 3899
# of unexpected failures 6
# of expected failures 10
# of untested testcases 8
=== libmudflap tests ===
Running target unix
FAIL: libmudflap.c/pass49-frag.c execution test
FAIL: libmudflap.c/pass49-frag.c output pattern test
FAIL: libmudflap.c/pass49-frag.c execution test
FAIL: libmudflap.c/pass49-frag.c output pattern test
FAIL: libmudflap.c/pass49-frag.c (-static) execution test
FAIL: libmudflap.c/pass49-frag.c (-static) output pattern test
FAIL: libmudflap.c/pass49-frag.c (-static) execution test
FAIL: libmudflap.c/pass49-frag.c (-static) output pattern test
FAIL: libmudflap.c/pass49-frag.c (-O2) execution test
FAIL: libmudflap.c/pass49-frag.c (-O2) output pattern test
FAIL: libmudflap.c/pass49-frag.c (-O2) execution test
FAIL: libmudflap.c/pass49-frag.c (-O2) output pattern test
FAIL: libmudflap.c/pass49-frag.c (-O3) execution test
FAIL: libmudflap.c/pass49-frag.c (-O3) output pattern test
FAIL: libmudflap.c/pass49-frag.c (-O3) execution test
FAIL: libmudflap.c/pass49-frag.c (-O3) output pattern test
FAIL: libmudflap.cth/pass40-frag.c execution test
FAIL: libmudflap.cth/pass40-frag.c output pattern test
WARNING: program timed out.
FAIL: libmudflap.cth/pass40-frag.c (-static -DSTATIC) execution test
FAIL: libmudflap.cth/pass40-frag.c (-static -DSTATIC) output pattern test
FAIL: libmudflap.cth/pass40-frag.c (-O2) execution test
FAIL: libmudflap.cth/pass40-frag.c (-O2) output pattern test
FAIL: libmudflap.cth/pass40-frag.c (-O3) execution test
FAIL: libmudflap.cth/pass40-frag.c (-O3) output pattern test
=== libmudflap Summary ===
# of expected passes 1747
# of unexpected failures 24
=== libstdc++ tests ===
Running target unix
FAIL: 26_numerics/cstdlib/13943.cc (test for excess errors)
WARNING: 26_numerics/cstdlib/13943.cc compilation failed to produce executable
FAIL: 27_io/basic_ostream/inserters_arithmetic/wchar_t/9555-oa.cc execution test
XPASS: 27_io/fpos/14320-1.cc execution test
FAIL: ext/pb_assoc/example/basic_map.cc (test for excess errors)
WARNING: program timed out.
FAIL: ext/pb_assoc/example/basic_map.cc execution test
FAIL: ext/pb_assoc/example/basic_multimap.cc (test for excess errors)
WARNING: program timed out.
FAIL: ext/pb_assoc/example/basic_multimap.cc execution test
FAIL: ext/pb_assoc/example/basic_set.cc (test for excess errors)
WARNING: program timed out.
FAIL: ext/pb_assoc/example/basic_set.cc execution test
FAIL: ext/pb_assoc/example/erase_if.cc (test for excess errors)
WARNING: program timed out.
FAIL: ext/pb_assoc/example/erase_if.cc execution test
FAIL: ext/pb_assoc/example/extract_key.cc (test for excess errors)
WARNING: program timed out.
FAIL: ext/pb_assoc/example/extract_key.cc execution test
FAIL: ext/pb_assoc/example/hash_find_neg.cc (test for excess errors)
FAIL: ext/pb_assoc/example/hash_initial_size.cc (test for excess errors)
WARNING: program timed out.
FAIL: ext/pb_assoc/example/hash_initial_size.cc execution test
FAIL: ext/pb_assoc/example/hash_load_set_change.cc (test for excess errors)
WARNING: program timed out.
FAIL: ext/pb_assoc/example/hash_load_set_change.cc execution test
FAIL: ext/pb_assoc/example/hash_resize.cc (test for excess errors)
WARNING: program timed out.
FAIL: ext/pb_assoc/example/hash_resize.cc execution test
FAIL: ext/pb_assoc/example/hash_shift_mask.cc (test for excess errors)
WARNING: program timed out.
FAIL: ext/pb_assoc/example/hash_shift_mask.cc execution test
FAIL: ext/pb_assoc/example/store_hash.cc (test for excess errors)
WARNING: program timed out.
FAIL: ext/pb_assoc/example/store_hash.cc execution test
=== libstdc++ Summary ===
# of expected passes 3817
# of unexpected failures 23
# of unexpected successes 1
# of expected failures 13
=== g++ tests ===
Running target unix
FAIL: g++.dg/tree-ssa/pr14814.C scan-tree-dump-times &this 0
=== g++ Summary ===
# of expected passes 11041
# of unexpected failures 1
# of expected failures 66
# of unsupported tests 99
/local/rth/gcc/bld-cron-4.1/gcc/testsuite/../g++ version 4.1.0 20050628 (experimental)
=== gcc tests ===
Running target unix
ERROR: gcc.dg/tree-ssa/20030708-1.c: error executing dg-final: no files matched glob pattern "20030708-1.c.t??.dom3"
UNRESOLVED: gcc.dg/tree-ssa/20030708-1.c: error executing dg-final: no files matched glob pattern "20030708-1.c.t??.dom3"
ERROR: gcc.dg/tree-ssa/20030709-1.c: error executing dg-final: no files matched glob pattern "20030709-1.c.t??.optimized"
UNRESOLVED: gcc.dg/tree-ssa/20030709-1.c: error executing dg-final: no files matched glob pattern "20030709-1.c.t??.optimized"
ERROR: gcc.dg/tree-ssa/20030714-1.c: error executing dg-final: no files matched glob pattern "20030714-1.c.t??.dom3"
UNRESOLVED: gcc.dg/tree-ssa/20030714-1.c: error executing dg-final: no files matched glob pattern "20030714-1.c.t??.dom3"
ERROR: gcc.dg/tree-ssa/20030807-1.c: error executing dg-final: no files matched glob pattern "20030807-1.c.t??.dom3"
UNRESOLVED: gcc.dg/tree-ssa/20030807-1.c: error executing dg-final: no files matched glob pattern "20030807-1.c.t??.dom3"
ERROR: gcc.dg/tree-ssa/20030807-5.c: error executing dg-final: no files matched glob pattern "20030807-5.c.t??.dom3"
UNRESOLVED: gcc.dg/tree-ssa/20030807-5.c: error executing dg-final: no files matched glob pattern "20030807-5.c.t??.dom3"
ERROR: gcc.dg/tree-ssa/20030807-8.c: error executing dg-final: no files matched glob pattern "20030807-8.c.t??.dom3"
UNRESOLVED: gcc.dg/tree-ssa/20030807-8.c: error executing dg-final: no files matched glob pattern "20030807-8.c.t??.dom3"
ERROR: gcc.dg/tree-ssa/20030815-1.c: error executing dg-final: no files matched glob pattern "20030815-1.c.t??.dom3"
UNRESOLVED: gcc.dg/tree-ssa/20030815-1.c: error executing dg-final: no files matched glob pattern "20030815-1.c.t??.dom3"
ERROR: gcc.dg/tree-ssa/20030922-2.c: error executing dg-final: no files matched glob pattern "20030922-2.c.t??.dom1"
UNRESOLVED: gcc.dg/tree-ssa/20030922-2.c: error executing dg-final: no files matched glob pattern "20030922-2.c.t??.dom1"
FAIL: gcc.dg/tree-ssa/loop-2.c scan-tree-dump-times iter 0
FAIL: gcc.dg/tree-ssa/loop-4.c scan-tree-dump-times iter 0
FAIL: gcc.dg/vect/pr18536.c (test for excess errors)
WARNING: gcc.dg/vect/pr18536.c compilation failed to produce executable
XPASS: gcc.dg/vect/vect-67.c scan-tree-dump-times vectorized 1 loops 1
FAIL: gcc.dg/vect/vect-91.c scan-tree-dump-times vectorized 1 loops 2
FAIL: gcc.dg/vect/vect-reduc-1.c scan-tree-dump-times vectorized 3 loops 1
FAIL: gcc.dg/vect/vect-reduc-1char.c (test for excess errors)
WARNING: gcc.dg/vect/vect-reduc-1char.c compilation failed to produce executable
FAIL: gcc.dg/vect/vect-reduc-1char.c scan-tree-dump-times vectorized 3 loops 1
FAIL: gcc.dg/vect/vect-reduc-1short.c (test for excess errors)
WARNING: gcc.dg/vect/vect-reduc-1short.c compilation failed to produce executable
FAIL: gcc.dg/vect/vect-reduc-1short.c scan-tree-dump-times vectorized 3 loops 1
FAIL: gcc.dg/vect/vect-reduc-2.c scan-tree-dump-times vectorized 3 loops 1
FAIL: gcc.dg/vect/vect-reduc-2char.c (test for excess errors)
WARNING: gcc.dg/vect/vect-reduc-2char.c compilation failed to produce executable
FAIL: gcc.dg/vect/vect-reduc-2char.c scan-tree-dump-times vectorized 3 loops 1
FAIL: gcc.dg/vect/vect-reduc-2short.c (test for excess errors)
WARNING: gcc.dg/vect/vect-reduc-2short.c compilation failed to produce executable
FAIL: gcc.dg/vect/vect-reduc-2short.c scan-tree-dump-times vectorized 3 loops 1
FAIL: gcc.dg/vect/vect-reduc-3.c scan-tree-dump-times vectorized 1 loops 1
=== gcc Summary ===
# of expected passes 35586
# of unexpected failures 15
# of unexpected successes 1
# of expected failures 84
# of unresolved testcases 8
# of untested testcases 28
# of unsupported tests 557
/local/rth/gcc/bld-cron-4.1/gcc/xgcc version 4.1.0 20050628 (experimental)
=== gfortran tests ===
Running target unix
XPASS: gfortran.dg/vect/vect-5.f90 -O scan-tree-dump-times vectorized 2 loops 1
XPASS: gfortran.dg/vect/vect-5.f90 -O scan-tree-dump-times Alignment of access forced using peeling 1
XPASS: gfortran.dg/vect/vect-5.f90 -O scan-tree-dump-times Vectorizing an unaligned access 2
=== gfortran Summary ===
# of expected passes 7407
# of unexpected successes 3
# of expected failures 10
# of unsupported tests 29
/local/rth/gcc/bld-cron-4.1/gcc/testsuite/../gfortran version 4.1.0 20050628 (experimental)
=== objc tests ===
Running target unix
=== objc Summary ===
# of expected passes 1583
# of unsupported tests 22
/local/rth/gcc/bld-cron-4.1/gcc/xgcc version 4.1.0 20050628 (experimental)
Compiler version: 4.1.0 20050628 (experimental)
Platform: alpha-unknown-linux-gnu
configure flags: --prefix=/local/rth/gcc/run-4.1 --disable-checking alpha-linux --enable-languages=c,c++,f95,java,objc