This is the mail archive of the
gcc-testresults@gcc.gnu.org
mailing list for the GCC project.
Results for 4.1.0 20050625 (experimental) testsuite on i686-pc-linux-gnu
- From: hjl at gnu-10 dot sc dot intel dot com (H.J. Lu)
- To: gcc-testresults at gcc dot gnu dot org
- Date: Sun, 26 Jun 2005 06:44:53 -0700 (PDT)
- Subject: Results for 4.1.0 20050625 (experimental) testsuite on i686-pc-linux-gnu
LAST_UPDATED: Sun Jun 26 00:03:21 UTC 2005
Native configuration is i686-pc-linux-gnu
=== gcc tests ===
Running target unix
ERROR: gcc.dg/tree-ssa/20030708-1.c: error executing dg-final: no files matched glob pattern "20030708-1.c.t??.dom3"
UNRESOLVED: gcc.dg/tree-ssa/20030708-1.c: error executing dg-final: no files matched glob pattern "20030708-1.c.t??.dom3"
ERROR: gcc.dg/tree-ssa/20030709-1.c: error executing dg-final: no files matched glob pattern "20030709-1.c.t??.optimized"
UNRESOLVED: gcc.dg/tree-ssa/20030709-1.c: error executing dg-final: no files matched glob pattern "20030709-1.c.t??.optimized"
ERROR: gcc.dg/tree-ssa/20030714-1.c: error executing dg-final: no files matched glob pattern "20030714-1.c.t??.dom3"
UNRESOLVED: gcc.dg/tree-ssa/20030714-1.c: error executing dg-final: no files matched glob pattern "20030714-1.c.t??.dom3"
ERROR: gcc.dg/tree-ssa/20030807-1.c: error executing dg-final: no files matched glob pattern "20030807-1.c.t??.dom3"
UNRESOLVED: gcc.dg/tree-ssa/20030807-1.c: error executing dg-final: no files matched glob pattern "20030807-1.c.t??.dom3"
ERROR: gcc.dg/tree-ssa/20030807-5.c: error executing dg-final: no files matched glob pattern "20030807-5.c.t??.dom3"
UNRESOLVED: gcc.dg/tree-ssa/20030807-5.c: error executing dg-final: no files matched glob pattern "20030807-5.c.t??.dom3"
ERROR: gcc.dg/tree-ssa/20030807-8.c: error executing dg-final: no files matched glob pattern "20030807-8.c.t??.dom3"
UNRESOLVED: gcc.dg/tree-ssa/20030807-8.c: error executing dg-final: no files matched glob pattern "20030807-8.c.t??.dom3"
ERROR: gcc.dg/tree-ssa/20030815-1.c: error executing dg-final: no files matched glob pattern "20030815-1.c.t??.dom3"
UNRESOLVED: gcc.dg/tree-ssa/20030815-1.c: error executing dg-final: no files matched glob pattern "20030815-1.c.t??.dom3"
ERROR: gcc.dg/tree-ssa/20030922-2.c: error executing dg-final: no files matched glob pattern "20030922-2.c.t??.dom1"
UNRESOLVED: gcc.dg/tree-ssa/20030922-2.c: error executing dg-final: no files matched glob pattern "20030922-2.c.t??.dom1"
FAIL: gcc.dg/tree-ssa/loop-2.c scan-tree-dump-times iter 0
FAIL: gcc.dg/tree-ssa/loop-4.c scan-tree-dump-times iter 0
XPASS: gcc.dg/vect/vect-22.c scan-tree-dump-times vectorized 3 loops 1
XPASS: gcc.dg/vect/vect-67.c scan-tree-dump-times vectorized 1 loops 1
=== gcc Summary ===
# of expected passes 35856
# of unexpected failures 2
# of unexpected successes 2
# of expected failures 99
# of unresolved testcases 8
# of untested testcases 28
# of unsupported tests 330
/export/build/gnu/gcc/build-i686-linux/gcc/xgcc version 4.1.0 20050625 (experimental)
=== gfortran tests ===
Running target unix
=== gfortran Summary ===
# of expected passes 7455
# of expected failures 17
# of unsupported tests 8
/export/build/gnu/gcc/build-i686-linux/gcc/testsuite/../gfortran version 4.1.0 20050625 (experimental)
=== g++ tests ===
Running target unix
FAIL: g++.dg/tree-ssa/pr14814.C scan-tree-dump-times &this 0
=== g++ Summary ===
# of expected passes 11143
# of unexpected failures 1
# of expected failures 66
# of unsupported tests 61
/export/build/gnu/gcc/build-i686-linux/gcc/testsuite/../g++ version 4.1.0 20050625 (experimental)
=== objc tests ===
Running target unix
=== objc Summary ===
# of expected passes 1585
# of unsupported tests 21
/export/build/gnu/gcc/build-i686-linux/gcc/xgcc version 4.1.0 20050625 (experimental)
=== libffi tests ===
Running target unix
=== libffi Summary ===
# of expected passes 219
# of unsupported tests 2
=== libjava tests ===
Running target unix
FAIL: Divide_1 execution - source compiled test
FAIL: Divide_1 output - gij test
FAIL: Divide_1 execution - bytecode->native test
FAIL: Divide_1 -O3 output - source compiled test
FAIL: Divide_1 output - gij test
FAIL: Divide_1 -O3 output - bytecode->native test
=== libjava Summary ===
# of expected passes 3885
# of unexpected failures 6
# of expected failures 10
# of untested testcases 10
=== libmudflap tests ===
Running target unix
FAIL: libmudflap.c++/pass41-frag.cxx (test for excess errors)
WARNING: libmudflap.c++/pass41-frag.cxx compilation failed to produce executable
FAIL: libmudflap.c++/pass41-frag.cxx (-O) (test for excess errors)
WARNING: libmudflap.c++/pass41-frag.cxx (-O) compilation failed to produce executable
FAIL: libmudflap.c++/pass41-frag.cxx (-O2) (test for excess errors)
WARNING: libmudflap.c++/pass41-frag.cxx (-O2) compilation failed to produce executable
FAIL: libmudflap.c++/pass41-frag.cxx (-O3) (test for excess errors)
WARNING: libmudflap.c++/pass41-frag.cxx (-O3) compilation failed to produce executable
FAIL: ctors-12 linkage
FAIL: ctors-21 linkage
WARNING: program timed out.
FAIL: ctors-12 execution
WARNING: program timed out.
FAIL: ctors-21 execution
FAIL: ctors-12 linkage -static
FAIL: ctors-21 linkage -static
WARNING: program timed out.
FAIL: ctors-12 execution -static
WARNING: program timed out.
FAIL: ctors-21 execution -static
FAIL: ctors-12 linkage -O2
FAIL: ctors-21 linkage -O2
WARNING: program timed out.
FAIL: ctors-12 execution -O2
WARNING: program timed out.
FAIL: ctors-21 execution -O2
FAIL: ctors-12 linkage -O3
FAIL: ctors-21 linkage -O3
WARNING: program timed out.
FAIL: ctors-12 execution -O3
WARNING: program timed out.
FAIL: ctors-21 execution -O3
FAIL: libmudflap.cth/pass40-frag.c execution test
FAIL: libmudflap.cth/pass40-frag.c output pattern test
WARNING: program timed out.
FAIL: libmudflap.cth/pass39-frag.c (-O2) (rerun 1) execution test
FAIL: libmudflap.cth/pass39-frag.c (-O2) (rerun 1) output pattern test
WARNING: program timed out.
FAIL: libmudflap.cth/pass39-frag.c (-O2) (rerun 3) execution test
FAIL: libmudflap.cth/pass39-frag.c (-O2) (rerun 3) output pattern test
WARNING: program timed out.
FAIL: libmudflap.cth/pass39-frag.c (-O2) (rerun 4) execution test
FAIL: libmudflap.cth/pass39-frag.c (-O2) (rerun 4) output pattern test
FAIL: libmudflap.cth/pass40-frag.c (-O2) execution test
FAIL: libmudflap.cth/pass40-frag.c (-O2) output pattern test
WARNING: program timed out.
FAIL: libmudflap.cth/pass39-frag.c (-O3) (rerun 2) execution test
FAIL: libmudflap.cth/pass39-frag.c (-O3) (rerun 2) output pattern test
WARNING: program timed out.
FAIL: libmudflap.cth/pass39-frag.c (-O3) (rerun 3) execution test
FAIL: libmudflap.cth/pass39-frag.c (-O3) (rerun 3) output pattern test
FAIL: libmudflap.cth/pass40-frag.c (-O3) execution test
FAIL: libmudflap.cth/pass40-frag.c (-O3) output pattern test
=== libmudflap Summary ===
# of expected passes 1731
# of unexpected failures 36
=== libstdc++ tests ===
Running target unix
XPASS: 26_numerics/cmath/c99_classification_macros_c.cc (test for excess errors)
=== libstdc++ Summary ===
# of expected passes 3791
# of unexpected successes 1
# of expected failures 12
Compiler version: 4.1.0 20050625 (experimental)
Platform: i686-pc-linux-gnu
configure flags: --enable-clocale=gnu --with-system-zlib --disable-libunwind-exceptions --with-demangler-in-ld --enable-shared --enable-threads=posix --enable-haifa --disable-checking --prefix=/usr/gcc-4.1 --with-local-prefix=/usr/local --enable-languages=c,c++,f95,java,objc