This is the mail archive of the
gcc-testresults@gcc.gnu.org
mailing list for the GCC project.
Results for 4.1.0 20050620 (experimental) testsuite on i686-pc-linux-gnu
- From: CodeSourcery Automatic Testing System <gcc at codesourcery dot com>
- To: gcc-testresults at gcc dot gnu dot org
- Date: Mon, 20 Jun 2005 04:49:26 -0700
- Subject: Results for 4.1.0 20050620 (experimental) testsuite on i686-pc-linux-gnu
LAST_UPDATED: Mon Jun 20 09:06:47 UTC 2005
Native configuration is i686-pc-linux-gnu
=== g++ tests ===
Running target unix
FAIL: g++.dg/abi/mangle24.C (test for excess errors)
ERROR: g++.dg/abi/mangle24.C: error executing dg-final: couldn't open "mangle24.s": no such file or directory
UNRESOLVED: g++.dg/abi/mangle24.C: error executing dg-final: couldn't open "mangle24.s": no such file or directory
FAIL: g++.dg/abi/mangle25.C (test for excess errors)
ERROR: g++.dg/abi/mangle25.C: error executing dg-final: couldn't open "mangle25.s": no such file or directory
UNRESOLVED: g++.dg/abi/mangle25.C: error executing dg-final: couldn't open "mangle25.s": no such file or directory
FAIL: g++.dg/tree-ssa/pr14814.C scan-tree-dump-times &this 0
=== g++ Summary ===
# of expected passes 11138
# of unexpected failures 3
# of expected failures 66
# of unresolved testcases 2
# of unsupported tests 61
/scratch/gcc/nightly-2005-06-20-mainline/i686-pc-linux-gnu/build_gcc/install/bin/c++ version 4.1.0 20050620 (experimental)
=== gcc tests ===
Running target unix
FAIL: gcc.dg/fold-mod-1.c scan-tree-dump a % 4294967288
FAIL: gcc.dg/tree-ssa/loop-2.c scan-tree-dump-times iter 0
FAIL: gcc.dg/tree-ssa/loop-4.c scan-tree-dump-times iter 0
XPASS: gcc.dg/vect/vect-22.c scan-tree-dump-times vectorized 3 loops 1
XPASS: gcc.dg/vect/vect-67.c scan-tree-dump-times vectorized 1 loops 1
=== gcc Summary ===
# of expected passes 35820
# of unexpected failures 3
# of unexpected successes 2
# of expected failures 98
# of untested testcases 28
# of unsupported tests 328
/scratch/gcc/nightly-2005-06-20-mainline/i686-pc-linux-gnu/build_gcc/install/bin/gcc version 4.1.0 20050620 (experimental)
=== libstdc++ tests ===
Running target unix
FAIL: 22_locale/locale/cons/12658_thread-1.cc execution test
FAIL: 22_locale/messages/members/char/1.cc execution test
FAIL: 22_locale/messages/members/char/2.cc execution test
FAIL: 22_locale/messages/members/char/wrapped_env.cc execution test
FAIL: 22_locale/messages/members/char/wrapped_locale.cc execution test
FAIL: 22_locale/messages_byname/named_equivalence.cc execution test
XPASS: 26_numerics/cmath/c99_classification_macros_c.cc (test for excess errors)
=== libstdc++ Summary ===
# of expected passes 3784
# of unexpected failures 6
# of unexpected successes 1
# of expected failures 12
Compiler version: 4.1.0 20050620 (experimental)
Platform: i686-pc-linux-gnu
configure flags: --disable-nls --build=i686-pc-linux-gnu --host=i686-pc-linux-gnu --target=i686-pc-linux-gnu --enable-threads=posix --disable-libmudflap --with-gnu-as --with-as=/scratch/gcc/nightly-2005-06-20-mainline/i686-pc-linux-gnu/build_gcc/install/bin/as --with-gnu-ld --with-ld=/scratch/gcc/nightly-2005-06-20-mainline/i686-pc-linux-gnu/build_gcc/install/bin/ld --prefix=/scratch/gcc/nightly-2005-06-20-mainline/i686-pc-linux-gnu/build_gcc/install --enable-languages=c,c++