This is the mail archive of the
gcc-testresults@gcc.gnu.org
mailing list for the GCC project.
Results for 4.1.0 20050618 (experimental) testsuite on x86_64-suse-linux-gnu
- From: Andreas Jaeger <aj at suse dot de>
- To: gcc-testresults at gcc dot gnu dot org
- Date: Sat, 18 Jun 2005 21:56:19 UT
- Subject: Results for 4.1.0 20050618 (experimental) testsuite on x86_64-suse-linux-gnu
Bootstrap and regtesting on x86_64-suse-linux-gnu.
CVS sources: mainline.
LAST_UPDATED: Sat Jun 18 16:49:43 UTC 2005
Native configuration is x86_64-suse-linux-gnu
=== gcc tests ===
Running target unix/-m32
XPASS: gcc.dg/cpp/cmdlne-dI-M.c scan-file (^|\\\\n)cmdlne-dI-M.*:[^\\\\n]*cmdlne-dI-M.c
XPASS: gcc.dg/cpp/cmdlne-dM-M.c scan-file (^|\\\\n)cmdlne-dM-M[^\\\\n]*:[^\\\\n]*cmdlne-dM-M.c
FAIL: gcc.dg/tree-ssa/loop-2.c scan-tree-dump-times iter 0
FAIL: gcc.dg/tree-ssa/loop-4.c scan-tree-dump-times iter 0
FAIL: gcc.dg/tree-ssa/loop-9.c scan-assembler-times lea 0
XPASS: gcc.dg/vect/vect-22.c scan-tree-dump-times vectorized 3 loops 1
XPASS: gcc.dg/vect/vect-67.c scan-tree-dump-times vectorized 1 loops 1
=== gcc Summary for unix/-m32 ===
# of expected passes 35722
# of unexpected failures 3
# of unexpected successes 4
# of expected failures 96
# of untested testcases 28
# of unsupported tests 340
Running target unix
XPASS: gcc.dg/cpp/cmdlne-dI-M.c scan-file (^|\\\\n)cmdlne-dI-M.*:[^\\\\n]*cmdlne-dI-M.c
XPASS: gcc.dg/cpp/cmdlne-dM-M.c scan-file (^|\\\\n)cmdlne-dM-M[^\\\\n]*:[^\\\\n]*cmdlne-dM-M.c
FAIL: gcc.dg/tree-ssa/loop-2.c scan-tree-dump-times iter 0
FAIL: gcc.dg/tree-ssa/loop-3.c scan-tree-dump-times step: 1
FAIL: gcc.dg/tree-ssa/loop-4.c scan-tree-dump-times iter 0
FAIL: gcc.dg/tree-ssa/pr21985.c (test for excess errors)
FAIL: gcc.dg/tree-ssa/pr21985.c scan-tree-dump-times foo \\([0-9]*\\) 2
XPASS: gcc.dg/vect/vect-22.c scan-tree-dump-times vectorized 3 loops 1
XPASS: gcc.dg/vect/vect-67.c scan-tree-dump-times vectorized 1 loops 1
FAIL: gcc.target/i386/fastcall-sseregparm.c (test for excess errors)
FAIL: gcc.target/i386/regparm-stdcall.c (test for excess errors)
FAIL: gcc.target/i386/sseregparm-1.c (test for excess errors)
FAIL: gcc.target/i386/sseregparm-2.c (test for warnings, line 7)
FAIL: gcc.target/i386/sseregparm-2.c (test for warnings, line 12)
FAIL: gcc.target/i386/sseregparm-2.c (test for warnings, line 13)
FAIL: gcc.target/i386/sseregparm-2.c (test for warnings, line 14)
FAIL: gcc.target/i386/sseregparm-2.c (test for warnings, line 15)
FAIL: gcc.target/i386/sseregparm-2.c (test for excess errors)
=== gcc Summary for unix ===
# of expected passes 35489
# of unexpected failures 14
# of unexpected successes 4
# of expected failures 96
# of untested testcases 28
# of unsupported tests 421
=== gcc Summary ===
# of expected passes 71211
# of unexpected failures 17
# of unexpected successes 8
# of expected failures 192
# of untested testcases 56
# of unsupported tests 761
/builds/gcc/misc/gcc/xgcc version 4.1.0 20050618 (experimental)
=== gfortran tests ===
Running target unix/-m32
FAIL: gfortran.dg/pr19657.f -O3 -fomit-frame-pointer (test for excess errors)
WARNING: gfortran.dg/pr19657.f -O3 -fomit-frame-pointer compilation failed to produce executable
FAIL: gfortran.dg/pr19657.f -O3 -fomit-frame-pointer -funroll-loops (test for excess errors)
WARNING: gfortran.dg/pr19657.f -O3 -fomit-frame-pointer -funroll-loops compilation failed to produce executable
FAIL: gfortran.dg/pr19657.f -O3 -fomit-frame-pointer -funroll-all-loops -finline-functions (test for excess errors)
WARNING: gfortran.dg/pr19657.f -O3 -fomit-frame-pointer -funroll-all-loops -finline-functions compilation failed to produce executable
FAIL: gfortran.dg/pr19657.f -O3 -g (test for excess errors)
WARNING: gfortran.dg/pr19657.f -O3 -g compilation failed to produce executable
FAIL: gfortran.dg/select_2.f90 -O3 -fomit-frame-pointer (test for excess errors)
WARNING: gfortran.dg/select_2.f90 -O3 -fomit-frame-pointer compilation failed to produce executable
FAIL: gfortran.dg/select_2.f90 -O3 -fomit-frame-pointer -funroll-loops (test for excess errors)
WARNING: gfortran.dg/select_2.f90 -O3 -fomit-frame-pointer -funroll-loops compilation failed to produce executable
FAIL: gfortran.dg/select_2.f90 -O3 -fomit-frame-pointer -funroll-all-loops -finline-functions (test for excess errors)
WARNING: gfortran.dg/select_2.f90 -O3 -fomit-frame-pointer -funroll-all-loops -finline-functions compilation failed to produce executable
FAIL: gfortran.dg/select_2.f90 -O3 -g (test for excess errors)
WARNING: gfortran.dg/select_2.f90 -O3 -g compilation failed to produce executable
=== gfortran Summary for unix/-m32 ===
# of expected passes 7246
# of unexpected failures 8
# of expected failures 17
# of unsupported tests 8
Running target unix
FAIL: gfortran.dg/pr19657.f -O3 -fomit-frame-pointer (test for excess errors)
WARNING: gfortran.dg/pr19657.f -O3 -fomit-frame-pointer compilation failed to produce executable
FAIL: gfortran.dg/pr19657.f -O3 -fomit-frame-pointer -funroll-loops (test for excess errors)
WARNING: gfortran.dg/pr19657.f -O3 -fomit-frame-pointer -funroll-loops compilation failed to produce executable
FAIL: gfortran.dg/pr19657.f -O3 -fomit-frame-pointer -funroll-all-loops -finline-functions (test for excess errors)
WARNING: gfortran.dg/pr19657.f -O3 -fomit-frame-pointer -funroll-all-loops -finline-functions compilation failed to produce executable
FAIL: gfortran.dg/pr19657.f -O3 -g (test for excess errors)
WARNING: gfortran.dg/pr19657.f -O3 -g compilation failed to produce executable
FAIL: gfortran.dg/select_2.f90 -O3 -fomit-frame-pointer (test for excess errors)
WARNING: gfortran.dg/select_2.f90 -O3 -fomit-frame-pointer compilation failed to produce executable
FAIL: gfortran.dg/select_2.f90 -O3 -fomit-frame-pointer -funroll-loops (test for excess errors)
WARNING: gfortran.dg/select_2.f90 -O3 -fomit-frame-pointer -funroll-loops compilation failed to produce executable
FAIL: gfortran.dg/select_2.f90 -O3 -fomit-frame-pointer -funroll-all-loops -finline-functions (test for excess errors)
WARNING: gfortran.dg/select_2.f90 -O3 -fomit-frame-pointer -funroll-all-loops -finline-functions compilation failed to produce executable
FAIL: gfortran.dg/select_2.f90 -O3 -g (test for excess errors)
WARNING: gfortran.dg/select_2.f90 -O3 -g compilation failed to produce executable
XPASS: gfortran.dg/vect/vect-5.f90 -O scan-tree-dump-times vectorized 2 loops 1
XPASS: gfortran.dg/vect/vect-5.f90 -O scan-tree-dump-times Alignment of access forced using peeling 1
XPASS: gfortran.dg/vect/vect-5.f90 -O scan-tree-dump-times Vectorizing an unaligned access 2
=== gfortran Summary for unix ===
# of expected passes 7227
# of unexpected failures 8
# of unexpected successes 3
# of expected failures 17
# of unsupported tests 16
=== gfortran Summary ===
# of expected passes 14473
# of unexpected failures 16
# of unexpected successes 3
# of expected failures 34
# of unsupported tests 24
/builds/gcc/misc/gcc/testsuite/../gfortran version 4.1.0 20050618 (experimental)
=== g++ tests ===
Running target unix/-m32
FAIL: g++.dg/conversion/simd2.C (test for errors, line 15)
FAIL: g++.dg/conversion/simd2.C (test for excess errors)
FAIL: g++.dg/tree-ssa/pr14814.C scan-tree-dump-times &this 0
XPASS: g++.old-deja/g++.other/init5.C execution test
=== g++ Summary for unix/-m32 ===
# of expected passes 11126
# of unexpected failures 3
# of unexpected successes 1
# of expected failures 65
# of unsupported tests 67
Running target unix
FAIL: g++.dg/conversion/simd2.C (test for errors, line 15)
FAIL: g++.dg/conversion/simd2.C (test for excess errors)
FAIL: g++.dg/tree-ssa/pr14814.C scan-tree-dump-times &this 0
XPASS: g++.old-deja/g++.other/init5.C execution test
=== g++ Summary for unix ===
# of expected passes 11051
# of unexpected failures 3
# of unexpected successes 1
# of expected failures 65
# of unsupported tests 90
=== g++ Summary ===
# of expected passes 22177
# of unexpected failures 6
# of unexpected successes 2
# of expected failures 130
# of unsupported tests 157
/builds/gcc/misc/gcc/testsuite/../g++ version 4.1.0 20050618 (experimental)
=== objc tests ===
Running target unix/-m32
=== objc Summary for unix/-m32 ===
# of expected passes 1584
# of unsupported tests 21
Running target unix
=== objc Summary for unix ===
# of expected passes 1584
# of unsupported tests 21
=== objc Summary ===
# of expected passes 3168
# of unsupported tests 42
/builds/gcc/misc/gcc/xgcc version 4.1.0 20050618 (experimental)
=== treelang tests ===
Running target unix/-m32
=== treelang Summary for unix/-m32 ===
# of expected passes 48
Running target unix
=== treelang Summary for unix ===
=== treelang Summary ===
# of expected passes 48
=== libffi tests ===
Running target unix/-m32
=== libffi Summary for unix/-m32 ===
# of expected passes 219
# of unsupported tests 2
Running target unix
=== libffi Summary for unix ===
# of expected passes 219
# of unsupported tests 2
=== libffi Summary ===
# of expected passes 438
# of unsupported tests 4
=== libjava tests ===
Running target unix/-m32
=== libjava Summary for unix/-m32 ===
# of expected passes 3887
# of expected failures 10
# of untested testcases 8
Running target unix
=== libjava Summary for unix ===
# of expected passes 3887
# of expected failures 10
# of untested testcases 8
=== libjava Summary ===
# of expected passes 7774
# of expected failures 20
# of untested testcases 16
=== libmudflap tests ===
Running target unix/-m32
FAIL: libmudflap.cth/pass40-frag.c execution test
FAIL: libmudflap.cth/pass40-frag.c output pattern test
FAIL: libmudflap.cth/pass40-frag.c (-O2) execution test
FAIL: libmudflap.cth/pass40-frag.c (-O2) output pattern test
FAIL: libmudflap.cth/pass40-frag.c (-O3) execution test
FAIL: libmudflap.cth/pass40-frag.c (-O3) output pattern test
=== libmudflap Summary for unix/-m32 ===
# of expected passes 1765
# of unexpected failures 6
Running target unix
=== libmudflap Summary for unix ===
# of expected passes 1771
=== libmudflap Summary ===
# of expected passes 3536
# of unexpected failures 6
=== libstdc++ tests ===
Running target unix/-m32
FAIL: 22_locale/messages/members/char/1.cc execution test
FAIL: 22_locale/messages/members/char/2.cc execution test
FAIL: 22_locale/messages/members/char/wrapped_env.cc execution test
FAIL: 22_locale/messages/members/char/wrapped_locale.cc execution test
FAIL: 22_locale/messages_byname/named_equivalence.cc execution test
XPASS: 26_numerics/cmath/c99_classification_macros_c.cc (test for excess errors)
=== libstdc++ Summary for unix/-m32 ===
# of expected passes 3786
# of unexpected failures 5
# of unexpected successes 1
# of expected failures 12
Running target unix
XPASS: 26_numerics/cmath/c99_classification_macros_c.cc (test for excess errors)
XPASS: 27_io/fpos/14320-1.cc execution test
=== libstdc++ Summary for unix ===
# of expected passes 3791
# of unexpected successes 2
# of expected failures 11
=== libstdc++ Summary ===
# of expected passes 7577
# of unexpected failures 5
# of unexpected successes 3
# of expected failures 23
Compiler version: 4.1.0 20050618 (experimental)
Platform: x86_64-suse-linux-gnu
configure flags: --prefix=/opt/gcc/4.1-devel --enable-checking=misc,tree,gc,rtl,rtlflag,assert --enable-threads=posix --enable-clocale=gnu --enable-__cxa_atexit --enable-shared --with-system-zlib x86_64-suse-linux-gnu --enable-languages=c,c++,f95,java,objc,treelang
Version of binutils: GNU ld version 2.15.94.0.2.2 20041220 (SuSE Linux)
Version of glibc (/lib/libc.so.6): 2.3.4 (20050218)
Version of glibc (/lib64/libc.so.6): 2.3.4 (20050218)