This is the mail archive of the
gcc-testresults@gcc.gnu.org
mailing list for the GCC project.
Results for 4.1.0 20050619 (experimental) testsuite on s390x-ibm-linux-gnu
- From: Andreas Krebbel <krebbel1 at de dot ibm dot com>
- To: gcc-testresults at gcc dot gnu dot org
- Date: Sun, 19 Jun 2005 04:16:01 +0200
- Subject: Results for 4.1.0 20050619 (experimental) testsuite on s390x-ibm-linux-gnu
LAST_UPDATED: Sun Jun 19 00:32:35 UTC 2005
Native configuration is s390x-ibm-linux-gnu
=== g++ tests ===
Running target unix
FAIL: g++.dg/abi/empty6.C (test for warnings, line 6)
FAIL: g++.dg/conversion/simd2.C (test for errors, line 15)
FAIL: g++.dg/conversion/simd2.C (test for excess errors)
FAIL: g++.dg/tree-ssa/pr14814.C scan-tree-dump-times &this 0
XPASS: g++.old-deja/g++.other/init5.C execution test
=== g++ Summary ===
# of expected passes 11032
# of unexpected failures 4
# of unexpected successes 1
# of expected failures 65
# of unsupported tests 98
/build/BUILD/gcc-4.1.0/obj-s390x-redhat-linux/gcc/testsuite/../g++ version 4.1.0 20050619 (experimental)
=== gcc tests ===
Running target unix
XPASS: gcc.dg/tree-ssa/20040204-1.c scan-tree-dump-times link_error 0
FAIL: gcc.dg/tree-ssa/loop-2.c scan-tree-dump-times iter 0
FAIL: gcc.dg/tree-ssa/loop-4.c scan-tree-dump-times iter 0
FAIL: gcc.dg/tree-ssa/pr21985.c (test for excess errors)
FAIL: gcc.dg/tree-ssa/pr21985.c scan-tree-dump-times foo \\([0-9]*\\) 2
XPASS: gcc.dg/tree-ssa/sra-2.c scan-tree-dump-times link_error 0
=== gcc Summary ===
# of expected passes 34868
# of unexpected failures 4
# of unexpected successes 2
# of expected failures 69
# of untested testcases 28
# of unsupported tests 496
/build/BUILD/gcc-4.1.0/obj-s390x-redhat-linux/gcc/xgcc version 4.1.0 20050619 (experimental)
=== gfortran tests ===
Running target unix
FAIL: gfortran.dg/namelist_14.f90 (test for excess errors)
WARNING: gfortran.dg/namelist_14.f90 compilation failed to produce executable
=== gfortran Summary ===
# of expected passes 7242
# of unexpected failures 1
# of expected failures 10
# of unsupported tests 17
/build/BUILD/gcc-4.1.0/obj-s390x-redhat-linux/gcc/testsuite/../gfortran version 4.1.0 20050619 (experimental)
=== objc tests ===
Running target unix
=== objc Summary ===
# of expected passes 1584
# of unsupported tests 21
/build/BUILD/gcc-4.1.0/obj-s390x-redhat-linux/gcc/xgcc version 4.1.0 20050619 (experimental)
=== libffi tests ===
Running target unix
=== libffi Summary ===
# of expected passes 219
# of unsupported tests 2
=== libjava tests ===
Running target unix
=== libjava Summary ===
# of expected passes 3887
# of expected failures 10
# of untested testcases 8
=== libmudflap tests ===
Running target unix
FAIL: externs-12 execution
FAIL: externs-21 execution
FAIL: externs-12 execution -static
FAIL: externs-21 execution -static
FAIL: externs-12 execution -O2
FAIL: externs-21 execution -O2
FAIL: externs-12 execution -O3
FAIL: externs-21 execution -O3
=== libmudflap Summary ===
# of expected passes 1763
# of unexpected failures 8
=== libstdc++ tests ===
Running target unix
XPASS: 26_numerics/cmath/c99_classification_macros_c.cc (test for excess errors)
XPASS: 27_io/fpos/14320-1.cc execution test
=== libstdc++ Summary ===
# of expected passes 1477
# of unexpected successes 2
# of expected failures 4
Compiler version: 4.1.0 20050619 (experimental)
Platform: s390x-ibm-linux-gnu
configure flags: --prefix=/usr --mandir=/usr/share/man --infodir=/usr/share/info --enable-shared --enable-threads=posix --enable-checking=release --with-system-zlib --enable-__cxa_atexit --disable-libunwind-exceptions --host=s390x-redhat-linux --enable-languages=c,c++,f95,java,objc