This is the mail archive of the
gcc-testresults@gcc.gnu.org
mailing list for the GCC project.
Results for 4.1.0 20050618 (experimental) testsuite on i686-pc-linux-gnu
- From: "Kaveh R. Ghazi" <ghazi at caipclassic dot rutgers dot edu>
- To: gcc-testresults at gcc dot gnu dot org
- Date: Sat, 18 Jun 2005 08:02:03 -0400 (EDT)
- Subject: Results for 4.1.0 20050618 (experimental) testsuite on i686-pc-linux-gnu
LAST_UPDATED:
Native configuration is i686-pc-linux-gnu
=== g++ tests ===
Running target unix/-fPIC
FAIL: g++.dg/conversion/simd2.C (test for errors, line 15)
FAIL: g++.dg/conversion/simd2.C (test for excess errors)
FAIL: g++.dg/tree-ssa/pr14814.C scan-tree-dump-times &this 0
=== g++ Summary for unix/-fPIC ===
# of expected passes 11134
# of unexpected failures 3
# of expected failures 66
# of unsupported tests 63
Running target unix/-fpic
FAIL: g++.dg/conversion/simd2.C (test for errors, line 15)
FAIL: g++.dg/conversion/simd2.C (test for excess errors)
FAIL: g++.dg/tree-ssa/pr14814.C scan-tree-dump-times &this 0
=== g++ Summary for unix/-fpic ===
# of expected passes 11134
# of unexpected failures 3
# of expected failures 66
# of unsupported tests 63
Running target unix
FAIL: g++.dg/conversion/simd2.C (test for errors, line 15)
FAIL: g++.dg/conversion/simd2.C (test for excess errors)
FAIL: g++.dg/tree-ssa/pr14814.C scan-tree-dump-times &this 0
=== g++ Summary for unix ===
# of expected passes 11136
# of unexpected failures 3
# of expected failures 66
# of unsupported tests 61
=== g++ Summary ===
# of expected passes 33404
# of unexpected failures 9
# of expected failures 198
# of unsupported tests 187
/share/home/ghazi/gcc-testing/gcc-testing/41/build/gcc/testsuite/../g++ version 4.1.0 20050618 (experimental)
=== gcc tests ===
Running target unix/-fPIC
FAIL: gcc.c-torture/compile/20000804-1.c -O0 (test for excess errors)
FAIL: gcc.c-torture/execute/builtins/strlen-3.c execution, -O2
FAIL: gcc.c-torture/execute/builtins/strlen-3.c execution, -O3 -fomit-frame-pointer
FAIL: gcc.c-torture/execute/builtins/strlen-3.c execution, -O3 -fomit-frame-pointer -funroll-loops
FAIL: gcc.c-torture/execute/builtins/strlen-3.c execution, -O3 -fomit-frame-pointer -funroll-all-loops -finline-functions
FAIL: gcc.c-torture/execute/builtins/strlen-3.c execution, -O3 -g
FAIL: gcc.dg/20020523-1.c (test for excess errors)
WARNING: gcc.dg/20020523-1.c compilation failed to produce executable
FAIL: gcc.dg/20050503-1.c scan-assembler-not call
FAIL: gcc.dg/assign-warn-3.c (test for warnings, line 9)
FAIL: gcc.dg/assign-warn-3.c (test for warnings, line 13)
FAIL: gcc.dg/clobbers.c (test for excess errors)
WARNING: gcc.dg/clobbers.c compilation failed to produce executable
FAIL: gcc.dg/i386-387-3.c scan-assembler fldpi
FAIL: gcc.dg/i386-387-4.c scan-assembler fldpi
FAIL: gcc.dg/i386-asm-3.c (test for excess errors)
WARNING: gcc.dg/i386-asm-3.c compilation failed to produce executable
FAIL: gcc.dg/i386-cmov1.c scan-assembler sar[^\\\\n]*magic_namea
FAIL: gcc.dg/i386-cmov1.c scan-assembler sar[^\\\\n]*magic_nameb
FAIL: gcc.dg/i386-cmov1.c scan-assembler sar[^\\\\n]*magic_namec
FAIL: gcc.dg/i386-cmov1.c scan-assembler shr[^\\\\n]*magic_named
FAIL: gcc.dg/i386-cmov1.c scan-assembler shr[^\\\\n]*magic_namee
FAIL: gcc.dg/i386-cmov1.c scan-assembler shr[^\\\\n]*magic_namef
FAIL: gcc.dg/i386-local2.c scan-assembler-not sub[^\\\\n]*sp
FAIL: gcc.dg/i386-mul.c scan-assembler and[^\\\\n]*magic
FAIL: gcc.dg/i386-ssetype-1.c scan-assembler andpd[^\\\\n]*magic
FAIL: gcc.dg/i386-ssetype-1.c scan-assembler andnpd[^\\\\n]*magic
FAIL: gcc.dg/i386-ssetype-1.c scan-assembler xorpd[^\\\\n]*magic
FAIL: gcc.dg/i386-ssetype-1.c scan-assembler orpd[^\\\\n]*magic
FAIL: gcc.dg/i386-ssetype-1.c scan-assembler movapd[^\\\\n]*magic
FAIL: gcc.dg/i386-ssetype-3.c scan-assembler andps[^\\\\n]*magic
FAIL: gcc.dg/i386-ssetype-3.c scan-assembler andnps[^\\\\n]*magic
FAIL: gcc.dg/i386-ssetype-3.c scan-assembler xorps[^\\\\n]*magic
FAIL: gcc.dg/i386-ssetype-3.c scan-assembler orps[^\\\\n]*magic
FAIL: gcc.dg/i386-ssetype-3.c scan-assembler movaps[^\\\\n]*magic
FAIL: gcc.dg/i386-ssetype-5.c scan-assembler pand[^\\\\n]*magic
FAIL: gcc.dg/i386-ssetype-5.c scan-assembler pandn[^\\\\n]*magic
FAIL: gcc.dg/i386-ssetype-5.c scan-assembler pxor[^\\\\n]*magic
FAIL: gcc.dg/i386-ssetype-5.c scan-assembler por[^\\\\n]*magic
FAIL: gcc.dg/sibcall-6.c execution test
FAIL: gcc.dg/tree-ssa/loop-2.c scan-tree-dump-times iter 0
FAIL: gcc.dg/tree-ssa/loop-3.c scan-tree-dump-times step: 1
FAIL: gcc.dg/tree-ssa/loop-4.c scan-tree-dump-times iter 0
FAIL: gcc.dg/tree-ssa/pr14841.c scan-tree-dump-times Folded statement: if 1
FAIL: gcc.dg/tree-ssa/ssa-dce-2.c scan-tree-dump-times if 0
XPASS: gcc.dg/vect/vect-22.c scan-tree-dump-times vectorized 3 loops 1
XPASS: gcc.dg/vect/vect-67.c scan-tree-dump-times vectorized 1 loops 1
FAIL: gcc.dg/vect/vect-ifcvt-9.c scan-tree-dump-times vectorized 1 loops 2
=== gcc Summary for unix/-fPIC ===
# of expected passes 35762
# of unexpected failures 43
# of unexpected successes 2
# of expected failures 98
# of untested testcases 28
# of unsupported tests 329
Running target unix/-fpic
FAIL: gcc.c-torture/compile/20000804-1.c -O0 (test for excess errors)
FAIL: gcc.c-torture/execute/builtins/strlen-3.c execution, -O2
FAIL: gcc.c-torture/execute/builtins/strlen-3.c execution, -O3 -fomit-frame-pointer
FAIL: gcc.c-torture/execute/builtins/strlen-3.c execution, -O3 -fomit-frame-pointer -funroll-loops
FAIL: gcc.c-torture/execute/builtins/strlen-3.c execution, -O3 -fomit-frame-pointer -funroll-all-loops -finline-functions
FAIL: gcc.c-torture/execute/builtins/strlen-3.c execution, -O3 -g
FAIL: gcc.dg/20020523-1.c (test for excess errors)
WARNING: gcc.dg/20020523-1.c compilation failed to produce executable
FAIL: gcc.dg/20050503-1.c scan-assembler-not call
FAIL: gcc.dg/assign-warn-3.c (test for warnings, line 9)
FAIL: gcc.dg/assign-warn-3.c (test for warnings, line 13)
FAIL: gcc.dg/clobbers.c (test for excess errors)
WARNING: gcc.dg/clobbers.c compilation failed to produce executable
FAIL: gcc.dg/i386-387-3.c scan-assembler fldpi
FAIL: gcc.dg/i386-387-4.c scan-assembler fldpi
FAIL: gcc.dg/i386-asm-3.c (test for excess errors)
WARNING: gcc.dg/i386-asm-3.c compilation failed to produce executable
FAIL: gcc.dg/i386-cmov1.c scan-assembler sar[^\\\\n]*magic_namea
FAIL: gcc.dg/i386-cmov1.c scan-assembler sar[^\\\\n]*magic_nameb
FAIL: gcc.dg/i386-cmov1.c scan-assembler sar[^\\\\n]*magic_namec
FAIL: gcc.dg/i386-cmov1.c scan-assembler shr[^\\\\n]*magic_named
FAIL: gcc.dg/i386-cmov1.c scan-assembler shr[^\\\\n]*magic_namee
FAIL: gcc.dg/i386-cmov1.c scan-assembler shr[^\\\\n]*magic_namef
FAIL: gcc.dg/i386-local2.c scan-assembler-not sub[^\\\\n]*sp
FAIL: gcc.dg/i386-mul.c scan-assembler and[^\\\\n]*magic
FAIL: gcc.dg/i386-ssetype-1.c scan-assembler andpd[^\\\\n]*magic
FAIL: gcc.dg/i386-ssetype-1.c scan-assembler andnpd[^\\\\n]*magic
FAIL: gcc.dg/i386-ssetype-1.c scan-assembler xorpd[^\\\\n]*magic
FAIL: gcc.dg/i386-ssetype-1.c scan-assembler orpd[^\\\\n]*magic
FAIL: gcc.dg/i386-ssetype-1.c scan-assembler movapd[^\\\\n]*magic
FAIL: gcc.dg/i386-ssetype-3.c scan-assembler andps[^\\\\n]*magic
FAIL: gcc.dg/i386-ssetype-3.c scan-assembler andnps[^\\\\n]*magic
FAIL: gcc.dg/i386-ssetype-3.c scan-assembler xorps[^\\\\n]*magic
FAIL: gcc.dg/i386-ssetype-3.c scan-assembler orps[^\\\\n]*magic
FAIL: gcc.dg/i386-ssetype-3.c scan-assembler movaps[^\\\\n]*magic
FAIL: gcc.dg/i386-ssetype-5.c scan-assembler pand[^\\\\n]*magic
FAIL: gcc.dg/i386-ssetype-5.c scan-assembler pandn[^\\\\n]*magic
FAIL: gcc.dg/i386-ssetype-5.c scan-assembler pxor[^\\\\n]*magic
FAIL: gcc.dg/i386-ssetype-5.c scan-assembler por[^\\\\n]*magic
FAIL: gcc.dg/sibcall-6.c execution test
FAIL: gcc.dg/tree-ssa/loop-2.c scan-tree-dump-times iter 0
FAIL: gcc.dg/tree-ssa/loop-3.c scan-tree-dump-times step: 1
FAIL: gcc.dg/tree-ssa/loop-4.c scan-tree-dump-times iter 0
FAIL: gcc.dg/tree-ssa/pr14841.c scan-tree-dump-times Folded statement: if 1
FAIL: gcc.dg/tree-ssa/ssa-dce-2.c scan-tree-dump-times if 0
XPASS: gcc.dg/vect/vect-22.c scan-tree-dump-times vectorized 3 loops 1
XPASS: gcc.dg/vect/vect-67.c scan-tree-dump-times vectorized 1 loops 1
FAIL: gcc.dg/vect/vect-ifcvt-9.c scan-tree-dump-times vectorized 1 loops 2
=== gcc Summary for unix/-fpic ===
# of expected passes 35762
# of unexpected failures 43
# of unexpected successes 2
# of expected failures 98
# of untested testcases 28
# of unsupported tests 329
Running target unix
FAIL: gcc.dg/tree-ssa/loop-2.c scan-tree-dump-times iter 0
FAIL: gcc.dg/tree-ssa/loop-4.c scan-tree-dump-times iter 0
XPASS: gcc.dg/vect/vect-22.c scan-tree-dump-times vectorized 3 loops 1
XPASS: gcc.dg/vect/vect-67.c scan-tree-dump-times vectorized 1 loops 1
=== gcc Summary for unix ===
# of expected passes 35808
# of unexpected failures 2
# of unexpected successes 2
# of expected failures 98
# of untested testcases 28
# of unsupported tests 328
=== gcc Summary ===
# of expected passes 107332
# of unexpected failures 88
# of unexpected successes 6
# of expected failures 294
# of untested testcases 84
# of unsupported tests 986
/share/home/ghazi/gcc-testing/gcc-testing/41/build/gcc/xgcc version 4.1.0 20050618 (experimental)
=== gfortran tests ===
Running target unix/-fPIC
FAIL: gfortran.dg/backspace.f -O0 execution test
FAIL: gfortran.dg/backspace.f -O1 execution test
FAIL: gfortran.dg/backspace.f -O2 execution test
FAIL: gfortran.dg/backspace.f -O3 -fomit-frame-pointer execution test
FAIL: gfortran.dg/backspace.f -O3 -fomit-frame-pointer -funroll-loops execution test
FAIL: gfortran.dg/backspace.f -O3 -fomit-frame-pointer -funroll-all-loops -finline-functions execution test
FAIL: gfortran.dg/backspace.f -O3 -g execution test
FAIL: gfortran.dg/backspace.f -Os execution test
FAIL: gfortran.dg/eof_1.f90 -O0 execution test
FAIL: gfortran.dg/eof_1.f90 -O1 execution test
FAIL: gfortran.dg/eof_1.f90 -O2 execution test
FAIL: gfortran.dg/eof_1.f90 -O3 -fomit-frame-pointer execution test
FAIL: gfortran.dg/eof_1.f90 -O3 -fomit-frame-pointer -funroll-loops execution test
FAIL: gfortran.dg/eof_1.f90 -O3 -fomit-frame-pointer -funroll-all-loops -finline-functions execution test
FAIL: gfortran.dg/eof_1.f90 -O3 -g execution test
FAIL: gfortran.dg/eof_1.f90 -Os execution test
FAIL: gfortran.dg/eor_handling_5.f90 -O1 execution test
FAIL: gfortran.dg/eor_handling_5.f90 -O2 execution test
FAIL: gfortran.dg/eor_handling_5.f90 -O3 -fomit-frame-pointer execution test
FAIL: gfortran.dg/eor_handling_5.f90 -O3 -fomit-frame-pointer -funroll-loops execution test
FAIL: gfortran.dg/eor_handling_5.f90 -O3 -fomit-frame-pointer -funroll-all-loops -finline-functions execution test
FAIL: gfortran.dg/eor_handling_5.f90 -O3 -g execution test
FAIL: gfortran.dg/eor_handling_5.f90 -Os execution test
FAIL: gfortran.dg/pr19657.f -O3 -fomit-frame-pointer (test for excess errors)
WARNING: gfortran.dg/pr19657.f -O3 -fomit-frame-pointer compilation failed to produce executable
FAIL: gfortran.dg/pr19657.f -O3 -fomit-frame-pointer -funroll-loops (test for excess errors)
WARNING: gfortran.dg/pr19657.f -O3 -fomit-frame-pointer -funroll-loops compilation failed to produce executable
FAIL: gfortran.dg/pr19657.f -O3 -fomit-frame-pointer -funroll-all-loops -finline-functions (test for excess errors)
WARNING: gfortran.dg/pr19657.f -O3 -fomit-frame-pointer -funroll-all-loops -finline-functions compilation failed to produce executable
FAIL: gfortran.dg/pr19657.f -O3 -g (test for excess errors)
WARNING: gfortran.dg/pr19657.f -O3 -g compilation failed to produce executable
FAIL: gfortran.dg/pr20257.f90 -O0 execution test
FAIL: gfortran.dg/pr20257.f90 -O1 execution test
FAIL: gfortran.dg/pr20257.f90 -O2 execution test
FAIL: gfortran.dg/pr20257.f90 -O3 -fomit-frame-pointer execution test
FAIL: gfortran.dg/pr20257.f90 -O3 -fomit-frame-pointer -funroll-loops execution test
FAIL: gfortran.dg/pr20257.f90 -O3 -fomit-frame-pointer -funroll-all-loops -finline-functions execution test
FAIL: gfortran.dg/pr20257.f90 -O3 -g execution test
FAIL: gfortran.dg/pr20257.f90 -Os execution test
FAIL: gfortran.dg/select_2.f90 -O3 -fomit-frame-pointer (test for excess errors)
WARNING: gfortran.dg/select_2.f90 -O3 -fomit-frame-pointer compilation failed to produce executable
FAIL: gfortran.dg/select_2.f90 -O3 -fomit-frame-pointer -funroll-loops (test for excess errors)
WARNING: gfortran.dg/select_2.f90 -O3 -fomit-frame-pointer -funroll-loops compilation failed to produce executable
FAIL: gfortran.dg/select_2.f90 -O3 -fomit-frame-pointer -funroll-all-loops -finline-functions (test for excess errors)
WARNING: gfortran.dg/select_2.f90 -O3 -fomit-frame-pointer -funroll-all-loops -finline-functions compilation failed to produce executable
FAIL: gfortran.dg/select_2.f90 -O3 -g (test for excess errors)
WARNING: gfortran.dg/select_2.f90 -O3 -g compilation failed to produce executable
=== gfortran Summary for unix/-fPIC ===
# of expected passes 7215
# of unexpected failures 39
# of expected failures 17
Running target unix/-fpic
FAIL: gfortran.dg/backspace.f -O0 execution test
FAIL: gfortran.dg/backspace.f -O1 execution test
FAIL: gfortran.dg/backspace.f -O2 execution test
FAIL: gfortran.dg/backspace.f -O3 -fomit-frame-pointer execution test
FAIL: gfortran.dg/backspace.f -O3 -fomit-frame-pointer -funroll-loops execution test
FAIL: gfortran.dg/backspace.f -O3 -fomit-frame-pointer -funroll-all-loops -finline-functions execution test
FAIL: gfortran.dg/backspace.f -O3 -g execution test
FAIL: gfortran.dg/backspace.f -Os execution test
FAIL: gfortran.dg/eof_1.f90 -O0 execution test
FAIL: gfortran.dg/eof_1.f90 -O1 execution test
FAIL: gfortran.dg/eof_1.f90 -O2 execution test
FAIL: gfortran.dg/eof_1.f90 -O3 -fomit-frame-pointer execution test
FAIL: gfortran.dg/eof_1.f90 -O3 -fomit-frame-pointer -funroll-loops execution test
FAIL: gfortran.dg/eof_1.f90 -O3 -fomit-frame-pointer -funroll-all-loops -finline-functions execution test
FAIL: gfortran.dg/eof_1.f90 -O3 -g execution test
FAIL: gfortran.dg/eof_1.f90 -Os execution test
FAIL: gfortran.dg/eor_handling_5.f90 -O1 execution test
FAIL: gfortran.dg/eor_handling_5.f90 -O2 execution test
FAIL: gfortran.dg/eor_handling_5.f90 -O3 -fomit-frame-pointer execution test
FAIL: gfortran.dg/eor_handling_5.f90 -O3 -fomit-frame-pointer -funroll-loops execution test
FAIL: gfortran.dg/eor_handling_5.f90 -O3 -fomit-frame-pointer -funroll-all-loops -finline-functions execution test
FAIL: gfortran.dg/eor_handling_5.f90 -O3 -g execution test
FAIL: gfortran.dg/eor_handling_5.f90 -Os execution test
FAIL: gfortran.dg/pr19657.f -O3 -fomit-frame-pointer (test for excess errors)
WARNING: gfortran.dg/pr19657.f -O3 -fomit-frame-pointer compilation failed to produce executable
FAIL: gfortran.dg/pr19657.f -O3 -fomit-frame-pointer -funroll-loops (test for excess errors)
WARNING: gfortran.dg/pr19657.f -O3 -fomit-frame-pointer -funroll-loops compilation failed to produce executable
FAIL: gfortran.dg/pr19657.f -O3 -fomit-frame-pointer -funroll-all-loops -finline-functions (test for excess errors)
WARNING: gfortran.dg/pr19657.f -O3 -fomit-frame-pointer -funroll-all-loops -finline-functions compilation failed to produce executable
FAIL: gfortran.dg/pr19657.f -O3 -g (test for excess errors)
WARNING: gfortran.dg/pr19657.f -O3 -g compilation failed to produce executable
FAIL: gfortran.dg/pr20257.f90 -O0 execution test
FAIL: gfortran.dg/pr20257.f90 -O1 execution test
FAIL: gfortran.dg/pr20257.f90 -O2 execution test
FAIL: gfortran.dg/pr20257.f90 -O3 -fomit-frame-pointer execution test
FAIL: gfortran.dg/pr20257.f90 -O3 -fomit-frame-pointer -funroll-loops execution test
FAIL: gfortran.dg/pr20257.f90 -O3 -fomit-frame-pointer -funroll-all-loops -finline-functions execution test
FAIL: gfortran.dg/pr20257.f90 -O3 -g execution test
FAIL: gfortran.dg/pr20257.f90 -Os execution test
FAIL: gfortran.dg/select_2.f90 -O3 -fomit-frame-pointer (test for excess errors)
WARNING: gfortran.dg/select_2.f90 -O3 -fomit-frame-pointer compilation failed to produce executable
FAIL: gfortran.dg/select_2.f90 -O3 -fomit-frame-pointer -funroll-loops (test for excess errors)
WARNING: gfortran.dg/select_2.f90 -O3 -fomit-frame-pointer -funroll-loops compilation failed to produce executable
FAIL: gfortran.dg/select_2.f90 -O3 -fomit-frame-pointer -funroll-all-loops -finline-functions (test for excess errors)
WARNING: gfortran.dg/select_2.f90 -O3 -fomit-frame-pointer -funroll-all-loops -finline-functions compilation failed to produce executable
FAIL: gfortran.dg/select_2.f90 -O3 -g (test for excess errors)
WARNING: gfortran.dg/select_2.f90 -O3 -g compilation failed to produce executable
=== gfortran Summary for unix/-fpic ===
# of expected passes 7215
# of unexpected failures 39
# of expected failures 17
Running target unix
FAIL: gfortran.dg/backspace.f -O0 execution test
FAIL: gfortran.dg/backspace.f -O1 execution test
FAIL: gfortran.dg/backspace.f -O2 execution test
FAIL: gfortran.dg/backspace.f -O3 -fomit-frame-pointer execution test
FAIL: gfortran.dg/backspace.f -O3 -fomit-frame-pointer -funroll-loops execution test
FAIL: gfortran.dg/backspace.f -O3 -fomit-frame-pointer -funroll-all-loops -finline-functions execution test
FAIL: gfortran.dg/backspace.f -O3 -g execution test
FAIL: gfortran.dg/backspace.f -Os execution test
FAIL: gfortran.dg/eof_1.f90 -O0 execution test
FAIL: gfortran.dg/eof_1.f90 -O1 execution test
FAIL: gfortran.dg/eof_1.f90 -O2 execution test
FAIL: gfortran.dg/eof_1.f90 -O3 -fomit-frame-pointer execution test
FAIL: gfortran.dg/eof_1.f90 -O3 -fomit-frame-pointer -funroll-loops execution test
FAIL: gfortran.dg/eof_1.f90 -O3 -fomit-frame-pointer -funroll-all-loops -finline-functions execution test
FAIL: gfortran.dg/eof_1.f90 -O3 -g execution test
FAIL: gfortran.dg/eof_1.f90 -Os execution test
FAIL: gfortran.dg/eor_handling_5.f90 -O2 execution test
FAIL: gfortran.dg/eor_handling_5.f90 -O3 -g execution test
FAIL: gfortran.dg/eor_handling_5.f90 -Os execution test
FAIL: gfortran.dg/pr19657.f -O3 -fomit-frame-pointer (test for excess errors)
WARNING: gfortran.dg/pr19657.f -O3 -fomit-frame-pointer compilation failed to produce executable
FAIL: gfortran.dg/pr19657.f -O3 -fomit-frame-pointer -funroll-loops (test for excess errors)
WARNING: gfortran.dg/pr19657.f -O3 -fomit-frame-pointer -funroll-loops compilation failed to produce executable
FAIL: gfortran.dg/pr19657.f -O3 -fomit-frame-pointer -funroll-all-loops -finline-functions (test for excess errors)
WARNING: gfortran.dg/pr19657.f -O3 -fomit-frame-pointer -funroll-all-loops -finline-functions compilation failed to produce executable
FAIL: gfortran.dg/pr19657.f -O3 -g (test for excess errors)
WARNING: gfortran.dg/pr19657.f -O3 -g compilation failed to produce executable
FAIL: gfortran.dg/pr20257.f90 -O0 execution test
FAIL: gfortran.dg/pr20257.f90 -O1 execution test
FAIL: gfortran.dg/pr20257.f90 -O2 execution test
FAIL: gfortran.dg/pr20257.f90 -O3 -fomit-frame-pointer execution test
FAIL: gfortran.dg/pr20257.f90 -O3 -fomit-frame-pointer -funroll-loops execution test
FAIL: gfortran.dg/pr20257.f90 -O3 -fomit-frame-pointer -funroll-all-loops -finline-functions execution test
FAIL: gfortran.dg/pr20257.f90 -O3 -g execution test
FAIL: gfortran.dg/pr20257.f90 -Os execution test
FAIL: gfortran.dg/select_2.f90 -O3 -fomit-frame-pointer (test for excess errors)
WARNING: gfortran.dg/select_2.f90 -O3 -fomit-frame-pointer compilation failed to produce executable
FAIL: gfortran.dg/select_2.f90 -O3 -fomit-frame-pointer -funroll-loops (test for excess errors)
WARNING: gfortran.dg/select_2.f90 -O3 -fomit-frame-pointer -funroll-loops compilation failed to produce executable
FAIL: gfortran.dg/select_2.f90 -O3 -fomit-frame-pointer -funroll-all-loops -finline-functions (test for excess errors)
WARNING: gfortran.dg/select_2.f90 -O3 -fomit-frame-pointer -funroll-all-loops -finline-functions compilation failed to produce executable
FAIL: gfortran.dg/select_2.f90 -O3 -g (test for excess errors)
WARNING: gfortran.dg/select_2.f90 -O3 -g compilation failed to produce executable
=== gfortran Summary for unix ===
# of expected passes 7219
# of unexpected failures 35
# of expected failures 17
=== gfortran Summary ===
# of expected passes 21649
# of unexpected failures 113
# of expected failures 51
/share/home/ghazi/gcc-testing/gcc-testing/41/build/gcc/testsuite/../gfortran version 4.1.0 20050618 (experimental)
=== objc tests ===
Running target unix/-fPIC
=== objc Summary for unix/-fPIC ===
# of expected passes 1584
# of unsupported tests 21
Running target unix/-fpic
=== objc Summary for unix/-fpic ===
# of expected passes 1584
# of unsupported tests 21
Running target unix
=== objc Summary for unix ===
# of expected passes 1584
# of unsupported tests 21
=== objc Summary ===
# of expected passes 4752
# of unsupported tests 63
/share/home/ghazi/gcc-testing/gcc-testing/41/build/gcc/xgcc version 4.1.0 20050618 (experimental)
=== libffi tests ===
Running target unix/-fPIC
=== libffi Summary for unix/-fPIC ===
# of expected passes 219
# of unsupported tests 2
Running target unix/-fpic
=== libffi Summary for unix/-fpic ===
# of expected passes 219
# of unsupported tests 2
Running target unix
=== libffi Summary for unix ===
# of expected passes 219
# of unsupported tests 2
=== libffi Summary ===
# of expected passes 657
# of unsupported tests 6
=== libjava tests ===
Running target unix/-fPIC
FAIL: Divide_1 execution - source compiled test
FAIL: Divide_1 execution - bytecode->native test
=== libjava Summary for unix/-fPIC ===
# of expected passes 3883
# of unexpected failures 2
# of expected failures 10
# of untested testcases 10
Running target unix/-fpic
FAIL: Divide_1 execution - source compiled test
FAIL: Divide_1 execution - bytecode->native test
=== libjava Summary for unix/-fpic ===
# of expected passes 3883
# of unexpected failures 2
# of expected failures 10
# of untested testcases 10
Running target unix
FAIL: Divide_1 execution - source compiled test
FAIL: Divide_1 execution - bytecode->native test
=== libjava Summary for unix ===
# of expected passes 3883
# of unexpected failures 2
# of expected failures 10
# of untested testcases 10
=== libjava Summary ===
# of expected passes 11649
# of unexpected failures 6
# of expected failures 30
# of untested testcases 30
=== libmudflap tests ===
Running target unix/-fPIC
FAIL: libmudflap.cth/pass40-frag.c execution test
FAIL: libmudflap.cth/pass40-frag.c output pattern test
FAIL: libmudflap.cth/pass40-frag.c (-O2) execution test
FAIL: libmudflap.cth/pass40-frag.c (-O2) output pattern test
FAIL: libmudflap.cth/pass40-frag.c (-O3) execution test
FAIL: libmudflap.cth/pass40-frag.c (-O3) output pattern test
=== libmudflap Summary for unix/-fPIC ===
# of expected passes 1765
# of unexpected failures 6
Running target unix/-fpic
FAIL: libmudflap.cth/pass40-frag.c execution test
FAIL: libmudflap.cth/pass40-frag.c output pattern test
FAIL: libmudflap.cth/pass40-frag.c (-O2) execution test
FAIL: libmudflap.cth/pass40-frag.c (-O2) output pattern test
FAIL: libmudflap.cth/pass40-frag.c (-O3) execution test
FAIL: libmudflap.cth/pass40-frag.c (-O3) output pattern test
=== libmudflap Summary for unix/-fpic ===
# of expected passes 1765
# of unexpected failures 6
Running target unix
FAIL: libmudflap.cth/pass40-frag.c execution test
FAIL: libmudflap.cth/pass40-frag.c output pattern test
FAIL: libmudflap.cth/pass40-frag.c (-O2) execution test
FAIL: libmudflap.cth/pass40-frag.c (-O2) output pattern test
FAIL: libmudflap.cth/pass40-frag.c (-O3) execution test
FAIL: libmudflap.cth/pass40-frag.c (-O3) output pattern test
=== libmudflap Summary for unix ===
# of expected passes 1765
# of unexpected failures 6
=== libmudflap Summary ===
# of expected passes 5295
# of unexpected failures 18
=== libstdc++ tests ===
Running target unix/-fPIC
FAIL: 26_numerics/complex/13450.cc (test for excess errors)
WARNING: 26_numerics/complex/13450.cc compilation failed to produce executable
=== libstdc++ Summary for unix/-fPIC ===
# of expected passes 3789
# of unexpected failures 1
# of expected failures 13
Running target unix/-fpic
FAIL: 26_numerics/complex/13450.cc (test for excess errors)
WARNING: 26_numerics/complex/13450.cc compilation failed to produce executable
=== libstdc++ Summary for unix/-fpic ===
# of expected passes 3789
# of unexpected failures 1
# of expected failures 13
Running target unix
XPASS: 26_numerics/cmath/c99_classification_macros_c.cc (test for excess errors)
FAIL: 26_numerics/complex/13450.cc (test for excess errors)
WARNING: 26_numerics/complex/13450.cc compilation failed to produce executable
=== libstdc++ Summary for unix ===
# of expected passes 3789
# of unexpected failures 1
# of unexpected successes 1
# of expected failures 12
=== libstdc++ Summary ===
# of expected passes 11367
# of unexpected failures 3
# of unexpected successes 1
# of expected failures 38
Compiler version: 4.1.0 20050618 (experimental)
Platform: i686-pc-linux-gnu
configure flags: --verbose --enable-languages=c,c++,f95,java,objc