This is the mail archive of the
gcc-testresults@gcc.gnu.org
mailing list for the GCC project.
Results for 4.1.0 20050617 (experimental) testsuite on alpha-unknown-linux-gnu
- From: Richard Henderson <rth at redhat dot com>
- To: gcc-testresults at gcc dot gnu dot org
- Date: Fri, 17 Jun 2005 13:03:50 -0700
- Subject: Results for 4.1.0 20050617 (experimental) testsuite on alpha-unknown-linux-gnu
LAST_UPDATED: Fri Jun 17 05:21:20 UTC 2005
Native configuration is alpha-unknown-linux-gnu
=== libffi tests ===
Running target unix
=== libffi Summary ===
# of expected passes 219
# of unsupported tests 2
=== libjava tests ===
Running target unix
=== libjava Summary ===
# of expected passes 3887
# of expected failures 10
# of untested testcases 8
=== libmudflap tests ===
Running target unix
FAIL: libmudflap.c/pass49-frag.c execution test
FAIL: libmudflap.c/pass49-frag.c output pattern test
FAIL: libmudflap.c/pass49-frag.c execution test
FAIL: libmudflap.c/pass49-frag.c output pattern test
FAIL: libmudflap.c/pass49-frag.c (-static) execution test
FAIL: libmudflap.c/pass49-frag.c (-static) output pattern test
FAIL: libmudflap.c/pass49-frag.c (-static) execution test
FAIL: libmudflap.c/pass49-frag.c (-static) output pattern test
FAIL: libmudflap.c/pass49-frag.c (-O2) execution test
FAIL: libmudflap.c/pass49-frag.c (-O2) output pattern test
FAIL: libmudflap.c/pass49-frag.c (-O2) execution test
FAIL: libmudflap.c/pass49-frag.c (-O2) output pattern test
FAIL: libmudflap.c/pass49-frag.c (-O3) execution test
FAIL: libmudflap.c/pass49-frag.c (-O3) output pattern test
FAIL: libmudflap.c/pass49-frag.c (-O3) execution test
FAIL: libmudflap.c/pass49-frag.c (-O3) output pattern test
FAIL: externs-12 execution
FAIL: externs-21 execution
FAIL: externs-12 execution -static
FAIL: externs-21 execution -static
FAIL: externs-12 execution -O2
FAIL: externs-21 execution -O2
FAIL: externs-12 execution -O3
FAIL: externs-21 execution -O3
FAIL: libmudflap.cth/pass40-frag.c execution test
FAIL: libmudflap.cth/pass40-frag.c output pattern test
WARNING: program timed out.
FAIL: libmudflap.cth/pass40-frag.c (-static -DSTATIC) execution test
FAIL: libmudflap.cth/pass40-frag.c (-static -DSTATIC) output pattern test
FAIL: libmudflap.cth/pass40-frag.c (-O2) execution test
FAIL: libmudflap.cth/pass40-frag.c (-O2) output pattern test
FAIL: libmudflap.cth/pass40-frag.c (-O3) execution test
FAIL: libmudflap.cth/pass40-frag.c (-O3) output pattern test
=== libmudflap Summary ===
# of expected passes 1739
# of unexpected failures 32
=== libstdc++ tests ===
Running target unix
FAIL: 26_numerics/complex/13450.cc (test for excess errors)
WARNING: 26_numerics/complex/13450.cc compilation failed to produce executable
FAIL: 26_numerics/cstdlib/13943.cc (test for excess errors)
WARNING: 26_numerics/cstdlib/13943.cc compilation failed to produce executable
FAIL: 27_io/basic_ostream/inserters_arithmetic/wchar_t/9555-oa.cc execution test
XPASS: 27_io/fpos/14320-1.cc execution test
=== libstdc++ Summary ===
# of expected passes 3785
# of unexpected failures 3
# of unexpected successes 1
# of expected failures 12
=== g++ tests ===
Running target unix
FAIL: g++.dg/conversion/simd2.C (test for errors, line 15)
FAIL: g++.dg/conversion/simd2.C (test for excess errors)
FAIL: g++.dg/tree-ssa/pr14814.C scan-tree-dump-times &this 0
FAIL: g++.dg/vect/pr21734_1.cc (test for excess errors)
FAIL: g++.dg/vect/pr21734_2.cc (test for excess errors)
=== g++ Summary ===
# of expected passes 11034
# of unexpected failures 5
# of expected failures 66
# of unsupported tests 97
/local/rth/gcc/bld-cron-4.1/gcc/testsuite/../g++ version 4.1.0 20050617 (experimental)
=== gcc tests ===
Running target unix
FAIL: gcc.c-torture/execute/va-arg-22.c compilation, -O3 -fomit-frame-pointer
UNRESOLVED: gcc.c-torture/execute/va-arg-22.c execution, -O3 -fomit-frame-pointer
FAIL: gcc.c-torture/execute/va-arg-22.c compilation, -O3 -g
UNRESOLVED: gcc.c-torture/execute/va-arg-22.c execution, -O3 -g
FAIL: gcc.dg/tree-ssa/gen-vect-26.c (test for excess errors)
WARNING: gcc.dg/tree-ssa/gen-vect-26.c compilation failed to produce executable
FAIL: gcc.dg/tree-ssa/gen-vect-26.c scan-tree-dump-times vectorized 1 loops 1
FAIL: gcc.dg/tree-ssa/gen-vect-28.c (test for excess errors)
WARNING: gcc.dg/tree-ssa/gen-vect-28.c compilation failed to produce executable
FAIL: gcc.dg/tree-ssa/gen-vect-28.c scan-tree-dump-times vectorized 1 loops 1
FAIL: gcc.dg/tree-ssa/loop-2.c scan-tree-dump-times iter 0
FAIL: gcc.dg/tree-ssa/loop-4.c scan-tree-dump-times iter 0
FAIL: gcc.dg/tree-ssa/pr21985.c (test for excess errors)
FAIL: gcc.dg/tree-ssa/pr21985.c scan-tree-dump-times foo \\([0-9]*\\) 2
FAIL: gcc.dg/vect/pr18536.c (test for excess errors)
WARNING: gcc.dg/vect/pr18536.c compilation failed to produce executable
FAIL: gcc.dg/vect/pr18536.c scan-tree-dump-times vectorized 1 loops 1
FAIL: gcc.dg/vect/vect-26.c (test for excess errors)
WARNING: gcc.dg/vect/vect-26.c compilation failed to produce executable
FAIL: gcc.dg/vect/vect-26.c scan-tree-dump-times vectorized 1 loops 1
FAIL: gcc.dg/vect/vect-28.c (test for excess errors)
WARNING: gcc.dg/vect/vect-28.c compilation failed to produce executable
FAIL: gcc.dg/vect/vect-28.c scan-tree-dump-times vectorized 1 loops 1
FAIL: gcc.dg/vect/vect-31.c (test for excess errors)
WARNING: gcc.dg/vect/vect-31.c compilation failed to produce executable
FAIL: gcc.dg/vect/vect-31.c scan-tree-dump-times vectorized 4 loops 1
FAIL: gcc.dg/vect/vect-31.c scan-tree-dump-times Alignment of access forced using peeling 2
FAIL: gcc.dg/vect/vect-33.c (test for excess errors)
FAIL: gcc.dg/vect/vect-33.c scan-tree-dump-times vectorized 1 loops 1
FAIL: gcc.dg/vect/vect-64.c (test for excess errors)
WARNING: gcc.dg/vect/vect-64.c compilation failed to produce executable
FAIL: gcc.dg/vect/vect-64.c scan-tree-dump-times vectorized 3 loops 1
FAIL: gcc.dg/vect/vect-64.c scan-tree-dump-times Alignment of access forced using peeling 2
FAIL: gcc.dg/vect/vect-66.c (test for excess errors)
WARNING: gcc.dg/vect/vect-66.c compilation failed to produce executable
FAIL: gcc.dg/vect/vect-66.c scan-tree-dump-times vectorized 3 loops 1
XPASS: gcc.dg/vect/vect-67.c scan-tree-dump-times vectorized 1 loops 1
FAIL: gcc.dg/vect/vect-68.c (test for excess errors)
WARNING: gcc.dg/vect/vect-68.c compilation failed to produce executable
FAIL: gcc.dg/vect/vect-68.c scan-tree-dump-times vectorized 4 loops 1
FAIL: gcc.dg/vect/vect-68.c scan-tree-dump-times Alignment of access forced using peeling 2
FAIL: gcc.dg/vect/vect-69.c (test for excess errors)
WARNING: gcc.dg/vect/vect-69.c compilation failed to produce executable
FAIL: gcc.dg/vect/vect-69.c scan-tree-dump-times vectorized 4 loops 1
FAIL: gcc.dg/vect/vect-69.c scan-tree-dump-times Alignment of access forced using peeling 2
FAIL: gcc.dg/vect/vect-70.c (test for excess errors)
WARNING: gcc.dg/vect/vect-70.c compilation failed to produce executable
FAIL: gcc.dg/vect/vect-70.c scan-tree-dump-times vectorized 1 loops 1
FAIL: gcc.dg/vect/vect-85.c (test for excess errors)
WARNING: gcc.dg/vect/vect-85.c compilation failed to produce executable
FAIL: gcc.dg/vect/vect-85.c scan-tree-dump-times vectorized 1 loops 1
FAIL: gcc.dg/vect/vect-86.c (test for excess errors)
WARNING: gcc.dg/vect/vect-86.c compilation failed to produce executable
FAIL: gcc.dg/vect/vect-86.c scan-tree-dump-times vectorized 1 loops 1
FAIL: gcc.dg/vect/vect-87.c (test for excess errors)
WARNING: gcc.dg/vect/vect-87.c compilation failed to produce executable
FAIL: gcc.dg/vect/vect-87.c scan-tree-dump-times vectorized 1 loops 1
FAIL: gcc.dg/vect/vect-88.c (test for excess errors)
WARNING: gcc.dg/vect/vect-88.c compilation failed to produce executable
FAIL: gcc.dg/vect/vect-88.c scan-tree-dump-times vectorized 1 loops 1
FAIL: gcc.dg/vect/vect-89.c (test for excess errors)
WARNING: gcc.dg/vect/vect-89.c compilation failed to produce executable
FAIL: gcc.dg/vect/vect-89.c scan-tree-dump-times vectorized 1 loops 1
FAIL: gcc.dg/vect/vect-91.c (test for excess errors)
FAIL: gcc.dg/vect/vect-91.c scan-tree-dump-times vectorized 1 loops 2
FAIL: gcc.dg/vect/vect-96.c (test for excess errors)
WARNING: gcc.dg/vect/vect-96.c compilation failed to produce executable
FAIL: gcc.dg/vect/vect-96.c scan-tree-dump-times vectorized 1 loops 1
FAIL: gcc.dg/vect/vect-97.c (test for excess errors)
WARNING: gcc.dg/vect/vect-97.c compilation failed to produce executable
FAIL: gcc.dg/vect/vect-99.c (test for excess errors)
WARNING: gcc.dg/vect/vect-99.c compilation failed to produce executable
FAIL: gcc.dg/vect/vect-99.c scan-tree-dump-times vectorized 1 loops 1
=== gcc Summary ===
# of expected passes 35061
# of unexpected failures 51
# of unexpected successes 1
# of expected failures 87
# of unresolved testcases 2
# of untested testcases 28
# of unsupported tests 552
/local/rth/gcc/bld-cron-4.1/gcc/xgcc version 4.1.0 20050617 (experimental)
=== gfortran tests ===
Running target unix
FAIL: gfortran.dg/pr19657.f -O3 -fomit-frame-pointer (test for excess errors)
WARNING: gfortran.dg/pr19657.f -O3 -fomit-frame-pointer compilation failed to produce executable
FAIL: gfortran.dg/pr19657.f -O3 -fomit-frame-pointer -funroll-loops (test for excess errors)
WARNING: gfortran.dg/pr19657.f -O3 -fomit-frame-pointer -funroll-loops compilation failed to produce executable
FAIL: gfortran.dg/pr19657.f -O3 -fomit-frame-pointer -funroll-all-loops -finline-functions (test for excess errors)
WARNING: gfortran.dg/pr19657.f -O3 -fomit-frame-pointer -funroll-all-loops -finline-functions compilation failed to produce executable
FAIL: gfortran.dg/pr19657.f -O3 -g (test for excess errors)
WARNING: gfortran.dg/pr19657.f -O3 -g compilation failed to produce executable
FAIL: gfortran.dg/select_2.f90 -O3 -fomit-frame-pointer (test for excess errors)
WARNING: gfortran.dg/select_2.f90 -O3 -fomit-frame-pointer compilation failed to produce executable
FAIL: gfortran.dg/select_2.f90 -O3 -fomit-frame-pointer -funroll-loops (test for excess errors)
WARNING: gfortran.dg/select_2.f90 -O3 -fomit-frame-pointer -funroll-loops compilation failed to produce executable
FAIL: gfortran.dg/select_2.f90 -O3 -fomit-frame-pointer -funroll-all-loops -finline-functions (test for excess errors)
WARNING: gfortran.dg/select_2.f90 -O3 -fomit-frame-pointer -funroll-all-loops -finline-functions compilation failed to produce executable
FAIL: gfortran.dg/select_2.f90 -O3 -g (test for excess errors)
WARNING: gfortran.dg/select_2.f90 -O3 -g compilation failed to produce executable
FAIL: gfortran.dg/vect/vect-5.f90 -O (test for excess errors)
WARNING: gfortran.dg/vect/vect-5.f90 -O compilation failed to produce executable
XPASS: gfortran.dg/vect/vect-5.f90 -O scan-tree-dump-times Alignment of access forced using peeling 1
XPASS: gfortran.dg/vect/vect-5.f90 -O scan-tree-dump-times Vectorizing an unaligned access 2
=== gfortran Summary ===
# of expected passes 7196
# of unexpected failures 9
# of unexpected successes 2
# of expected failures 11
# of unsupported tests 21
/local/rth/gcc/bld-cron-4.1/gcc/testsuite/../gfortran version 4.1.0 20050617 (experimental)
=== objc tests ===
Running target unix
=== objc Summary ===
# of expected passes 1582
# of unsupported tests 22
/local/rth/gcc/bld-cron-4.1/gcc/xgcc version 4.1.0 20050617 (experimental)
Compiler version: 4.1.0 20050617 (experimental)
Platform: alpha-unknown-linux-gnu
configure flags: --prefix=/local/rth/gcc/run-4.1 alpha-linux --enable-languages=c,c++,f95,java,objc