This is the mail archive of the
gcc-testresults@gcc.gnu.org
mailing list for the GCC project.
Results for 4.1.020050615(experimental) testsuite onx86_64-unknown-linux-gnu
- From: Laurent GUERBY <laurent at guerby dot net>
- To: gcc-test <gcc-testresults at gcc dot gnu dot org>
- Date: Thu, 16 Jun 2005 13:22:05 +0200
- Subject: Results for 4.1.020050615(experimental) testsuite onx86_64-unknown-linux-gnu
With http://gcc.gnu.org/ml/gcc-patches/2005-06/msg01327.html
LAST_UPDATED: Wed Jun 15 21:20:45 UTC 2005
=== acats tests ===
FAIL: c37213j
FAIL: c37213l
FAIL: c45331a
FAIL: c52102b
FAIL: c52102d
FAIL: c52103x
FAIL: cd10002
FAIL: cd1c04e
FAIL: cdd2a02
FAIL: cxg1001
FAIL: cxg1002
FAIL: cxg1004
FAIL: cxg1005
FAIL: cxg2007
FAIL: cxg2018
FAIL: cxg2021
=== acats Summary ===
# of expected passes 2303
# of unexpected failures 16
Native configuration is x86_64-unknown-linux-gnu
=== gcc tests ===
Running target unix
FAIL: gcc.dg/cpp/arith-3.c (test for bogus messages, line 257)
FAIL: gcc.dg/tree-ssa/loop-2.c scan-tree-dump-times iter 0
FAIL: gcc.dg/tree-ssa/loop-3.c scan-tree-dump-times step: 1
FAIL: gcc.dg/tree-ssa/loop-4.c scan-tree-dump-times iter 0
FAIL: gcc.dg/tree-ssa/pr21985.c (test for excess errors)
FAIL: gcc.dg/tree-ssa/pr21985.c scan-tree-dump-times foo \\([0-9]*\\) 2
XPASS: gcc.dg/vect/vect-22.c scan-tree-dump-times vectorized 3 loops 1
XPASS: gcc.dg/vect/vect-67.c scan-tree-dump-times vectorized 1 loops 1
=== gcc Summary ===
# of expected passes 35481
# of unexpected failures 6
# of unexpected successes 2
# of expected failures 98
# of untested testcases 28
# of unsupported tests 420
/home/guerby/work/gcc/build/build-20050615T232135/gcc/xgcc version 4.1.0 20050615 (experimental)
Compiler version: 4.1.020050615(experimental)
Platform: x86_64-unknown-linux-gnu
configure flags: --prefix=/home/guerby/work/gcc/install/install-20050615T232135 --enable-__cxa_atexit --disable-nls --enable-threads=posix --disable-multilib --enable-checking --enable-languages=c,ada