This is the mail archive of the
gcc-testresults@gcc.gnu.org
mailing list for the GCC project.
Results for 4.0.1 20050615 (prerelease) testsuite on powerpc-apple-darwin8.1.0
- From: Bradley J Lucier <lucier at math dot purdue dot edu>
- To: gcc-testresults at gcc dot gnu dot org
- Date: Wed, 15 Jun 2005 07:03:07 -0500 (EST)
- Subject: Results for 4.0.1 20050615 (prerelease) testsuite on powerpc-apple-darwin8.1.0
LAST_UPDATED: Wed Jun 15 02:57:27 UTC 2005
Native configuration is powerpc-apple-darwin8.1.0
=== g++ tests ===
Running target unix
FAIL: g++.dg/warn/weak1.C (test for excess errors)
WARNING: g++.dg/warn/weak1.C compilation failed to produce executable
FAIL: g++.dg/pch/empty.C (test for excess errors)
FAIL: g++.dg/special/conpr-3.C execution test
XPASS: g++.old-deja/g++.eh/badalloc1.C execution test
=== g++ Summary ===
# of expected passes 10919
# of unexpected failures 3
# of unexpected successes 1
# of expected failures 70
# of unsupported tests 104
/Users/lucier/programs/gcc/gcc-4.0-branch/objdir/gcc/testsuite/../g++ version 4.0.1 20050615 (prerelease)
=== gcc tests ===
Running target unix
WARNING: program timed out.
FAIL: gcc.c-torture/compile/20001226-1.c (test for excess errors)
WARNING: program timed out.
FAIL: gcc.c-torture/compile/20001226-1.c (test for excess errors)
WARNING: program timed out.
FAIL: gcc.c-torture/compile/20001226-1.c (test for excess errors)
FAIL: tmpdir-gcc.dg-struct-layout-1/t001 c_compat_x_tst.o-c_compat_y_tst.o execute
FAIL: tmpdir-gcc.dg-struct-layout-1/t025 c_compat_x_tst.o-c_compat_y_tst.o execute
FAIL: tmpdir-gcc.dg-struct-layout-1/t026 c_compat_x_tst.o-c_compat_y_tst.o execute
FAIL: tmpdir-gcc.dg-struct-layout-1/t027 c_compat_x_tst.o-c_compat_y_tst.o execute
FAIL: tmpdir-gcc.dg-struct-layout-1/t028 c_compat_x_tst.o-c_compat_y_tst.o execute
FAIL: gcc.dg/rs6000-power2-2.c scan-assembler-not lfd
FAIL: gcc.dg/rs6000-power2-2.c scan-assembler lfq
FAIL: gcc.dg/rs6000-power2-2.c scan-assembler stfq
ERROR: gcc.dg/tree-ssa/pr15791-3.c: error executing dg-final: no files matched glob pattern "pr15791-3.c.t??.gimple"
UNRESOLVED: gcc.dg/tree-ssa/pr15791-3.c: error executing dg-final: no files matched glob pattern "pr15791-3.c.t??.gimple"
ERROR: gcc.dg/tree-ssa/pr15791-4.c: error executing dg-final: no files matched glob pattern "pr15791-4.c.t??.gimple"
UNRESOLVED: gcc.dg/tree-ssa/pr15791-4.c: error executing dg-final: no files matched glob pattern "pr15791-4.c.t??.gimple"
ERROR: gcc.dg/tree-ssa/pr15791-5.c: error executing dg-final: no files matched glob pattern "pr15791-5.c.t??.gimple"
UNRESOLVED: gcc.dg/tree-ssa/pr15791-5.c: error executing dg-final: no files matched glob pattern "pr15791-5.c.t??.gimple"
=== gcc Summary ===
# of expected passes 36230
# of unexpected failures 11
# of expected failures 100
# of unresolved testcases 3
# of untested testcases 28
# of unsupported tests 468
/Users/lucier/programs/gcc/gcc-4.0-branch/objdir/gcc/xgcc version 4.0.1 20050615 (prerelease)
=== gfortran tests ===
Running target unix
FAIL: gfortran.dg/dev_null.f90 execution test
FAIL: gfortran.dg/dev_null.f90 execution test
FAIL: gfortran.dg/dev_null.f90 execution test
FAIL: gfortran.dg/dev_null.f90 execution test
FAIL: gfortran.dg/dev_null.f90 execution test
FAIL: gfortran.dg/dev_null.f90 execution test
FAIL: gfortran.dg/dev_null.f90 execution test
FAIL: gfortran.dg/dev_null.f90 execution test
FAIL: gfortran.dg/eoshift.f90 execution test
=== gfortran Summary ===
# of expected passes 6806
# of unexpected failures 9
# of expected failures 18
# of unsupported tests 17
/Users/lucier/programs/gcc/gcc-4.0-branch/objdir/gcc/testsuite/../gfortran version 4.0.1 20050615 (prerelease)
=== objc tests ===
Running target unix
FAIL: objc.dg/selector-2.m (test for excess errors)
=== objc Summary ===
# of expected passes 1556
# of unexpected failures 1
# of unsupported tests 1
/Users/lucier/programs/gcc/gcc-4.0-branch/objdir/gcc/xgcc version 4.0.1 20050615 (prerelease)
Compiler version: 4.0.1 20050615 (prerelease)
Platform: powerpc-apple-darwin8.1.0
configure flags: --prefix=/pkgs/gcc-4.0-branch --with-gmp=/pkgs/gmp-4.1.3 --with-mpfr=/pkgs/gmp-4.1.3 --enable-languages=c,c++,f95,java,objc
BOOT_CFLAGS=-g -O2 -mdynamic-no-pic
Counting all warnings,
there are 29 warnings in stage3 of this bootstrap.
Number of warnings per file:
7 /usr/share/bison.simple
6 gcc/config/rs6000/altivec.md
5 gcc/gcc.c
3 gengtype-lex.c
2 gcc/objc/lang-specs.h
1 gcc/java/jvspec.c
1 gcc/java/jcf-write.c
1 gcc/fortran/trans-common.c
1 gcc/fortran/simplify.c
1 gcc/fortran/resolve.c
1 gcc/fortran/expr.c
Number of warning types:
8 string length \`???' is greater than the length \`???' ISO C89 compilers are required to support
8 old-style function definition
4 operand 3 missing mode?
4 control may reach end of non-void function \`???' being inlined
2 operand 1 missing mode?
2 comparison between signed and unsigned
1 unused variable \`???'