This is the mail archive of the
gcc-testresults@gcc.gnu.org
mailing list for the GCC project.
Results for 4.1.020050613(experimental) testsuite onx86_64-unknown-linux-gnu
- From: Laurent GUERBY <laurent at guerby dot net>
- To: gcc-testresults at gcc dot gnu dot org
- Date: Tue, 14 Jun 2005 09:17:31 +0200
- Subject: Results for 4.1.020050613(experimental) testsuite onx86_64-unknown-linux-gnu
(With patch included in PR22053)
LAST_UPDATED: Mon Jun 13 21:51:34 UTC 2005
=== acats tests ===
FAIL: c37213j
FAIL: c37213l
FAIL: c45331a
FAIL: c52102b
FAIL: c52102d
FAIL: c52103x
FAIL: cd10002
FAIL: cd1c04e
FAIL: cdd2a02
FAIL: cxg1001
FAIL: cxg1002
FAIL: cxg1004
FAIL: cxg1005
FAIL: cxg2002
FAIL: cxg2007
FAIL: cxg2008
FAIL: cxg2018
FAIL: cxg2019
FAIL: cxg2020
FAIL: cxg2021
=== acats Summary ===
# of expected passes 2300
# of unexpected failures 20
Native configuration is x86_64-unknown-linux-gnu
=== gcc tests ===
Running target unix
FAIL: gcc.dg/cpp/arith-3.c (test for bogus messages, line 257)
FAIL: gcc.dg/tree-ssa/loop-2.c scan-tree-dump-times iter 0
FAIL: gcc.dg/tree-ssa/loop-3.c scan-tree-dump-times step: 1
FAIL: gcc.dg/tree-ssa/loop-4.c scan-tree-dump-times iter 0
FAIL: gcc.dg/tree-ssa/pr21985.c (test for excess errors)
FAIL: gcc.dg/tree-ssa/pr21985.c scan-tree-dump-times foo \\([0-9]*\\) 2
XPASS: gcc.dg/vect/vect-22.c scan-tree-dump-times vectorized 3 loops 1
XPASS: gcc.dg/vect/vect-67.c scan-tree-dump-times vectorized 1 loops 1
=== gcc Summary ===
# of expected passes 35470
# of unexpected failures 6
# of unexpected successes 2
# of expected failures 106
# of untested testcases 28
# of unsupported tests 420
/home/guerby/work/gcc/build/build-20050613T235343/gcc/xgcc version 4.1.0 20050613 (experimental)
Compiler version: 4.1.020050613(experimental)
Platform: x86_64-unknown-linux-gnu
configure flags: --prefix=/home/guerby/work/gcc/install/install-20050613T235343 --enable-__cxa_atexit --disable-nls --enable-threads=posix --disable-multilib --enable-checking --enable-languages=c,ada