This is the mail archive of the
gcc-testresults@gcc.gnu.org
mailing list for the GCC project.
Results for 4.1.0 20050612 (experimental) testsuite on sparc-unknown-linux-gnu
- From: Christian Joensson <chj at j-son dot org>
- To: gcc-testresults at gcc dot gnu dot org
- Date: Mon, 13 Jun 2005 08:17:00 +0200
- Subject: Results for 4.1.0 20050612 (experimental) testsuite on sparc-unknown-linux-gnu
Aurora SPARC Linux release 2.0 (Kashmir FC3) UltraSparc IIi (Sabre) sun4u:
binutils-2.16.90.0.3-1.sparc
bison-1.875c-2.sparc
dejagnu-1.4.4-2.noarch
expect-5.42.1-1.sparc
gcc-3.4.2-6.fc3.sparc
gcc4-4.0.0-0.8sparc.sparc
glibc-2.3.3-99.sparc64
glibc-2.3.3-99.sparcv9
glibc-devel-2.3.3-99.sparc
glibc-devel-2.3.3-99.sparc64
glibc-headers-2.3.3-99.sparc64
glibc-headers-2.3.3-99.sparc
glibc-kernheaders-2.6-20sparc.sparc
gmp-4.1.4-3sparc.sparc
gmp-4.1.4-3sparc.sparc64
gmp-devel-4.1.4-3sparc.sparc
gmp-devel-4.1.4-3sparc.sparc64
kernel-2.6.11-1.1166sp1.sparc64
package kernel-devel is not installed
package kernel-smp is not installed
libgcc-3.4.2-6.fc3.sparc
libgcc-3.4.2-6.fc3.sparc64
libstdc++-3.4.2-6.fc3.sparc64
libstdc++-3.4.2-6.fc3.sparc
libstdc++-devel-3.4.2-6.fc3.sparc64
libstdc++-devel-3.4.2-6.fc3.sparc
make-3.80-5.sparc
nptl-devel-2.3.3-99.sparcv9
tcl-8.4.7-2.sparc
LAST_UPDATED: Sun Jun 12 09:10:14 UTC 2005
Native configuration is sparc-unknown-linux-gnu
=== gcc tests ===
Running target unix
WARNING: program timed out.
FAIL: gcc.c-torture/compile/20001226-1.c -O3 -g (test for excess errors)
FAIL: gcc.c-torture/execute/20020227-1.c execution, -O0
FAIL: gcc.c-torture/execute/20020227-1.c execution, -O1
FAIL: gcc.c-torture/execute/20020227-1.c execution, -O2
FAIL: gcc.c-torture/execute/20020227-1.c execution, -Os
FAIL: gcc.c-torture/execute/20040709-2.c execution, -O0
FAIL: gcc.c-torture/execute/991118-1.c execution, -O0
FAIL: gcc.c-torture/execute/991118-1.c execution, -O1
FAIL: gcc.c-torture/execute/991118-1.c execution, -O2
FAIL: gcc.c-torture/execute/991118-1.c execution, -O3 -fomit-frame-pointer
FAIL: gcc.c-torture/execute/991118-1.c execution, -O3 -g
FAIL: gcc.c-torture/execute/991118-1.c execution, -Os
FAIL: gcc.c-torture/execute/bf64-1.c execution, -O0
FAIL: gcc.c-torture/execute/bf64-1.c execution, -O1
FAIL: gcc.c-torture/execute/bf64-1.c execution, -O2
FAIL: gcc.c-torture/execute/bitfld-3.c execution, -O0
FAIL: gcc.c-torture/execute/bitfld-3.c execution, -O1
FAIL: gcc.c-torture/execute/bitfld-3.c execution, -O2
FAIL: gcc.c-torture/execute/bitfld-3.c execution, -O3 -fomit-frame-pointer
FAIL: gcc.c-torture/execute/bitfld-3.c execution, -O3 -g
FAIL: gcc.c-torture/execute/bitfld-3.c execution, -Os
FAIL: gcc.c-torture/execute/simd-1.c execution, -O0
FAIL: gcc.c-torture/execute/simd-1.c execution, -O1
FAIL: gcc.c-torture/execute/simd-1.c execution, -O2
FAIL: gcc.c-torture/execute/simd-1.c execution, -O3 -fomit-frame-pointer
FAIL: gcc.c-torture/execute/simd-1.c execution, -O3 -g
FAIL: gcc.c-torture/execute/simd-1.c execution, -Os
FAIL: gcc.c-torture/execute/simd-2.c execution, -O0
FAIL: gcc.c-torture/execute/simd-2.c execution, -O1
FAIL: gcc.c-torture/execute/simd-2.c execution, -O2
FAIL: gcc.c-torture/execute/simd-2.c execution, -O3 -fomit-frame-pointer
FAIL: gcc.c-torture/execute/simd-2.c execution, -O3 -g
FAIL: gcc.c-torture/execute/simd-2.c execution, -Os
FAIL: gcc.c-torture/execute/strct-pack-1.c execution, -O0
FAIL: gcc.c-torture/execute/strct-pack-1.c execution, -O1
FAIL: gcc.c-torture/execute/strct-pack-1.c execution, -O2
FAIL: gcc.dg/compat/struct-align-1 c_compat_x_tst.o-c_compat_y_tst.o execute
FAIL: gcc.dg/compat/vector-1 c_compat_x_tst.o-c_compat_y_tst.o execute
FAIL: tmpdir-gcc.dg-struct-layout-1/t001 c_compat_x_tst.o-c_compat_y_tst.o execute
FAIL: tmpdir-gcc.dg-struct-layout-1/t003 c_compat_x_tst.o-c_compat_y_tst.o execute
FAIL: tmpdir-gcc.dg-struct-layout-1/t004 c_compat_x_tst.o-c_compat_y_tst.o execute
FAIL: tmpdir-gcc.dg-struct-layout-1/t005 c_compat_x_tst.o-c_compat_y_tst.o execute
FAIL: tmpdir-gcc.dg-struct-layout-1/t006 c_compat_x_tst.o-c_compat_y_tst.o execute
FAIL: tmpdir-gcc.dg-struct-layout-1/t007 c_compat_x_tst.o-c_compat_y_tst.o execute
FAIL: tmpdir-gcc.dg-struct-layout-1/t008 c_compat_x_tst.o-c_compat_y_tst.o execute
FAIL: tmpdir-gcc.dg-struct-layout-1/t013 c_compat_x_tst.o-c_compat_y_tst.o execute
FAIL: tmpdir-gcc.dg-struct-layout-1/t014 c_compat_x_tst.o-c_compat_y_tst.o execute
FAIL: tmpdir-gcc.dg-struct-layout-1/t018 c_compat_x_tst.o-c_compat_y_tst.o execute
FAIL: tmpdir-gcc.dg-struct-layout-1/t021 c_compat_x_tst.o-c_compat_y_tst.o execute
FAIL: tmpdir-gcc.dg-struct-layout-1/t022 c_compat_x_tst.o-c_compat_y_tst.o execute
FAIL: tmpdir-gcc.dg-struct-layout-1/t024 c_compat_x_tst.o-c_compat_y_tst.o execute
FAIL: tmpdir-gcc.dg-struct-layout-1/t025 c_compat_x_tst.o-c_compat_y_tst.o execute
FAIL: tmpdir-gcc.dg-struct-layout-1/t026 c_compat_x_tst.o-c_compat_y_tst.o execute
FAIL: tmpdir-gcc.dg-struct-layout-1/t027 c_compat_x_tst.o-c_compat_y_tst.o execute
FAIL: tmpdir-gcc.dg-struct-layout-1/t028 c_compat_x_tst.o-c_compat_y_tst.o execute
FAIL: gcc.dg/bf-spl1.c execution test
FAIL: gcc.dg/pr14796-2.c scan-tree-dump c & -34359738368
ERROR: gcc.dg/pr15784-4.c: error executing dg-final: couldn't open "pr15784-4.c.t78.optimized pr15784-4.c.t80.optimized pr15784-4.c.t76.optimized": no such file or directory
UNRESOLVED: gcc.dg/pr15784-4.c: error executing dg-final: couldn't open "pr15784-4.c.t78.optimized pr15784-4.c.t80.optimized pr15784-4.c.t76.optimized": no such file or directory
FAIL: gcc.dg/special/gcsec-1.c (test for excess errors)
WARNING: gcc.dg/special/gcsec-1.c compilation failed to produce executable
ERROR: gcc.dg/tree-prof/inliner-1.c: error executing dg-final-use: couldn't open "inliner-1.c.t76.optimized inliner-1.c.t78.optimized inliner-1.c.t80.optimized": no such file or directory
UNRESOLVED: gcc.dg/tree-prof/inliner-1.c: Error executing dg-final-use: couldn't open "inliner-1.c.t76.optimized inliner-1.c.t78.optimized inliner-1.c.t80.optimized": no such file or directory
ERROR: gcc.dg/tree-prof/val-prof-1.c: error executing dg-final-use: couldn't open "val-prof-1.c.t76.optimized val-prof-1.c.t78.optimized val-prof-1.c.t80.optimized": no such file or directory
UNRESOLVED: gcc.dg/tree-prof/val-prof-1.c: Error executing dg-final-use: couldn't open "val-prof-1.c.t76.optimized val-prof-1.c.t78.optimized val-prof-1.c.t80.optimized": no such file or directory
ERROR: gcc.dg/tree-prof/val-prof-2.c: error executing dg-final-use: couldn't open "val-prof-2.c.t76.optimized val-prof-2.c.t78.optimized val-prof-2.c.t80.optimized": no such file or directory
UNRESOLVED: gcc.dg/tree-prof/val-prof-2.c: Error executing dg-final-use: couldn't open "val-prof-2.c.t76.optimized val-prof-2.c.t78.optimized val-prof-2.c.t80.optimized": no such file or directory
ERROR: gcc.dg/tree-prof/val-prof-3.c: error executing dg-final-use: couldn't open "val-prof-3.c.t76.optimized val-prof-3.c.t78.optimized val-prof-3.c.t80.optimized": no such file or directory
UNRESOLVED: gcc.dg/tree-prof/val-prof-3.c: Error executing dg-final-use: couldn't open "val-prof-3.c.t76.optimized val-prof-3.c.t78.optimized val-prof-3.c.t80.optimized": no such file or directory
ERROR: gcc.dg/tree-prof/val-prof-4.c: error executing dg-final-use: couldn't open "val-prof-4.c.t76.optimized val-prof-4.c.t78.optimized val-prof-4.c.t80.optimized": no such file or directory
UNRESOLVED: gcc.dg/tree-prof/val-prof-4.c: Error executing dg-final-use: couldn't open "val-prof-4.c.t76.optimized val-prof-4.c.t78.optimized val-prof-4.c.t80.optimized": no such file or directory
FAIL: gcc.dg/tree-ssa/gen-vect-25.c execution test
FAIL: gcc.dg/tree-ssa/loop-2.c scan-tree-dump-times iter 0
FAIL: gcc.dg/tree-ssa/loop-4.c scan-tree-dump-times iter 0
XPASS: gcc.dg/vect/vect-67.c scan-tree-dump-times vectorized 1 loops 1
FAIL: gcc.dg/vect/vect-97.c (test for excess errors)
WARNING: gcc.dg/vect/vect-97.c compilation failed to produce executable
ERROR: gcc.dg/vect/vect-reduc-1.c: error executing dg-final: couldn't open "vect-reduc-1.c.t62.vect vect-reduc-1.c.t64.vect vect-reduc-1.c.t66.vect": no such file or directory
UNRESOLVED: gcc.dg/vect/vect-reduc-1.c: error executing dg-final: couldn't open "vect-reduc-1.c.t62.vect vect-reduc-1.c.t64.vect vect-reduc-1.c.t66.vect": no such file or directory
ERROR: gcc.dg/vect/vect-reduc-2.c: error executing dg-final: couldn't open "vect-reduc-2.c.t62.vect vect-reduc-2.c.t64.vect vect-reduc-2.c.t66.vect": no such file or directory
UNRESOLVED: gcc.dg/vect/vect-reduc-2.c: error executing dg-final: couldn't open "vect-reduc-2.c.t62.vect vect-reduc-2.c.t64.vect vect-reduc-2.c.t66.vect": no such file or directory
ERROR: gcc.dg/vect/vect-reduc-3.c: error executing dg-final: couldn't open "vect-reduc-3.c.t62.vect vect-reduc-3.c.t64.vect vect-reduc-3.c.t66.vect": no such file or directory
UNRESOLVED: gcc.dg/vect/vect-reduc-3.c: error executing dg-final: couldn't open "vect-reduc-3.c.t62.vect vect-reduc-3.c.t64.vect vect-reduc-3.c.t66.vect": no such file or directory
ERROR: gcc.target/sparc/fexpand-2.c: error executing dg-final: couldn't open "fexpand-2.c.t82.final_cleanup fexpand-2.c.t84.final_cleanup": no such file or directory
UNRESOLVED: gcc.target/sparc/fexpand-2.c: error executing dg-final: couldn't open "fexpand-2.c.t82.final_cleanup fexpand-2.c.t84.final_cleanup": no such file or directory
ERROR: gcc.target/sparc/fpmerge-2.c: error executing dg-final: couldn't open "fpmerge-2.c.t82.final_cleanup fpmerge-2.c.t84.final_cleanup": no such file or directory
UNRESOLVED: gcc.target/sparc/fpmerge-2.c: error executing dg-final: couldn't open "fpmerge-2.c.t82.final_cleanup fpmerge-2.c.t84.final_cleanup": no such file or directory
ERROR: gcc.target/sparc/fpmul-2.c: error executing dg-final: couldn't open "fpmul-2.c.t82.final_cleanup fpmul-2.c.t84.final_cleanup": no such file or directory
UNRESOLVED: gcc.target/sparc/fpmul-2.c: error executing dg-final: couldn't open "fpmul-2.c.t82.final_cleanup fpmul-2.c.t84.final_cleanup": no such file or directory
ERROR: gcc.target/sparc/pdist-2.c: error executing dg-final: couldn't open "pdist-2.c.t80.final_cleanup pdist-2.c.t82.final_cleanup pdist-2.c.t84.final_cleanup": no such file or directory
UNRESOLVED: gcc.target/sparc/pdist-2.c: error executing dg-final: couldn't open "pdist-2.c.t80.final_cleanup pdist-2.c.t82.final_cleanup pdist-2.c.t84.final_cleanup": no such file or directory
=== gcc Summary ===
# of expected passes 35076
# of unexpected failures 62
# of unexpected successes 1
# of expected failures 105
# of unresolved testcases 13
# of untested testcases 28
# of unsupported tests 545
/usr/local/src/trunk/objdir32/gcc/xgcc version 4.1.0 20050612 (experimental)
=== g++ tests ===
Running target unix
FAIL: g++.dg/ext/attribute-test-1.C execution test
FAIL: g++.dg/ext/attribute-test-2.C execution test
FAIL: g++.dg/tree-ssa/pr14814.C scan-tree-dump-times &this 0
XPASS: g++.old-deja/g++.other/init5.C execution test
=== g++ Summary ===
# of expected passes 11052
# of unexpected failures 3
# of unexpected successes 1
# of expected failures 65
# of unsupported tests 94
/usr/local/src/trunk/objdir32/gcc/testsuite/../g++ version 4.1.0 20050612 (experimental)
=== obj-c++ tests ===
Running target unix
FAIL: obj-c++.dg/bitfield-2.mm execution test
FAIL: obj-c++.dg/cxx-ivars-1.mm execution test
FAIL: obj-c++.dg/cxx-ivars-2.mm execution test
FAIL: obj-c++.dg/cxx-scope-1.mm execution test
FAIL: obj-c++.dg/defs.mm execution test
FAIL: obj-c++.dg/encode-4.mm (test for excess errors)
WARNING: obj-c++.dg/encode-4.mm compilation failed to produce executable
FAIL: obj-c++.dg/encode-5.mm (test for excess errors)
WARNING: obj-c++.dg/encode-5.mm compilation failed to produce executable
FAIL: obj-c++.dg/encode-6.mm (test for excess errors)
WARNING: obj-c++.dg/encode-6.mm compilation failed to produce executable
FAIL: obj-c++.dg/encode-8.mm execution test
FAIL: obj-c++.dg/isa-field-1.mm (test for excess errors)
FAIL: obj-c++.dg/lookup-2.mm (test for excess errors)
WARNING: obj-c++.dg/lookup-2.mm compilation failed to produce executable
FAIL: obj-c++.dg/method-10.mm execution test
FAIL: obj-c++.dg/method-17.mm execution test
FAIL: obj-c++.dg/method-19.mm (test for excess errors)
WARNING: obj-c++.dg/method-19.mm compilation failed to produce executable
FAIL: obj-c++.dg/proto-qual-1.mm execution test
FAIL: obj-c++.dg/qual-types-1.mm execution test
FAIL: obj-c++.dg/template-1.mm execution test
FAIL: obj-c++.dg/template-4.mm execution test
FAIL: obj-c++.dg/try-catch-2.mm (test for excess errors)
WARNING: obj-c++.dg/try-catch-2.mm compilation failed to produce executable
FAIL: obj-c++.dg/try-catch-9.mm (test for excess errors)
WARNING: obj-c++.dg/try-catch-9.mm compilation failed to produce executable
FAIL: obj-c++.dg/va-meth-1.mm execution test
=== obj-c++ Summary ===
# of expected passes 361
# of unexpected failures 21
# of unsupported tests 6
/usr/local/src/trunk/objdir32/gcc/testsuite/../g++ version 4.1.0 20050612 (experimental)
=== objc tests ===
Running target unix
=== objc Summary ===
# of expected passes 1584
# of unsupported tests 21
/usr/local/src/trunk/objdir32/gcc/xgcc version 4.1.0 20050612 (experimental)
=== libmudflap tests ===
Running target unix
FAIL: libmudflap.c/pass54-frag.c execution test
FAIL: libmudflap.c/pass54-frag.c (-static) execution test
=== libmudflap Summary ===
# of expected passes 1329
# of unexpected failures 2
=== libstdc++ tests ===
Running target unix
XPASS: 26_numerics/cmath/c99_classification_macros_c.cc (test for excess errors)
FAIL: 27_io/basic_stringbuf/cons/char/1.cc (test for excess errors)
WARNING: 27_io/basic_stringbuf/cons/char/1.cc compilation failed to produce executable
FAIL: 27_io/basic_stringbuf/cons/wchar_t/1.cc (test for excess errors)
WARNING: 27_io/basic_stringbuf/cons/wchar_t/1.cc compilation failed to produce executable
FAIL: 27_io/basic_stringbuf/in_avail/char/1.cc execution test
FAIL: 27_io/basic_stringbuf/in_avail/char/21955.cc execution test
FAIL: 27_io/basic_stringbuf/in_avail/wchar_t/1.cc execution test
FAIL: 27_io/basic_stringbuf/overflow/char/2.cc (test for excess errors)
WARNING: 27_io/basic_stringbuf/overflow/char/2.cc compilation failed to produce executable
FAIL: 27_io/basic_stringbuf/overflow/char/3599.cc (test for excess errors)
WARNING: 27_io/basic_stringbuf/overflow/char/3599.cc compilation failed to produce executable
FAIL: 27_io/basic_stringbuf/overflow/char/9988.cc (test for excess errors)
WARNING: 27_io/basic_stringbuf/overflow/char/9988.cc compilation failed to produce executable
FAIL: 27_io/basic_stringbuf/overflow/wchar_t/2.cc (test for excess errors)
WARNING: 27_io/basic_stringbuf/overflow/wchar_t/2.cc compilation failed to produce executable
FAIL: 27_io/basic_stringbuf/overflow/wchar_t/3599.cc (test for excess errors)
WARNING: 27_io/basic_stringbuf/overflow/wchar_t/3599.cc compilation failed to produce executable
FAIL: 27_io/basic_stringbuf/overflow/wchar_t/9988.cc (test for excess errors)
WARNING: 27_io/basic_stringbuf/overflow/wchar_t/9988.cc compilation failed to produce executable
FAIL: 27_io/basic_stringbuf/pbackfail/char/1.cc (test for excess errors)
WARNING: 27_io/basic_stringbuf/pbackfail/char/1.cc compilation failed to produce executable
FAIL: 27_io/basic_stringbuf/pbackfail/char/2.cc (test for excess errors)
WARNING: 27_io/basic_stringbuf/pbackfail/char/2.cc compilation failed to produce executable
FAIL: 27_io/basic_stringbuf/pbackfail/wchar_t/1.cc (test for excess errors)
WARNING: 27_io/basic_stringbuf/pbackfail/wchar_t/1.cc compilation failed to produce executable
FAIL: 27_io/basic_stringbuf/pbackfail/wchar_t/2.cc (test for excess errors)
WARNING: 27_io/basic_stringbuf/pbackfail/wchar_t/2.cc compilation failed to produce executable
FAIL: 27_io/basic_stringbuf/sputc/char/1057.cc (test for excess errors)
WARNING: 27_io/basic_stringbuf/sputc/char/1057.cc compilation failed to produce executable
FAIL: 27_io/basic_stringbuf/sputc/char/9404-1.cc (test for excess errors)
WARNING: 27_io/basic_stringbuf/sputc/char/9404-1.cc compilation failed to produce executable
FAIL: 27_io/basic_stringbuf/sputc/wchar_t/1057.cc (test for excess errors)
WARNING: 27_io/basic_stringbuf/sputc/wchar_t/1057.cc compilation failed to produce executable
FAIL: 27_io/basic_stringbuf/sputc/wchar_t/9404-1.cc (test for excess errors)
WARNING: 27_io/basic_stringbuf/sputc/wchar_t/9404-1.cc compilation failed to produce executable
FAIL: 27_io/basic_stringbuf/sputn/char/1057.cc (test for excess errors)
WARNING: 27_io/basic_stringbuf/sputn/char/1057.cc compilation failed to produce executable
FAIL: 27_io/basic_stringbuf/sputn/char/9404-2.cc (test for excess errors)
WARNING: 27_io/basic_stringbuf/sputn/char/9404-2.cc compilation failed to produce executable
FAIL: 27_io/basic_stringbuf/sputn/wchar_t/1057.cc (test for excess errors)
WARNING: 27_io/basic_stringbuf/sputn/wchar_t/1057.cc compilation failed to produce executable
FAIL: 27_io/basic_stringbuf/sputn/wchar_t/9404-2.cc (test for excess errors)
WARNING: 27_io/basic_stringbuf/sputn/wchar_t/9404-2.cc compilation failed to produce executable
FAIL: 27_io/basic_stringbuf/str/char/1.cc execution test
FAIL: 27_io/basic_stringbuf/str/wchar_t/1.cc execution test
FAIL: 27_io/basic_stringbuf/sync/char/1057.cc (test for excess errors)
WARNING: 27_io/basic_stringbuf/sync/char/1057.cc compilation failed to produce executable
FAIL: 27_io/basic_stringbuf/sync/wchar_t/1057.cc (test for excess errors)
WARNING: 27_io/basic_stringbuf/sync/wchar_t/1057.cc compilation failed to produce executable
=== libstdc++ Summary ===
# of expected passes 3741
# of unexpected failures 27
# of unexpected successes 1
# of expected failures 12
Compiler version: 4.1.0 20050612 (experimental)
Platform: sparc-unknown-linux-gnu
configure flags: sparc-linux --enable-__cxa_atexit --disable-multilib --enable-shared --enable-languages=c,c++,objc,obj-c++