This is the mail archive of the
gcc-testresults@gcc.gnu.org
mailing list for the GCC project.
Results for 4.1.0 20050612 (experimental) testsuite on alpha-unknown-linux-gnu
- From: Richard Henderson <rth at redhat dot com>
- To: gcc-testresults at gcc dot gnu dot org
- Date: Sun, 12 Jun 2005 16:14:11 -0700
- Subject: Results for 4.1.0 20050612 (experimental) testsuite on alpha-unknown-linux-gnu
LAST_UPDATED: Sun Jun 12 08:15:57 UTC 2005
Native configuration is alpha-unknown-linux-gnu
=== libffi tests ===
Running target unix
=== libffi Summary ===
# of expected passes 219
# of unsupported tests 2
=== libjava tests ===
Running target unix
WARNING: program timed out.
FAIL: Thread_Monitor execution - gij test
=== libjava Summary ===
# of expected passes 3849
# of unexpected failures 1
# of expected failures 10
# of untested testcases 9
=== libmudflap tests ===
Running target unix
FAIL: libmudflap.c/pass49-frag.c execution test
FAIL: libmudflap.c/pass49-frag.c output pattern test
FAIL: libmudflap.c/pass49-frag.c (-static) execution test
FAIL: libmudflap.c/pass49-frag.c (-static) output pattern test
FAIL: libmudflap.c/pass49-frag.c (-O2) execution test
FAIL: libmudflap.c/pass49-frag.c (-O2) output pattern test
FAIL: libmudflap.c/pass49-frag.c (-O3) execution test
FAIL: libmudflap.c/pass49-frag.c (-O3) output pattern test
FAIL: libmudflap.cth/pass40-frag.c execution test
FAIL: libmudflap.cth/pass40-frag.c output pattern test
WARNING: program timed out.
FAIL: libmudflap.cth/pass40-frag.c (-static -DSTATIC) execution test
FAIL: libmudflap.cth/pass40-frag.c (-static -DSTATIC) output pattern test
FAIL: libmudflap.cth/pass40-frag.c (-O2) execution test
FAIL: libmudflap.cth/pass40-frag.c (-O2) output pattern test
FAIL: libmudflap.cth/pass40-frag.c (-O3) execution test
FAIL: libmudflap.cth/pass40-frag.c (-O3) output pattern test
=== libmudflap Summary ===
# of expected passes 1315
# of unexpected failures 16
=== libstdc++ tests ===
Running target unix
FAIL: 26_numerics/cstdlib/13943.cc (test for excess errors)
WARNING: 26_numerics/cstdlib/13943.cc compilation failed to produce executable
FAIL: 27_io/basic_ostream/inserters_arithmetic/wchar_t/9555-oa.cc execution test
XPASS: 27_io/fpos/14320-1.cc execution test
=== libstdc++ Summary ===
# of expected passes 3787
# of unexpected failures 2
# of unexpected successes 1
# of expected failures 12
=== g++ tests ===
Running target unix
FAIL: g++.dg/tree-ssa/pr14814.C scan-tree-dump-times &this 0
=== g++ Summary ===
# of expected passes 11020
# of unexpected failures 1
# of expected failures 66
# of unsupported tests 97
/local/rth/gcc/bld-cron-4.1/gcc/testsuite/../g++ version 4.1.0 20050612 (experimental)
=== gcc tests ===
Running target unix
FAIL: gcc.dg/tree-ssa/loop-2.c scan-tree-dump-times iter 0
FAIL: gcc.dg/tree-ssa/loop-4.c scan-tree-dump-times iter 0
FAIL: gcc.dg/vect/pr18536.c (test for excess errors)
WARNING: gcc.dg/vect/pr18536.c compilation failed to produce executable
XPASS: gcc.dg/vect/vect-67.c scan-tree-dump-times vectorized 1 loops 1
FAIL: gcc.dg/vect/vect-91.c scan-tree-dump-times vectorized 1 loops 2
FAIL: gcc.dg/vect/vect-97.c (test for excess errors)
WARNING: gcc.dg/vect/vect-97.c compilation failed to produce executable
=== gcc Summary ===
# of expected passes 35100
# of unexpected failures 5
# of unexpected successes 1
# of expected failures 95
# of untested testcases 28
# of unsupported tests 553
/local/rth/gcc/bld-cron-4.1/gcc/xgcc version 4.1.0 20050612 (experimental)
=== gfortran tests ===
Running target unix
FAIL: gfortran.dg/forall_1.f90 -O0 execution test
FAIL: gfortran.dg/forall_1.f90 -O1 execution test
FAIL: gfortran.dg/forall_1.f90 -O2 execution test
FAIL: gfortran.dg/forall_1.f90 -O3 -fomit-frame-pointer execution test
FAIL: gfortran.dg/forall_1.f90 -O3 -fomit-frame-pointer -funroll-loops execution test
FAIL: gfortran.dg/forall_1.f90 -O3 -fomit-frame-pointer -funroll-all-loops -finline-functions execution test
FAIL: gfortran.dg/forall_1.f90 -O3 -g execution test
FAIL: gfortran.dg/forall_1.f90 -Os execution test
XPASS: gfortran.dg/vect/vect-5.f90 -O scan-tree-dump-times vectorized 2 loops 1
XPASS: gfortran.dg/vect/vect-5.f90 -O scan-tree-dump-times Alignment of access forced using peeling 1
XPASS: gfortran.dg/vect/vect-5.f90 -O scan-tree-dump-times Vectorizing an unaligned access 2
FAIL: gfortran.fortran-torture/execute/strarray_3.f90 execution, -O2
FAIL: gfortran.fortran-torture/execute/strarray_3.f90 execution, -O3 -fomit-frame-pointer
FAIL: gfortran.fortran-torture/execute/strarray_3.f90 execution, -O3 -fomit-frame-pointer -funroll-loops
FAIL: gfortran.fortran-torture/execute/strarray_3.f90 execution, -O3 -fomit-frame-pointer -funroll-all-loops -finline-functions
FAIL: gfortran.fortran-torture/execute/strarray_3.f90 execution, -O3 -g
=== gfortran Summary ===
# of expected passes 7168
# of unexpected failures 13
# of unexpected successes 3
# of expected failures 18
# of unsupported tests 21
/local/rth/gcc/bld-cron-4.1/gcc/testsuite/../gfortran version 4.1.0 20050612 (experimental)
=== objc tests ===
Running target unix
=== objc Summary ===
# of expected passes 1582
# of unsupported tests 22
/local/rth/gcc/bld-cron-4.1/gcc/xgcc version 4.1.0 20050612 (experimental)
Compiler version: 4.1.0 20050612 (experimental)
Platform: alpha-unknown-linux-gnu
configure flags: --prefix=/local/rth/gcc/run-4.1 alpha-linux --enable-languages=c,c++,f95,java,objc