This is the mail archive of the
gcc-testresults@gcc.gnu.org
mailing list for the GCC project.
Results for 4.1.0 20050611 (experimental) testsuite on powerpc-unknown-linux-gnu
- From: Toon Moene <toon at moene dot indiv dot nluug dot nl>
- To: gcc-testresults at gcc dot gnu dot org
- Date: Sun, 12 Jun 2005 11:21:43 +0200
- Subject: Results for 4.1.0 20050611 (experimental) testsuite on powerpc-unknown-linux-gnu
LAST_UPDATED: Sat Jun 11 10:32:30 UTC 2005
Native configuration is powerpc-unknown-linux-gnu
=== g++ tests ===
Running target unix
FAIL: g++.dg/tree-ssa/pr14814.C scan-tree-dump-times &this 0
FAIL: g++.old-deja/g++.other/init5.C execution test
=== g++ Summary ===
# of expected passes 11145
# of unexpected failures 2
# of expected failures 65
# of unsupported tests 81
/home/toon/compilers/snapshots/obj/gcc/testsuite/../g++ version 4.1.0 20050611 (experimental)
=== gcc tests ===
Running target unix
XPASS: gcc.c-torture/execute/20020720-1.c compilation, -O1
UNRESOLVED: gcc.c-torture/execute/20020720-1.c execution, -O2
UNRESOLVED: gcc.c-torture/execute/20020720-1.c execution, -O3 -fomit-frame-pointer
UNRESOLVED: gcc.c-torture/execute/20020720-1.c execution, -O3 -g
UNRESOLVED: gcc.c-torture/execute/20020720-1.c execution, -Os
FAIL: gcc.dg/20020103-1.c scan-assembler-not LC
FAIL: gcc.dg/sync-2.c (test for excess errors)
FAIL: gcc.dg/sync-2.c execution test
FAIL: gcc.dg/tree-ssa/loop-2.c scan-tree-dump-times iter 0
FAIL: gcc.dg/tree-ssa/loop-4.c scan-tree-dump-times iter 0
XPASS: gcc.dg/vect/vect-67.c scan-tree-dump-times vectorized 1 loops 1
FAIL: gcc.dg/vect/vect-92.c execution test
=== gcc Summary ===
# of expected passes 36621
# of unexpected failures 6
# of unexpected successes 2
# of expected failures 109
# of unresolved testcases 4
# of untested testcases 28
# of unsupported tests 429
/home/toon/compilers/snapshots/obj/gcc/xgcc version 4.1.0 20050611 (experimental)
=== gfortran tests ===
Running target unix
FAIL: gfortran.dg/eoshift.f90 -O0 execution test
FAIL: gfortran.dg/forall_1.f90 -O0 execution test
FAIL: gfortran.dg/forall_1.f90 -O2 execution test
FAIL: gfortran.dg/forall_1.f90 -O3 -fomit-frame-pointer execution test
FAIL: gfortran.dg/forall_1.f90 -O3 -fomit-frame-pointer -funroll-loops execution test
FAIL: gfortran.dg/forall_1.f90 -O3 -fomit-frame-pointer -funroll-all-loops -finline-functions execution test
FAIL: gfortran.dg/forall_1.f90 -O3 -g execution test
FAIL: gfortran.dg/forall_1.f90 -Os execution test
=== gfortran Summary ===
# of expected passes 7152
# of unexpected failures 8
# of expected failures 25
# of unsupported tests 17
/home/toon/compilers/snapshots/obj/gcc/testsuite/../gfortran version 4.1.0 20050611 (experimental)
=== objc tests ===
Running target unix
=== objc Summary ===
# of expected passes 1584
# of unsupported tests 21
/home/toon/compilers/snapshots/obj/gcc/xgcc version 4.1.0 20050611 (experimental)
=== libffi tests ===
Running target unix
=== libffi Summary ===
# of expected passes 219
# of unsupported tests 2
=== libjava tests ===
Running target unix
=== libjava Summary ===
# of expected passes 3851
# of expected failures 10
# of untested testcases 8
=== libmudflap tests ===
Running target unix
=== libmudflap Summary ===
# of expected passes 1331
=== libstdc++ tests ===
Running target unix
FAIL: abi_check
XPASS: 26_numerics/cmath/c99_classification_macros_c.cc (test for excess errors)
XPASS: ext/array_allocator/2.cc execution test
=== libstdc++ Summary ===
# of expected passes 3158
# of unexpected failures 1
# of unexpected successes 2
# of expected failures 12
# of unsupported tests 315
Compiler version: 4.1.0 20050611 (experimental)
Platform: powerpc-unknown-linux-gnu
configure flags: --prefix=/usr/snp --disable-nls --disable-multilib --enable-languages=c,c++,f95,java,objc