This is the mail archive of the
gcc-testresults@gcc.gnu.org
mailing list for the GCC project.
Results for 4.0.1 20050531 (prerelease) testsuite on sparc-unknown-linux-gnu
- From: Christian Joensson <chj at j-son dot org>
- To: gcc-testresults at gcc dot gnu dot org
- Date: Wed, 1 Jun 2005 10:51:06 +0200
- Subject: Results for 4.0.1 20050531 (prerelease) testsuite on sparc-unknown-linux-gnu
Aurora SPARC Linux release 2.0 (Kashmir FC3) UltraSparc I (SpitFire) sun4u:
binutils-2.16.90.0.3-1
bison-1.875c-2.sparc
dejagnu-1.4.4-2.noarch
expect-5.42.1-1.sparc
gcc-3.4.2-6.fc3.sparc
gcc4-4.0.0-0.8sparc.sparc
glibc-2.3.3-99.sparcv9
glibc-2.3.3-99.sparc64
glibc-devel-2.3.3-99.sparc
glibc-devel-2.3.3-99.sparc64
glibc-headers-2.3.3-99.sparc64
glibc-kernheaders-2.6-20sparc.sparc
gmp-4.1.4-3sparc.sparc
gmp-4.1.4-3sparc.sparc64
gmp-devel-4.1.4-3sparc.sparc
gmp-devel-4.1.4-3sparc.sparc64
kernel-2.6.11-1.1166sp1.sparc64
package kernel-devel is not installed
package kernel-smp is not installed
libgcc-3.4.2-6.fc3.sparc
libgcc-3.4.2-6.fc3.sparc64
libstdc++-3.4.2-6.fc3.sparc
libstdc++-3.4.2-6.fc3.sparc64
libstdc++-devel-3.4.2-6.fc3.sparc
libstdc++-devel-3.4.2-6.fc3.sparc64
make-3.80-5.sparc
nptl-devel-2.3.3-99.sparcv9
tcl-8.4.7-2.sparc
LAST_UPDATED: Tue May 31 18:45:39 UTC 2005
Native configuration is sparc-unknown-linux-gnu
=== gcc tests ===
Running target unix
=== gcc Summary ===
# of expected passes 34271
# of expected failures 102
# of untested testcases 28
# of unsupported tests 514
/usr/local/src/branch/objdir32/gcc/xgcc version 4.0.1 20050531 (prerelease)
=== g++ tests ===
Running target unix
XPASS: g++.old-deja/g++.other/init5.C execution test
=== g++ Summary ===
# of expected passes 10904
# of unexpected successes 1
# of expected failures 69
# of unsupported tests 89
/usr/local/src/branch/objdir32/gcc/testsuite/../g++ version 4.0.1 20050531 (prerelease)
=== libffi tests ===
Running target unix
=== libffi Summary ===
# of expected passes 219
# of unsupported tests 2
=== libjava tests ===
Running target unix
FAIL: Array_3 -O3 execution - bytecode->native test
WARNING: program timed out.
FAIL: SyncTest execution - source compiled test
WARNING: program timed out.
FAIL: SyncTest execution - bytecode->native test
WARNING: program timed out.
FAIL: SyncTest -O3 execution - source compiled test
WARNING: program timed out.
FAIL: SyncTest execution - gij test
WARNING: program timed out.
FAIL: SyncTest -O3 execution - bytecode->native test
=== libjava Summary ===
# of expected passes 3784
# of unexpected failures 6
# of expected failures 14
# of untested testcases 22
=== libmudflap tests ===
Running target unix
FAIL: libmudflap.c/pass54-frag.c execution test
FAIL: libmudflap.c/pass54-frag.c (-static) execution test
=== libmudflap Summary ===
# of expected passes 1286
# of unexpected failures 2
=== libstdc++ tests ===
Running target unix
WARNING: program timed out.
WARNING: program timed out.
FAIL: 22_locale/locale/cons/12658_thread-2.cc execution test
XPASS: 26_numerics/cmath/c99_classification_macros_c.cc (test for excess errors)
=== libstdc++ Summary ===
# of expected passes 3640
# of unexpected failures 1
# of unexpected successes 1
# of expected failures 13
Compiler version: 4.0.1 20050531 (prerelease)
Platform: sparc-unknown-linux-gnu
configure flags: sparc-linux --enable-__cxa_atexit --disable-multilib --enable-shared --enable-languages=c,c++,java
Counting all warnings,
there are 86 warnings in stage0 of this bootstrap.
Number of warnings per file:
25 libiberty/concat.c
15 libiberty/regex.c
6 libmudflap/mf-runtime.c
6 include/xregex2.h
4 libjava/java/lang/strtod.c
4 libjava/java/lang/dtoa.c
4 include/gc_config.h
4 include/config.h
3 libjava/java/lang/e_exp.c
2 libiberty/pex-unix.c
2 gcc/boehm-gc/os_dep.c
2 fastjar/shift.c
1 libjava/prims.cc
1 libjava/java/lang/e_rem_pio2.c
1 libjava/java/lang/e_asin.c
1 libjava/gnu/gcj/io/shs.cc
1 java/net/natNetworkInterface.cc
1 gnu/java/nio/natPipeImpl.cc
1 gcc/boehm-gc/mark_rts.c
1 fastjar/jartool.c
1 fastjar/compress.c
Number of warning types:
25 traditional C rejects ISO C style function definitions
15 signed and unsigned type in conditional expression
12 \`???' may be used uninitialized in this function
4 this is the location of the previous definition
4 ISO C90 does not support \`static' or type qualifiers in parameter array declarators
3 unused parameter \`???'
2 variable \`???' might be clobbered by \`???' or \`???'
2 ISO C90 does not support \`???' or type qualifiers in parameter array declarators
2 \`???' is deprecated (declared at /usr/include/signal.h:184)
2 format \`???' expects type \`???', but argument 6 has type \`???'
2 format \`???' expects type \`???', but argument 4 has type \`???'
2 format \`???' expects type \`???', but argument 15 has type \`???'
2 comparison between signed and unsigned
1 string length \`???' is greater than the length \`???' ISO C89 compilers are required to support
1 \`PACKAGE_VERSION' redefined
1 \`PACKAGE_TARNAME' redefined
1 \`PACKAGE_STRING' redefined
1 \`PACKAGE_NAME' redefined
1 \`???' is used uninitialized in this function
1 function returns address of local variable
1 \`???' declared \`???' but never defined
1 comparison between signed and unsigned integer expressions
Counting all warnings,
there are 52 warnings in stage3 of this bootstrap.
Number of warnings per file:
22 ./auto-host.h
11 gcc/tsystem.h
11 gcc/defaults.h
3 gengtype-lex.c
3 gcc/gcc.c
1 gcc/java/jvspec.c
1 gcc/java/jcf-write.c
Number of warning types:
22 this is the location of the previous definition
11 \`HAVE_DECL_GETOPT' redefined
11 \`DEFAULT_USE_CXA_ATEXIT' redefined
4 string length \`???' is greater than the length \`???' ISO C89 compilers are required to support
3 old-style function definition
1 unused variable \`???'