This is the mail archive of the
gcc-testresults@gcc.gnu.org
mailing list for the GCC project.
Results for 4.1.0 20050529 (experimental) testsuite on x86_64-unknown-linux-gnu
- From: "Kaveh R. Ghazi" <ghazi at caip dot rutgers dot edu>
- To: gcc-testresults at gcc dot gnu dot org
- Date: Sun, 29 May 2005 09:18:16 -0400 (EDT)
- Subject: Results for 4.1.0 20050529 (experimental) testsuite on x86_64-unknown-linux-gnu
LAST_UPDATED:
Native configuration is x86_64-unknown-linux-gnu
=== g++ tests ===
Running target unix/-fPIC
FAIL: g++.dg/tree-ssa/pr14814.C scan-tree-dump-times &this 0
=== g++ Summary for unix/-fPIC ===
# of expected passes 10971
# of unexpected failures 1
# of expected failures 66
# of unsupported tests 93
Running target unix/-fpic
FAIL: g++.dg/tree-ssa/pr14814.C scan-tree-dump-times &this 0
=== g++ Summary for unix/-fpic ===
# of expected passes 10971
# of unexpected failures 1
# of expected failures 66
# of unsupported tests 93
Running target unix
FAIL: g++.dg/tree-ssa/pr14814.C scan-tree-dump-times &this 0
=== g++ Summary for unix ===
# of expected passes 10971
# of unexpected failures 1
# of expected failures 66
# of unsupported tests 93
=== g++ Summary ===
# of expected passes 32913
# of unexpected failures 3
# of expected failures 198
# of unsupported tests 279
/tmp/kg/41/build/gcc/testsuite/../g++ version 4.1.0 20050529 (experimental)
=== gcc tests ===
Running target unix/-fPIC
FAIL: gcc.c-torture/execute/builtins/strlen-3.c execution, -O2
FAIL: gcc.c-torture/execute/builtins/strlen-3.c execution, -O3 -fomit-frame-pointer
FAIL: gcc.c-torture/execute/builtins/strlen-3.c execution, -O3 -fomit-frame-pointer -funroll-loops
FAIL: gcc.c-torture/execute/builtins/strlen-3.c execution, -O3 -fomit-frame-pointer -funroll-all-loops -finline-functions
FAIL: gcc.c-torture/execute/builtins/strlen-3.c execution, -O3 -g
FAIL: gcc.dg/assign-warn-3.c (test for warnings, line 9)
FAIL: gcc.dg/assign-warn-3.c (test for warnings, line 13)
FAIL: gcc.dg/i386-cmov1.c scan-assembler sar[^\\\\n]*magic_namea
FAIL: gcc.dg/i386-cmov1.c scan-assembler sar[^\\\\n]*magic_nameb
FAIL: gcc.dg/i386-cmov1.c scan-assembler sar[^\\\\n]*magic_namec
FAIL: gcc.dg/i386-cmov1.c scan-assembler shr[^\\\\n]*magic_named
FAIL: gcc.dg/i386-cmov1.c scan-assembler shr[^\\\\n]*magic_namee
FAIL: gcc.dg/i386-cmov1.c scan-assembler shr[^\\\\n]*magic_namef
FAIL: gcc.dg/i386-mul.c scan-assembler and[^\\\\n]*magic
FAIL: gcc.dg/i386-ssetype-1.c scan-assembler andpd[^\\\\n]*magic
FAIL: gcc.dg/i386-ssetype-1.c scan-assembler andnpd[^\\\\n]*magic
FAIL: gcc.dg/i386-ssetype-1.c scan-assembler xorpd[^\\\\n]*magic
FAIL: gcc.dg/i386-ssetype-1.c scan-assembler orpd[^\\\\n]*magic
FAIL: gcc.dg/i386-ssetype-1.c scan-assembler movapd[^\\\\n]*magic
FAIL: gcc.dg/i386-ssetype-3.c scan-assembler andps[^\\\\n]*magic
FAIL: gcc.dg/i386-ssetype-3.c scan-assembler andnps[^\\\\n]*magic
FAIL: gcc.dg/i386-ssetype-3.c scan-assembler xorps[^\\\\n]*magic
FAIL: gcc.dg/i386-ssetype-3.c scan-assembler orps[^\\\\n]*magic
FAIL: gcc.dg/i386-ssetype-3.c scan-assembler movaps[^\\\\n]*magic
FAIL: gcc.dg/i386-ssetype-5.c scan-assembler pand[^\\\\n]*magic
FAIL: gcc.dg/i386-ssetype-5.c scan-assembler pandn[^\\\\n]*magic
FAIL: gcc.dg/i386-ssetype-5.c scan-assembler pxor[^\\\\n]*magic
FAIL: gcc.dg/i386-ssetype-5.c scan-assembler por[^\\\\n]*magic
FAIL: gcc.dg/tree-ssa/gen-vect-11.c (test for excess errors)
WARNING: gcc.dg/tree-ssa/gen-vect-11.c compilation failed to produce executable
FAIL: gcc.dg/tree-ssa/gen-vect-11b.c (test for excess errors)
WARNING: gcc.dg/tree-ssa/gen-vect-11b.c compilation failed to produce executable
FAIL: gcc.dg/tree-ssa/gen-vect-11b.c scan-tree-dump-times vectorized 0 loops 1
FAIL: gcc.dg/tree-ssa/gen-vect-11c.c scan-tree-dump-times vectorized 0 loops 1
FAIL: gcc.dg/tree-ssa/pr14841.c scan-tree-dump-times with if \\(0\\) 1
FAIL: gcc.dg/tree-ssa/ssa-dce-2.c scan-tree-dump-times if 0
FAIL: gcc.dg/vect/pr18400.c (test for excess errors)
WARNING: gcc.dg/vect/pr18400.c compilation failed to produce executable
FAIL: gcc.dg/vect/vect-11a.c (test for excess errors)
WARNING: gcc.dg/vect/vect-11a.c compilation failed to produce executable
FAIL: gcc.dg/vect/vect-11a.c scan-tree-dump-times vectorized 1 loops 2
FAIL: gcc.dg/vect/vect-2.c (test for excess errors)
WARNING: gcc.dg/vect/vect-2.c compilation failed to produce executable
XPASS: gcc.dg/vect/vect-22.c scan-tree-dump-times vectorized 3 loops 1
FAIL: gcc.dg/vect/vect-34.c (test for excess errors)
WARNING: gcc.dg/vect/vect-34.c compilation failed to produce executable
FAIL: gcc.dg/vect/vect-66.c (test for excess errors)
WARNING: gcc.dg/vect/vect-66.c compilation failed to produce executable
XPASS: gcc.dg/vect/vect-67.c scan-tree-dump-times vectorized 1 loops 1
FAIL: gcc.dg/vect/vect-93.c (test for excess errors)
WARNING: gcc.dg/vect/vect-93.c compilation failed to produce executable
FAIL: gcc.dg/vect/vect-all.c (test for excess errors)
WARNING: gcc.dg/vect/vect-all.c compilation failed to produce executable
FAIL: gcc.dg/vect/vect-ifcvt-9.c scan-tree-dump-times vectorized 1 loops 2
=== gcc Summary for unix/-fPIC ===
# of expected passes 35203
# of unexpected failures 43
# of unexpected successes 2
# of expected failures 106
# of untested testcases 28
# of unsupported tests 440
Running target unix/-fpic
FAIL: gcc.c-torture/execute/builtins/strlen-3.c execution, -O2
FAIL: gcc.c-torture/execute/builtins/strlen-3.c execution, -O3 -fomit-frame-pointer
FAIL: gcc.c-torture/execute/builtins/strlen-3.c execution, -O3 -fomit-frame-pointer -funroll-loops
FAIL: gcc.c-torture/execute/builtins/strlen-3.c execution, -O3 -fomit-frame-pointer -funroll-all-loops -finline-functions
FAIL: gcc.c-torture/execute/builtins/strlen-3.c execution, -O3 -g
FAIL: gcc.dg/assign-warn-3.c (test for warnings, line 9)
FAIL: gcc.dg/assign-warn-3.c (test for warnings, line 13)
FAIL: gcc.dg/i386-cmov1.c scan-assembler sar[^\\\\n]*magic_namea
FAIL: gcc.dg/i386-cmov1.c scan-assembler sar[^\\\\n]*magic_nameb
FAIL: gcc.dg/i386-cmov1.c scan-assembler sar[^\\\\n]*magic_namec
FAIL: gcc.dg/i386-cmov1.c scan-assembler shr[^\\\\n]*magic_named
FAIL: gcc.dg/i386-cmov1.c scan-assembler shr[^\\\\n]*magic_namee
FAIL: gcc.dg/i386-cmov1.c scan-assembler shr[^\\\\n]*magic_namef
FAIL: gcc.dg/i386-mul.c scan-assembler and[^\\\\n]*magic
FAIL: gcc.dg/i386-ssetype-1.c scan-assembler andpd[^\\\\n]*magic
FAIL: gcc.dg/i386-ssetype-1.c scan-assembler andnpd[^\\\\n]*magic
FAIL: gcc.dg/i386-ssetype-1.c scan-assembler xorpd[^\\\\n]*magic
FAIL: gcc.dg/i386-ssetype-1.c scan-assembler orpd[^\\\\n]*magic
FAIL: gcc.dg/i386-ssetype-1.c scan-assembler movapd[^\\\\n]*magic
FAIL: gcc.dg/i386-ssetype-3.c scan-assembler andps[^\\\\n]*magic
FAIL: gcc.dg/i386-ssetype-3.c scan-assembler andnps[^\\\\n]*magic
FAIL: gcc.dg/i386-ssetype-3.c scan-assembler xorps[^\\\\n]*magic
FAIL: gcc.dg/i386-ssetype-3.c scan-assembler orps[^\\\\n]*magic
FAIL: gcc.dg/i386-ssetype-3.c scan-assembler movaps[^\\\\n]*magic
FAIL: gcc.dg/i386-ssetype-5.c scan-assembler pand[^\\\\n]*magic
FAIL: gcc.dg/i386-ssetype-5.c scan-assembler pandn[^\\\\n]*magic
FAIL: gcc.dg/i386-ssetype-5.c scan-assembler pxor[^\\\\n]*magic
FAIL: gcc.dg/i386-ssetype-5.c scan-assembler por[^\\\\n]*magic
FAIL: gcc.dg/tree-ssa/gen-vect-11.c (test for excess errors)
WARNING: gcc.dg/tree-ssa/gen-vect-11.c compilation failed to produce executable
FAIL: gcc.dg/tree-ssa/gen-vect-11b.c (test for excess errors)
WARNING: gcc.dg/tree-ssa/gen-vect-11b.c compilation failed to produce executable
FAIL: gcc.dg/tree-ssa/gen-vect-11b.c scan-tree-dump-times vectorized 0 loops 1
FAIL: gcc.dg/tree-ssa/gen-vect-11c.c scan-tree-dump-times vectorized 0 loops 1
FAIL: gcc.dg/tree-ssa/pr14841.c scan-tree-dump-times with if \\(0\\) 1
FAIL: gcc.dg/tree-ssa/ssa-dce-2.c scan-tree-dump-times if 0
FAIL: gcc.dg/vect/pr18400.c (test for excess errors)
WARNING: gcc.dg/vect/pr18400.c compilation failed to produce executable
FAIL: gcc.dg/vect/vect-11a.c (test for excess errors)
WARNING: gcc.dg/vect/vect-11a.c compilation failed to produce executable
FAIL: gcc.dg/vect/vect-11a.c scan-tree-dump-times vectorized 1 loops 2
FAIL: gcc.dg/vect/vect-2.c (test for excess errors)
WARNING: gcc.dg/vect/vect-2.c compilation failed to produce executable
XPASS: gcc.dg/vect/vect-22.c scan-tree-dump-times vectorized 3 loops 1
FAIL: gcc.dg/vect/vect-34.c (test for excess errors)
WARNING: gcc.dg/vect/vect-34.c compilation failed to produce executable
FAIL: gcc.dg/vect/vect-66.c (test for excess errors)
WARNING: gcc.dg/vect/vect-66.c compilation failed to produce executable
XPASS: gcc.dg/vect/vect-67.c scan-tree-dump-times vectorized 1 loops 1
FAIL: gcc.dg/vect/vect-93.c (test for excess errors)
WARNING: gcc.dg/vect/vect-93.c compilation failed to produce executable
FAIL: gcc.dg/vect/vect-all.c (test for excess errors)
WARNING: gcc.dg/vect/vect-all.c compilation failed to produce executable
FAIL: gcc.dg/vect/vect-ifcvt-9.c scan-tree-dump-times vectorized 1 loops 2
=== gcc Summary for unix/-fpic ===
# of expected passes 35203
# of unexpected failures 43
# of unexpected successes 2
# of expected failures 106
# of untested testcases 28
# of unsupported tests 440
Running target unix
FAIL: gcc.dg/tree-ssa/gen-vect-11.c (test for excess errors)
WARNING: gcc.dg/tree-ssa/gen-vect-11.c compilation failed to produce executable
FAIL: gcc.dg/tree-ssa/gen-vect-11b.c (test for excess errors)
WARNING: gcc.dg/tree-ssa/gen-vect-11b.c compilation failed to produce executable
FAIL: gcc.dg/tree-ssa/gen-vect-11b.c scan-tree-dump-times vectorized 0 loops 1
FAIL: gcc.dg/tree-ssa/gen-vect-11c.c scan-tree-dump-times vectorized 0 loops 1
FAIL: gcc.dg/vect/pr18400.c (test for excess errors)
WARNING: gcc.dg/vect/pr18400.c compilation failed to produce executable
FAIL: gcc.dg/vect/vect-11a.c (test for excess errors)
WARNING: gcc.dg/vect/vect-11a.c compilation failed to produce executable
FAIL: gcc.dg/vect/vect-11a.c scan-tree-dump-times vectorized 1 loops 2
FAIL: gcc.dg/vect/vect-2.c (test for excess errors)
WARNING: gcc.dg/vect/vect-2.c compilation failed to produce executable
XPASS: gcc.dg/vect/vect-22.c scan-tree-dump-times vectorized 3 loops 1
FAIL: gcc.dg/vect/vect-34.c (test for excess errors)
WARNING: gcc.dg/vect/vect-34.c compilation failed to produce executable
FAIL: gcc.dg/vect/vect-66.c (test for excess errors)
WARNING: gcc.dg/vect/vect-66.c compilation failed to produce executable
XPASS: gcc.dg/vect/vect-67.c scan-tree-dump-times vectorized 1 loops 1
FAIL: gcc.dg/vect/vect-93.c (test for excess errors)
WARNING: gcc.dg/vect/vect-93.c compilation failed to produce executable
FAIL: gcc.dg/vect/vect-all.c (test for excess errors)
WARNING: gcc.dg/vect/vect-all.c compilation failed to produce executable
=== gcc Summary for unix ===
# of expected passes 35234
# of unexpected failures 12
# of unexpected successes 2
# of expected failures 106
# of untested testcases 28
# of unsupported tests 440
=== gcc Summary ===
# of expected passes 105640
# of unexpected failures 98
# of unexpected successes 6
# of expected failures 318
# of untested testcases 84
# of unsupported tests 1320
/tmp/kg/41/build/gcc/xgcc version 4.1.0 20050529 (experimental)
=== gfortran tests ===
Running target unix/-fPIC
XPASS: gfortran.dg/ret_pointer_1.f90 -O0 execution test
XPASS: gfortran.dg/ret_pointer_1.f90 -O1 execution test
XPASS: gfortran.dg/ret_pointer_1.f90 -O2 execution test
XPASS: gfortran.dg/ret_pointer_1.f90 -O3 -fomit-frame-pointer execution test
XPASS: gfortran.dg/ret_pointer_1.f90 -O3 -fomit-frame-pointer -funroll-loops execution test
XPASS: gfortran.dg/ret_pointer_1.f90 -O3 -fomit-frame-pointer -funroll-all-loops -finline-functions execution test
XPASS: gfortran.dg/ret_pointer_1.f90 -O3 -g execution test
XPASS: gfortran.dg/ret_pointer_1.f90 -Os execution test
FAIL: gfortran.dg/vect/vect-5.f90 -O (test for excess errors)
WARNING: gfortran.dg/vect/vect-5.f90 -O compilation failed to produce executable
=== gfortran Summary for unix/-fPIC ===
# of expected passes 6877
# of unexpected failures 1
# of unexpected successes 8
# of expected failures 27
# of unsupported tests 16
Running target unix/-fpic
XPASS: gfortran.dg/ret_pointer_1.f90 -O0 execution test
XPASS: gfortran.dg/ret_pointer_1.f90 -O1 execution test
XPASS: gfortran.dg/ret_pointer_1.f90 -O2 execution test
XPASS: gfortran.dg/ret_pointer_1.f90 -O3 -fomit-frame-pointer execution test
XPASS: gfortran.dg/ret_pointer_1.f90 -O3 -fomit-frame-pointer -funroll-loops execution test
XPASS: gfortran.dg/ret_pointer_1.f90 -O3 -fomit-frame-pointer -funroll-all-loops -finline-functions execution test
XPASS: gfortran.dg/ret_pointer_1.f90 -O3 -g execution test
XPASS: gfortran.dg/ret_pointer_1.f90 -Os execution test
FAIL: gfortran.dg/vect/vect-5.f90 -O (test for excess errors)
WARNING: gfortran.dg/vect/vect-5.f90 -O compilation failed to produce executable
=== gfortran Summary for unix/-fpic ===
# of expected passes 6877
# of unexpected failures 1
# of unexpected successes 8
# of expected failures 27
# of unsupported tests 16
Running target unix
XPASS: gfortran.dg/ret_pointer_1.f90 -O0 execution test
XPASS: gfortran.dg/ret_pointer_1.f90 -O1 execution test
XPASS: gfortran.dg/ret_pointer_1.f90 -O2 execution test
XPASS: gfortran.dg/ret_pointer_1.f90 -O3 -fomit-frame-pointer execution test
XPASS: gfortran.dg/ret_pointer_1.f90 -O3 -fomit-frame-pointer -funroll-loops execution test
XPASS: gfortran.dg/ret_pointer_1.f90 -O3 -fomit-frame-pointer -funroll-all-loops -finline-functions execution test
XPASS: gfortran.dg/ret_pointer_1.f90 -O3 -g execution test
XPASS: gfortran.dg/ret_pointer_1.f90 -Os execution test
FAIL: gfortran.dg/vect/vect-5.f90 -O (test for excess errors)
WARNING: gfortran.dg/vect/vect-5.f90 -O compilation failed to produce executable
=== gfortran Summary for unix ===
# of expected passes 6877
# of unexpected failures 1
# of unexpected successes 8
# of expected failures 27
# of unsupported tests 16
=== gfortran Summary ===
# of expected passes 20631
# of unexpected failures 3
# of unexpected successes 24
# of expected failures 81
# of unsupported tests 48
/tmp/kg/41/build/gcc/testsuite/../gfortran version 4.1.0 20050529 (experimental)
=== objc tests ===
Running target unix/-fPIC
=== objc Summary for unix/-fPIC ===
# of expected passes 1584
# of unsupported tests 21
Running target unix/-fpic
=== objc Summary for unix/-fpic ===
# of expected passes 1584
# of unsupported tests 21
Running target unix
=== objc Summary for unix ===
# of expected passes 1584
# of unsupported tests 21
=== objc Summary ===
# of expected passes 4752
# of unsupported tests 63
/tmp/kg/41/build/gcc/xgcc version 4.1.0 20050529 (experimental)
=== libffi tests ===
Running target unix/-fPIC
=== libffi Summary for unix/-fPIC ===
# of expected passes 219
# of unsupported tests 2
Running target unix/-fpic
=== libffi Summary for unix/-fpic ===
# of expected passes 219
# of unsupported tests 2
Running target unix
=== libffi Summary for unix ===
# of expected passes 219
# of unsupported tests 2
=== libffi Summary ===
# of expected passes 657
# of unsupported tests 6
=== libjava tests ===
Running target unix/-fPIC
=== libjava Summary for unix/-fPIC ===
# of expected passes 3833
# of expected failures 10
# of untested testcases 8
Running target unix/-fpic
=== libjava Summary for unix/-fpic ===
# of expected passes 3833
# of expected failures 10
# of untested testcases 8
Running target unix
=== libjava Summary for unix ===
# of expected passes 3833
# of expected failures 10
# of untested testcases 8
=== libjava Summary ===
# of expected passes 11499
# of expected failures 30
# of untested testcases 24
=== libmudflap tests ===
Running target unix/-fPIC
FAIL: libmudflap.c++/pass57-frag.cxx (test for excess errors)
WARNING: libmudflap.c++/pass57-frag.cxx compilation failed to produce executable
FAIL: libmudflap.c++/pass57-frag.cxx (-static) (test for excess errors)
WARNING: libmudflap.c++/pass57-frag.cxx (-static) compilation failed to produce executable
FAIL: libmudflap.c++/pass57-frag.cxx (-O2) (test for excess errors)
WARNING: libmudflap.c++/pass57-frag.cxx (-O2) compilation failed to produce executable
=== libmudflap Summary for unix/-fPIC ===
# of expected passes 1325
# of unexpected failures 3
Running target unix/-fpic
FAIL: libmudflap.c++/pass57-frag.cxx (test for excess errors)
WARNING: libmudflap.c++/pass57-frag.cxx compilation failed to produce executable
FAIL: libmudflap.c++/pass57-frag.cxx (-static) (test for excess errors)
WARNING: libmudflap.c++/pass57-frag.cxx (-static) compilation failed to produce executable
FAIL: libmudflap.c++/pass57-frag.cxx (-O2) (test for excess errors)
WARNING: libmudflap.c++/pass57-frag.cxx (-O2) compilation failed to produce executable
=== libmudflap Summary for unix/-fpic ===
# of expected passes 1325
# of unexpected failures 3
Running target unix
FAIL: libmudflap.c++/pass57-frag.cxx (test for excess errors)
WARNING: libmudflap.c++/pass57-frag.cxx compilation failed to produce executable
FAIL: libmudflap.c++/pass57-frag.cxx (-static) (test for excess errors)
WARNING: libmudflap.c++/pass57-frag.cxx (-static) compilation failed to produce executable
FAIL: libmudflap.c++/pass57-frag.cxx (-O2) (test for excess errors)
WARNING: libmudflap.c++/pass57-frag.cxx (-O2) compilation failed to produce executable
FAIL: libmudflap.c++/pass55-frag.cxx (-O3) (test for excess errors)
WARNING: libmudflap.c++/pass55-frag.cxx (-O3) compilation failed to produce executable
=== libmudflap Summary for unix ===
# of expected passes 1323
# of unexpected failures 4
=== libmudflap Summary ===
# of expected passes 3973
# of unexpected failures 10
=== libstdc++ tests ===
Running target unix/-fPIC
XPASS: 27_io/fpos/14320-1.cc execution test
=== libstdc++ Summary for unix/-fPIC ===
# of expected passes 3768
# of unexpected successes 1
# of expected failures 12
Running target unix/-fpic
XPASS: 27_io/fpos/14320-1.cc execution test
=== libstdc++ Summary for unix/-fpic ===
# of expected passes 3768
# of unexpected successes 1
# of expected failures 12
Running target unix
XPASS: 26_numerics/cmath/c99_classification_macros_c.cc (test for excess errors)
XPASS: 27_io/fpos/14320-1.cc execution test
=== libstdc++ Summary for unix ===
# of expected passes 3768
# of unexpected successes 2
# of expected failures 11
=== libstdc++ Summary ===
# of expected passes 11304
# of unexpected successes 4
# of expected failures 35
Compiler version: 4.1.0 20050529 (experimental)
Platform: x86_64-unknown-linux-gnu
configure flags: --verbose --enable-multilib=no --enable-languages=c,c++,f95,java,objc