This is the mail archive of the
gcc-testresults@gcc.gnu.org
mailing list for the GCC project.
Results for 3.4.1 testsuite on hppa64-hp-hpux11.11
- From: John David Anglin <dave at hiauly3 dot hia dot nrc dot ca>
- To: dave at hiauly3 dot hia dot nrc dot ca, gcc-testresults at gcc dot gnu dot org
- Date: Tue, 24 May 2005 19:02:22 -0400 (EDT)
- Subject: Results for 3.4.1 testsuite on hppa64-hp-hpux11.11
LAST_UPDATED: Mon May 23 20:38:58 UTC 2005
Native configuration is hppa64-hp-hpux11.11
=== g++ tests ===
Running target unix
FAIL: g++.old-deja/g++.eh/badalloc1.C execution test
WARNING: g++.old-deja/g++.mike/p10769a.C compilation failed to produce executable
WARNING: g++.old-deja/g++.other/enum5.C compilation failed to produce executable
WARNING: g++.old-deja/g++.pt/friend44.C compilation failed to produce executable
=== g++ Summary ===
# of expected passes 9221
# of unexpected failures 1
# of expected failures 70
# of unsupported tests 72
/xxx/gnu/gcc-3.3/objdir/gcc/testsuite/../g++ version 3.4.1
=== g77 tests ===
Running target unix
=== g77 Summary ===
# of expected passes 1800
# of unsupported tests 6
/xxx/gnu/gcc-3.3/objdir/gcc/testsuite/../g77 version 3.4.1
=== gcc tests ===
Running target unix
FAIL: gcc.dg/noreturn-7.c (test for warnings, line 21)
FAIL: gcc.dg/sibcall-1.c execution test
FAIL: gcc.dg/sibcall-2.c execution test
FAIL: gcc.dg/sibcall-3.c execution test
FAIL: gcc.dg/sibcall-4.c execution test
=== gcc Summary ===
# of expected passes 23825
# of unexpected failures 5
# of expected failures 75
# of untested testcases 7
# of unsupported tests 330
/xxx/gnu/gcc-3.3/objdir/gcc/xgcc version 3.4.1
=== objc tests ===
Running target unix
=== objc Summary ===
# of expected passes 1352
# of unsupported tests 8
/xxx/gnu/gcc-3.3/objdir/gcc/xgcc version 3.4.1
=== libstdc++ tests ===
Running target unix
=== libstdc++ Summary ===
# of expected passes 2006
# of expected failures 4
# of unsupported tests 8
Compiler version: 3.4.1
Platform: hppa64-hp-hpux11.11
configure flags: --with-gnu-as --with-as=/opt/gnu64/bin/as --with-ld=/usr/ccs/bin/ld --enable-shared --disable-nls --with-local-prefix=/opt/gnu64 --prefix=/opt/gnu64/gcc/gcc-3.4.1 --host=hppa64-hp-hpux11.11 --enable-threads=posix --disable-checking