This is the mail archive of the gcc-testresults@gcc.gnu.org mailing list for the GCC project.


Index Nav: [Date Index] [Subject Index] [Author Index] [Thread Index]
Message Nav: [Date Prev] [Date Next] [Thread Prev] [Thread Next]
Other format: [Raw text]

Results for 4.1.0 20050523 (experimental) testsuite on i686-pc-linux-gnu


LAST_UPDATED: 
Native configuration is i686-pc-linux-gnu

		=== g++ tests ===


Running target unix
FAIL: g++.dg/tree-ssa/pr14814.C scan-tree-dump-times
&this 0
XPASS: g++.old-deja/g++.other/init5.C execution test

		=== g++ Summary ===

# of expected passes		11068
# of unexpected failures	1
# of unexpected successes	1
# of expected failures		65
# of unsupported tests		61
/home/haren/gcc/obj/gcc/testsuite/../g++  version
4.1.0 20050523 (experimental)

		=== gcc tests ===


Running target unix
XPASS: gcc.dg/cpp/cmdlne-dI-M.c scan-file
(^|\\\\n)cmdlne-dI-M.*:[^\\\\n]*cmdlne-dI-M.c
XPASS: gcc.dg/cpp/cmdlne-dM-M.c scan-file
(^|\\\\n)cmdlne-dM-M[^\\\\n]*:[^\\\\n]*cmdlne-dM-M.c
XPASS: gcc.dg/uninit-9.c uninitialized variable
warning (test for bogus messages, line 26)
XPASS: gcc.dg/vect/vect-22.c scan-tree-dump-times
vectorized 3 loops 1
XPASS: gcc.dg/vect/vect-67.c scan-tree-dump-times
vectorized 1 loops 1
FAIL: gcc.dg/vect/vect-none.c scan-tree-dump-times
vectorized 1 loops 1

		=== gcc Summary ===

# of expected passes		35598
# of unexpected failures	1
# of unexpected successes	5
# of expected failures		101
# of untested testcases		28
# of unsupported tests		326
/home/haren/gcc/obj/gcc/xgcc  version 4.1.0 20050523
(experimental)

		=== libstdc++ tests ===


Running target unix
XPASS:
26_numerics/cmath/c99_classification_macros_c.cc (test
for excess errors)

		=== libstdc++ Summary ===

# of expected passes		3011
# of unexpected successes	1
# of expected failures		12
# of unsupported tests		315

Compiler version: 4.1.0 20050523 (experimental) 
Platform: i686-pc-linux-gnu
configure flags: --prefix=/opt/gcc-4.1
--enable-clocale=gnu --enable-shared
--enable-threads=posix --enable-__cxa_atexit
--disable-checking --infodir=/opt/gcc-4.1/share/info
--mandir=/opt/gcc-4.1/share/man
--libexecdir=/opt/gcc-4.1/lib --disable-libmudflap
--enable-languages=c,c++



		
___________________________________________________________ 
How much free photo storage do you get? Store your holiday 
snaps for FREE with Yahoo! Photos http://uk.photos.yahoo.com


Index Nav: [Date Index] [Subject Index] [Author Index] [Thread Index]
Message Nav: [Date Prev] [Date Next] [Thread Prev] [Thread Next]