This is the mail archive of the gcc-testresults@gcc.gnu.org mailing list for the GCC project.


Index Nav: [Date Index] [Subject Index] [Author Index] [Thread Index]
Message Nav: [Date Prev] [Date Next] [Thread Prev] [Thread Next]
Other format: [Raw text]

Results for 3.4.4 testsuite on s390x-ibm-linux-gnu


LAST_UPDATED: Obtained from CVS: -rgcc_3_4_4_release 

		=== acats tests ===
FAIL:	c37213f
FAIL:	c37215f

		=== acats Summary ===
# of expected passes		1963
# of unexpected failures	2
# of unsupported tests		357
Native configuration is s390x-ibm-linux-gnu

		=== g++ tests ===


Running target unix
FAIL: g++.dg/abi/empty6.C  (test for warnings, line 6)
XPASS: g++.dg/rtti/tinfo1.C scan-assembler _ZTIP9CTemplateIhE:
XPASS: g++.dg/rtti/tinfo1.C scan-assembler-not .globl[ \\t]+_ZTIP9CTemplateIhE
WARNING: g++.old-deja/g++.mike/p10769a.C compilation failed to produce executable
WARNING: g++.old-deja/g++.other/enum5.C compilation failed to produce executable
XPASS: g++.old-deja/g++.other/init5.C execution test
WARNING: g++.old-deja/g++.pt/friend44.C compilation failed to produce executable

		=== g++ Summary ===

# of expected passes		9791
# of unexpected failures	1
# of unexpected successes	3
# of expected failures		71
# of unsupported tests		82
/mnt/dasdc1/fsf/gcc-3_4-build/gcc/testsuite/../g++  version 3.4.4

		=== g77 tests ===


Running target unix

		=== g77 Summary ===

# of expected passes		1812
# of unsupported tests		6
/mnt/dasdc1/fsf/gcc-3_4-build/gcc/testsuite/../g77  version 3.4.4

		=== gcc tests ===


Running target unix
XPASS: gcc.dg/sibcall-3.c execution test
XPASS: gcc.dg/sibcall-4.c execution test

		=== gcc Summary ===

# of expected passes		24724
# of unexpected successes	2
# of expected failures		70
# of untested testcases		7
# of unsupported tests		357
/mnt/dasdc1/fsf/gcc-3_4-build/gcc/xgcc version 3.4.4

		=== objc tests ===


Running target unix

		=== objc Summary ===

# of expected passes		1352
# of unsupported tests		8
/mnt/dasdc1/fsf/gcc-3_4-build/gcc/xgcc  version 3.4.4

		=== libffi tests ===


Running target unix

		=== libffi Summary ===

# of expected passes		212
# of unsupported tests		2
		=== libjava tests ===


Running target unix

		=== libjava Summary ===

# of expected passes		3271
# of expected failures		10
# of untested testcases		8
		=== libstdc++ tests ===


Running target unix
XPASS: 22_locale/locale/cons/12658_thread.cc execution test
XPASS: 26_numerics/c99_classification_macros_c.cc (test for excess errors)
XPASS: 27_io/fpos/14320-1.cc execution test

		=== libstdc++ Summary ===

# of expected passes		2736
# of unexpected successes	3
# of expected failures		4

Compiler version: 3.4.4 
Platform: s390x-ibm-linux-gnu
configure flags: --prefix=/home/uweigand/fsf/gcc-3_4-install --enable-__cxa_atexit --disable-multilib --enable-languages=c,c++,objc,f77,java,ada


Index Nav: [Date Index] [Subject Index] [Author Index] [Thread Index]
Message Nav: [Date Prev] [Date Next] [Thread Prev] [Thread Next]