This is the mail archive of the gcc-testresults@gcc.gnu.org mailing list for the GCC project.


Index Nav: [Date Index] [Subject Index] [Author Index] [Thread Index]
Message Nav: [Date Prev] [Date Next] [Thread Prev] [Thread Next]
Other format: [Raw text]

Results for 3.4.4 testsuite on sparc64-sun-solaris2.9


LAST_UPDATED: Sun May 22 06:33:36 UTC 2005

Native configuration is sparc64-sun-solaris2.9

		=== g++ tests ===


Running target unix
WARNING: g++.dg/eh/simd-1.C compilation failed to produce executable
WARNING: g++.dg/eh/simd-2.C compilation failed to produce executable
XPASS: g++.dg/rtti/tinfo1.C scan-assembler _ZTIP9CTemplateIhE:
XPASS: g++.dg/rtti/tinfo1.C scan-assembler-not .globl[ \\t]+_ZTIP9CTemplateIhE
WARNING: g++.old-deja/g++.mike/p10769a.C compilation failed to produce executable
WARNING: g++.old-deja/g++.other/enum5.C compilation failed to produce executable
WARNING: g++.old-deja/g++.pt/friend44.C compilation failed to produce executable

		=== g++ Summary for unix ===

# of expected passes		9769
# of unexpected successes	2
# of expected failures		73
# of unsupported tests		79

Running target unix/-m32
WARNING: g++.dg/eh/simd-1.C compilation failed to produce executable
WARNING: g++.dg/eh/simd-2.C compilation failed to produce executable
XPASS: g++.dg/rtti/tinfo1.C scan-assembler _ZTIP9CTemplateIhE:
XPASS: g++.dg/rtti/tinfo1.C scan-assembler-not .globl[ \\t]+_ZTIP9CTemplateIhE
WARNING: g++.old-deja/g++.mike/p10769a.C compilation failed to produce executable
WARNING: g++.old-deja/g++.other/enum5.C compilation failed to produce executable
WARNING: g++.old-deja/g++.pt/friend44.C compilation failed to produce executable

		=== g++ Summary for unix/-m32 ===

# of expected passes		9769
# of unexpected successes	2
# of expected failures		73
# of unsupported tests		79

		=== g++ Summary ===

# of expected passes		19538
# of unexpected successes	4
# of expected failures		146
# of unsupported tests		158
/opt/build/eric/gcc-3_4-branch/gcc/testsuite/../g++  version 3.4.4

		=== g77 tests ===


Running target unix

		=== g77 Summary for unix ===

# of expected passes		1812
# of unsupported tests		6

Running target unix/-m32

		=== g77 Summary for unix/-m32 ===

# of expected passes		1812
# of unsupported tests		6

		=== g77 Summary ===

# of expected passes		3624
# of unsupported tests		12
/opt/build/eric/gcc-3_4-branch/gcc/testsuite/../g77  version 3.4.4

		=== gcc tests ===


Running target unix
UNRESOLVED: gcc.c-torture/execute/simd-4.c execution,  -O0 
UNRESOLVED: gcc.c-torture/execute/va-arg-25.c execution,  -O0 
UNRESOLVED: gcc.c-torture/execute/va-arg-25.c execution,  -O1 
UNRESOLVED: gcc.c-torture/execute/va-arg-25.c execution,  -O2 
UNRESOLVED: gcc.c-torture/execute/va-arg-25.c execution,  -O3 -fomit-frame-pointer 
UNRESOLVED: gcc.c-torture/execute/va-arg-25.c execution,  -O3 -g 
UNRESOLVED: gcc.c-torture/execute/va-arg-25.c execution,  -Os 
UNRESOLVED: gcc.dg/compat/vector-1 c_compat_x_tst.o-c_compat_y_tst.o link 
UNRESOLVED: gcc.dg/compat/vector-1 c_compat_x_tst.o-c_compat_y_tst.o execute 
UNRESOLVED: gcc.dg/compat/vector-2 c_compat_x_tst.o-c_compat_y_tst.o link 
UNRESOLVED: gcc.dg/compat/vector-2 c_compat_x_tst.o-c_compat_y_tst.o execute 
XPASS: gcc.dg/uninit-4.c uninitialized variable warning (test for bogus messages, line 26)
UNRESOLVED: gcc.dg/visibility-1.c
UNRESOLVED: gcc.dg/visibility-2.c
UNRESOLVED: gcc.dg/visibility-3.c
UNRESOLVED: gcc.dg/visibility-4.c
UNRESOLVED: gcc.dg/visibility-5.c
UNRESOLVED: gcc.dg/visibility-6.c
UNRESOLVED: gcc.dg/visibility-7.c
UNRESOLVED: gcc.dg/visibility-8.c

		=== gcc Summary for unix ===

# of expected passes		24631
# of unexpected successes	1
# of expected failures		90
# of unresolved testcases	19
# of untested testcases		7
# of unsupported tests		360

Running target unix/-m32
UNRESOLVED: gcc.c-torture/execute/simd-4.c execution,  -O0 
UNRESOLVED: gcc.dg/compat/vector-1 c_compat_x_tst.o-c_compat_y_tst.o link 
UNRESOLVED: gcc.dg/compat/vector-1 c_compat_x_tst.o-c_compat_y_tst.o execute 
UNRESOLVED: gcc.dg/compat/vector-2 c_compat_x_tst.o-c_compat_y_tst.o link 
UNRESOLVED: gcc.dg/compat/vector-2 c_compat_x_tst.o-c_compat_y_tst.o execute 
XPASS: gcc.dg/uninit-4.c uninitialized variable warning (test for bogus messages, line 26)
UNRESOLVED: gcc.dg/visibility-1.c
UNRESOLVED: gcc.dg/visibility-2.c
UNRESOLVED: gcc.dg/visibility-3.c
UNRESOLVED: gcc.dg/visibility-4.c
UNRESOLVED: gcc.dg/visibility-5.c
UNRESOLVED: gcc.dg/visibility-6.c
UNRESOLVED: gcc.dg/visibility-7.c
UNRESOLVED: gcc.dg/visibility-8.c

		=== gcc Summary for unix/-m32 ===

# of expected passes		24649
# of unexpected successes	1
# of expected failures		78
# of unresolved testcases	13
# of untested testcases		7
# of unsupported tests		360

		=== gcc Summary ===

# of expected passes		49280
# of unexpected successes	2
# of expected failures		168
# of unresolved testcases	32
# of untested testcases		14
# of unsupported tests		720
/opt/build/eric/gcc-3_4-branch/gcc/xgcc version 3.4.4

		=== objc tests ===


Running target unix

		=== objc Summary for unix ===

# of expected passes		1352
# of unsupported tests		8

Running target unix/-m32

		=== objc Summary for unix/-m32 ===

# of expected passes		1352
# of unsupported tests		8

		=== objc Summary ===

# of expected passes		2704
# of unsupported tests		16
/opt/build/eric/gcc-3_4-branch/gcc/xgcc  version 3.4.4

		=== libffi tests ===


Running target unix

		=== libffi Summary for unix ===

# of expected passes		212
# of unsupported tests		2

Running target unix/-m32

		=== libffi Summary for unix/-m32 ===

# of expected passes		212
# of unsupported tests		2

		=== libffi Summary ===

# of expected passes		424
# of unsupported tests		4
		=== libjava tests ===


Running target unix
FAIL: Array_3 execution - gij test
FAIL: Array_3 execution - gij test
FAIL: FileHandleGcTest execution - source compiled test
FAIL: FileHandleGcTest execution - gij test
FAIL: FileHandleGcTest execution - bytecode->native test
FAIL: FileHandleGcTest -O3 execution - source compiled test
FAIL: FileHandleGcTest execution - gij test
FAIL: FileHandleGcTest -O3 execution - bytecode->native test

		=== libjava Summary for unix ===

# of expected passes		3254
# of unexpected failures	8
# of expected failures		10
# of untested testcases		17

Running target unix/-m32
FAIL: Array_3 execution - gij test
FAIL: Array_3 execution - gij test
FAIL: FileHandleGcTest execution - source compiled test
FAIL: FileHandleGcTest execution - gij test
FAIL: FileHandleGcTest execution - bytecode->native test
FAIL: FileHandleGcTest -O3 execution - source compiled test
FAIL: FileHandleGcTest execution - gij test
FAIL: FileHandleGcTest -O3 execution - bytecode->native test

		=== libjava Summary for unix/-m32 ===

# of expected passes		3255
# of unexpected failures	8
# of expected failures		10
# of untested testcases		16

		=== libjava Summary ===

# of expected passes		6509
# of unexpected failures	16
# of expected failures		20
# of untested testcases		33
		=== libstdc++ tests ===


Running target unix
XPASS: 22_locale/locale/cons/12658_thread.cc execution test

		=== libstdc++ Summary for unix ===

# of expected passes		2735
# of unexpected successes	1
# of expected failures		6

Running target unix/-m32
XPASS: 22_locale/locale/cons/12658_thread.cc execution test

		=== libstdc++ Summary for unix/-m32 ===

# of expected passes		2735
# of unexpected successes	1
# of expected failures		6

		=== libstdc++ Summary ===

# of expected passes		5470
# of unexpected successes	2
# of expected failures		12

Compiler version: 3.4.4 
Platform: sparc64-sun-solaris2.9
configure flags: sparc64-sun-solaris2.9 --prefix=/opt/build/eric/local/gcc-3_4-branch --enable-languages=c,c++,objc,f77,java --with-local-prefix=/opt/build/eric/local


Index Nav: [Date Index] [Subject Index] [Author Index] [Thread Index]
Message Nav: [Date Prev] [Date Next] [Thread Prev] [Thread Next]