This is the mail archive of the
gcc-testresults@gcc.gnu.org
mailing list for the GCC project.
Results for 4.1.0 20050522 (experimental) testsuite on ia64-hp-hpux11.23
- From: CodeSourcery Automatic Testing System <gcc at codesourcery dot com>
- To: gcc-testresults at gcc dot gnu dot org
- Date: Sun, 22 May 2005 06:59:24 -0700
- Subject: Results for 4.1.0 20050522 (experimental) testsuite on ia64-hp-hpux11.23
LAST_UPDATED: Sun May 22 09:10:58 UTC 2005
Native configuration is ia64-hp-hpux11.23
=== g++ tests ===
Running target unix/-milp32
XPASS: g++.dg/other/packed1.C execution test
FAIL: g++.dg/tree-ssa/pr14814.C scan-tree-dump-times &this 0
FAIL: g++.dg/warn/weak1.C (test for excess errors)
WARNING: g++.dg/warn/weak1.C compilation failed to produce executable
ERROR: g++.old-deja/g++.jason/thunk3.C: syntax error in target selector "xfail rs6000-*-* powerpc-*-eabi m68k-*-coff mn10300-*-* v850-*-* sh-*-* sh64-*-* h8*-*-* xtensa-*-* m32r*-*" for " dg-do 1 run { xfail rs6000-*-* powerpc-*-eabi m68k-*-coff mn10300-*-* v850-*-* sh-*-* sh64-*-* h8*-*-* xtensa-*-* m32r*-* } "
UNRESOLVED: g++.old-deja/g++.jason/thunk3.C: syntax error in target selector "xfail rs6000-*-* powerpc-*-eabi m68k-*-coff mn10300-*-* v850-*-* sh-*-* sh64-*-* h8*-*-* xtensa-*-* m32r*-*" for " dg-do 1 run { xfail rs6000-*-* powerpc-*-eabi m68k-*-coff mn10300-*-* v850-*-* sh-*-* sh64-*-* h8*-*-* xtensa-*-* m32r*-* } "
FAIL: g++.old-deja/g++.law/profile1.C (test for excess errors)
FAIL: g++.old-deja/g++.law/profile1.C execution test
=== g++ Summary for unix/-milp32 ===
# of expected passes 10547
# of unexpected failures 4
# of unexpected successes 1
# of expected failures 70
# of unresolved testcases 1
# of unsupported tests 105
Running target unix/-mlp64
XPASS: g++.dg/other/packed1.C execution test
FAIL: g++.dg/tree-ssa/pr14814.C scan-tree-dump-times &this 0
FAIL: g++.dg/warn/weak1.C (test for excess errors)
WARNING: g++.dg/warn/weak1.C compilation failed to produce executable
ERROR: g++.old-deja/g++.jason/thunk3.C: syntax error in target selector "xfail rs6000-*-* powerpc-*-eabi m68k-*-coff mn10300-*-* v850-*-* sh-*-* sh64-*-* h8*-*-* xtensa-*-* m32r*-*" for " dg-do 1 run { xfail rs6000-*-* powerpc-*-eabi m68k-*-coff mn10300-*-* v850-*-* sh-*-* sh64-*-* h8*-*-* xtensa-*-* m32r*-* } "
UNRESOLVED: g++.old-deja/g++.jason/thunk3.C: syntax error in target selector "xfail rs6000-*-* powerpc-*-eabi m68k-*-coff mn10300-*-* v850-*-* sh-*-* sh64-*-* h8*-*-* xtensa-*-* m32r*-*" for " dg-do 1 run { xfail rs6000-*-* powerpc-*-eabi m68k-*-coff mn10300-*-* v850-*-* sh-*-* sh64-*-* h8*-*-* xtensa-*-* m32r*-* } "
FAIL: g++.old-deja/g++.law/profile1.C (test for excess errors)
FAIL: g++.old-deja/g++.law/profile1.C execution test
=== g++ Summary for unix/-mlp64 ===
# of expected passes 10515
# of unexpected failures 4
# of unexpected successes 1
# of expected failures 70
# of unresolved testcases 1
# of unsupported tests 107
=== g++ Summary ===
# of expected passes 21062
# of unexpected failures 8
# of unexpected successes 2
# of expected failures 140
# of unresolved testcases 2
# of unsupported tests 212
/scratch/gcc/nightly-2005-05-22-mainline/ia64-hp-hpux11.23/build_gcc/install/bin/c++ version 4.1.0 20050522 (experimental)
=== gcc tests ===
Running target unix/-milp32
FAIL: gcc.dg/20021014-1.c (test for excess errors)
FAIL: gcc.dg/20021014-1.c execution test
FAIL: gcc.dg/builtin-apply4.c execution test
FAIL: gcc.dg/nest.c (test for excess errors)
FAIL: gcc.dg/nest.c execution test
FAIL: gcc.dg/transparent-union-1.c (test for excess errors)
FAIL: gcc.dg/transparent-union-2.c (test for excess errors)
XPASS: gcc.dg/uninit-9.c uninitialized variable warning (test for bogus messages, line 26)
FAIL: largefile.c -O0 -g (test for excess errors)
FAIL: largefile.c -O0 (test for excess errors)
FAIL: largefile.c -O1 (test for excess errors)
FAIL: largefile.c -O2 (test for excess errors)
FAIL: largefile.c -O3 -fomit-frame-pointer (test for excess errors)
FAIL: largefile.c -O3 -g (test for excess errors)
FAIL: largefile.c -Os (test for excess errors)
FAIL: gcc.dg/tree-ssa/gen-vect-11.c (test for excess errors)
WARNING: gcc.dg/tree-ssa/gen-vect-11.c compilation failed to produce executable
FAIL: gcc.dg/tree-ssa/gen-vect-11b.c (test for excess errors)
WARNING: gcc.dg/tree-ssa/gen-vect-11b.c compilation failed to produce executable
FAIL: gcc.dg/tree-ssa/gen-vect-11b.c scan-tree-dump-times vectorized 0 loops 1
FAIL: gcc.dg/tree-ssa/gen-vect-11c.c scan-tree-dump-times vectorized 0 loops 1
FAIL: gcc.dg/vect/vect-2.c (test for excess errors)
WARNING: gcc.dg/vect/vect-2.c compilation failed to produce executable
XPASS: gcc.dg/vect/vect-22.c scan-tree-dump-times vectorized 3 loops 1
XPASS: gcc.dg/vect/vect-30.c scan-tree-dump-times vectorized 1 loops 2
FAIL: gcc.dg/vect/vect-34.c (test for excess errors)
WARNING: gcc.dg/vect/vect-34.c compilation failed to produce executable
FAIL: gcc.dg/vect/vect-66.c (test for excess errors)
WARNING: gcc.dg/vect/vect-66.c compilation failed to produce executable
XPASS: gcc.dg/vect/vect-67.c scan-tree-dump-times vectorized 1 loops 1
FAIL: gcc.dg/vect/vect-76.c execution test
XPASS: gcc.dg/vect/vect-8.c scan-tree-dump-times vectorized 1 loops 1
FAIL: gcc.dg/vect/vect-all.c (test for excess errors)
WARNING: gcc.dg/vect/vect-all.c compilation failed to produce executable
XPASS: gcc.dg/vect/vect-dv-2.c scan-tree-dump-times vectorized 2 loops 1
XPASS: gcc.dg/vect/vect-ifcvt-1.c scan-tree-dump-times vectorized 2 loops 1
FAIL: gcc.dg/vect/vect-none.c (test for excess errors)
FAIL: gcc.dg/vect/vect-none.c scan-tree-dump-times vectorized 1 loops 3
=== gcc Summary for unix/-milp32 ===
# of expected passes 34479
# of unexpected failures 25
# of unexpected successes 7
# of expected failures 135
# of untested testcases 35
# of unsupported tests 504
Running target unix/-mlp64
FAIL: gcc.dg/20021014-1.c (test for excess errors)
FAIL: gcc.dg/20021014-1.c execution test
FAIL: gcc.dg/builtin-apply4.c execution test
FAIL: gcc.dg/nest.c (test for excess errors)
WARNING: program timed out.
FAIL: gcc.dg/nest.c execution test
FAIL: gcc.dg/transparent-union-1.c (test for excess errors)
FAIL: gcc.dg/transparent-union-2.c (test for excess errors)
XPASS: gcc.dg/uninit-9.c uninitialized variable warning (test for bogus messages, line 26)
FAIL: largefile.c -O0 -g (test for excess errors)
FAIL: largefile.c -O0 (test for excess errors)
FAIL: largefile.c -O1 (test for excess errors)
FAIL: largefile.c -O2 (test for excess errors)
FAIL: largefile.c -O3 -fomit-frame-pointer (test for excess errors)
FAIL: largefile.c -O3 -g (test for excess errors)
FAIL: largefile.c -Os (test for excess errors)
FAIL: gcc.dg/tree-ssa/gen-vect-11.c (test for excess errors)
WARNING: gcc.dg/tree-ssa/gen-vect-11.c compilation failed to produce executable
FAIL: gcc.dg/tree-ssa/gen-vect-11b.c (test for excess errors)
WARNING: gcc.dg/tree-ssa/gen-vect-11b.c compilation failed to produce executable
FAIL: gcc.dg/tree-ssa/gen-vect-11b.c scan-tree-dump-times vectorized 0 loops 1
FAIL: gcc.dg/tree-ssa/gen-vect-11c.c scan-tree-dump-times vectorized 0 loops 1
FAIL: gcc.dg/tree-ssa/loop-4.c scan-tree-dump-times iter 0
FAIL: gcc.dg/vect/vect-2.c (test for excess errors)
WARNING: gcc.dg/vect/vect-2.c compilation failed to produce executable
XPASS: gcc.dg/vect/vect-22.c scan-tree-dump-times vectorized 3 loops 1
XPASS: gcc.dg/vect/vect-30.c scan-tree-dump-times vectorized 1 loops 2
FAIL: gcc.dg/vect/vect-34.c (test for excess errors)
WARNING: gcc.dg/vect/vect-34.c compilation failed to produce executable
FAIL: gcc.dg/vect/vect-66.c (test for excess errors)
WARNING: gcc.dg/vect/vect-66.c compilation failed to produce executable
XPASS: gcc.dg/vect/vect-67.c scan-tree-dump-times vectorized 1 loops 1
FAIL: gcc.dg/vect/vect-76.c execution test
XPASS: gcc.dg/vect/vect-8.c scan-tree-dump-times vectorized 1 loops 1
FAIL: gcc.dg/vect/vect-all.c (test for excess errors)
WARNING: gcc.dg/vect/vect-all.c compilation failed to produce executable
XPASS: gcc.dg/vect/vect-dv-2.c scan-tree-dump-times vectorized 2 loops 1
XPASS: gcc.dg/vect/vect-ifcvt-1.c scan-tree-dump-times vectorized 2 loops 1
FAIL: gcc.dg/vect/vect-none.c (test for excess errors)
FAIL: gcc.dg/vect/vect-none.c scan-tree-dump-times vectorized 1 loops 3
=== gcc Summary for unix/-mlp64 ===
# of expected passes 34479
# of unexpected failures 26
# of unexpected successes 7
# of expected failures 135
# of untested testcases 35
# of unsupported tests 504
=== gcc Summary ===
# of expected passes 68958
# of unexpected failures 51
# of unexpected successes 14
# of expected failures 270
# of untested testcases 70
# of unsupported tests 1008
/scratch/gcc/nightly-2005-05-22-mainline/ia64-hp-hpux11.23/build_gcc/install/bin/gcc version 4.1.0 20050522 (experimental)
=== libstdc++ tests ===
Running target unix/-milp32
=== libstdc++ Summary for unix/-milp32 ===
# of expected passes 2260
# of expected failures 11
# of unsupported tests 153
Running target unix/-mlp64
=== libstdc++ Summary for unix/-mlp64 ===
# of expected passes 2260
# of expected failures 11
# of unsupported tests 153
=== libstdc++ Summary ===
# of expected passes 4520
# of expected failures 22
# of unsupported tests 306
Compiler version: 4.1.0 20050522 (experimental)
Platform: ia64-hp-hpux11.23
configure flags: --disable-nls --build=ia64-hp-hpux11.23 --host=ia64-hp-hpux11.23 --target=ia64-hp-hpux11.23 --enable-threads=posix --disable-libmudflap --with-gnu-as --with-as=/scratch/gcc/nightly-2005-05-22-mainline/ia64-hp-hpux11.23/build_gcc/install/bin/as --without-gnu-ld --with-ld=/usr/ccs/bin/ld --prefix=/scratch/gcc/nightly-2005-05-22-mainline/ia64-hp-hpux11.23/build_gcc/install --enable-languages=c,c++